CRAN Package Check Results for Package bootUR

Last updated on 2022-12-09 18:53:20 CET.

Flavor Version Tinstall Tcheck Ttotal Status Flags
r-devel-linux-x86_64-debian-clang 0.5.0 55.25 107.60 162.85 NOTE
r-devel-linux-x86_64-debian-gcc 0.5.0 43.28 83.09 126.37 NOTE
r-devel-linux-x86_64-fedora-clang 0.5.0 224.82 NOTE
r-devel-linux-x86_64-fedora-gcc 0.5.0 240.24 NOTE
r-devel-windows-x86_64 0.5.0 56.00 195.00 251.00 NOTE
r-patched-linux-x86_64 0.5.0 46.34 103.61 149.95 NOTE
r-release-linux-x86_64 0.5.0 41.71 104.56 146.27 NOTE
r-release-macos-arm64 0.5.0 61.00 NOTE
r-release-macos-x86_64 0.5.0 77.00 NOTE
r-release-windows-x86_64 0.5.0 56.00 193.00 249.00 NOTE
r-oldrel-macos-arm64 0.5.0 56.00 NOTE
r-oldrel-macos-x86_64 0.5.0 76.00 NOTE
r-oldrel-windows-ix86+x86_64 0.5.0 128.00 209.00 337.00 NOTE

Check Details

Version: 0.5.0
Check: for GNU extensions in Makefiles
Result: NOTE
    GNU make is a SystemRequirements.
Flavors: r-devel-linux-x86_64-debian-clang, r-devel-linux-x86_64-debian-gcc, r-devel-linux-x86_64-fedora-clang, r-devel-linux-x86_64-fedora-gcc, r-devel-windows-x86_64, r-patched-linux-x86_64, r-release-linux-x86_64, r-release-macos-arm64, r-release-macos-x86_64, r-release-windows-x86_64, r-oldrel-macos-arm64, r-oldrel-macos-x86_64, r-oldrel-windows-ix86+x86_64

Version: 0.5.0
Check: installed package size
Result: NOTE
     installed size is 5.4Mb
     sub-directories of 1Mb or more:
     libs 5.0Mb
Flavors: r-release-macos-arm64, r-release-macos-x86_64, r-oldrel-macos-arm64, r-oldrel-macos-x86_64