CRAN Package Check Results for Package bootfs

Last updated on 2014-10-25 17:46:38.

Flavor Version Tinstall Tcheck Ttotal Status Flags
r-devel-linux-x86_64-debian-clang 1.4.2 7.30 77.97 85.26 NOTE
r-devel-linux-x86_64-debian-gcc 1.4.2 7.82 78.73 86.55 NOTE
r-devel-linux-x86_64-fedora-clang 1.4.2 188.76 NOTE
r-devel-linux-x86_64-fedora-gcc 1.4.2 186.71 NOTE
r-devel-osx-x86_64-clang 1.4.2 155.85 NOTE
r-devel-windows-ix86+x86_64 1.4.2 23.00 123.00 146.00 NOTE
r-patched-linux-x86_64 1.4.2 7.50 79.02 86.52 NOTE
r-patched-solaris-sparc 1.4.2 991.80 NOTE
r-patched-solaris-x86 1.4.2 244.50 NOTE
r-release-linux-ix86 1.4.2 9.13 96.32 105.45 OK
r-release-linux-x86_64 1.4.2 7.62 80.78 88.41 OK
r-release-osx-x86_64-mavericks 1.4.2 OK
r-release-osx-x86_64-snowleopard 1.4.2 OK
r-release-windows-ix86+x86_64 1.4.2 32.00 138.00 170.00 OK
r-oldrel-windows-ix86+x86_64 1.4.2 22.00 142.00 164.00 OK

Check Details

Version: 1.4.2
Check: R code for possible problems
Result: NOTE
    bsGBM: no visible global function definition for ‘mclapply’
    bsRFBORUTA: no visible global function definition for ‘mclapply’
    bsSCAD: no visible global function definition for ‘mclapply’
    cvGBM: no visible global function definition for ‘mclapply’
    cvPAMR: no visible global function definition for ‘mclapply’
    cvRFBORUTA: no visible global function definition for ‘mclapply’
    cvSCAD: no visible global function definition for ‘mclapply’
Flavors: r-devel-linux-x86_64-debian-clang, r-devel-linux-x86_64-debian-gcc, r-devel-linux-x86_64-fedora-clang, r-devel-linux-x86_64-fedora-gcc, r-devel-osx-x86_64-clang, r-devel-windows-ix86+x86_64, r-patched-linux-x86_64, r-patched-solaris-sparc, r-patched-solaris-x86