CRAN Package Check Results for Package bootfs

Last updated on 2014-08-21 19:48:42.

Flavor Version Tinstall Tcheck Ttotal Status Flags
r-devel-linux-x86_64-debian-clang 1.4.2 7.97 76.61 84.58 OK
r-devel-linux-x86_64-debian-gcc 1.4.2 7.40 76.35 83.75 OK
r-devel-linux-x86_64-fedora-clang 1.4.2 190.22 NOTE
r-devel-linux-x86_64-fedora-gcc 1.4.2 173.35 NOTE
r-devel-osx-x86_64-clang 1.4.2 151.91 NOTE
r-devel-windows-ix86+x86_64 1.4.2 23.00 124.00 147.00 OK
r-patched-linux-x86_64 1.4.2 7.36 77.70 85.06 OK
r-patched-solaris-sparc 1.4.2 1009.50 OK
r-patched-solaris-x86 1.4.2 241.40 OK
r-release-linux-ix86 1.4.2 8.90 95.44 104.35 OK
r-release-linux-x86_64 1.4.2 8.09 78.77 86.86 OK
r-release-osx-x86_64-mavericks 1.4.2 OK
r-release-osx-x86_64-snowleopard 1.4.2 OK
r-release-windows-ix86+x86_64 1.4.2 24.00 130.00 154.00 OK
r-oldrel-windows-ix86+x86_64 1.4.2 26.00 134.00 160.00 OK

Check Details

Version: 1.4.2
Check: R code for possible problems
Result: NOTE
    bsGBM: no visible global function definition for ‘mclapply’
    bsRFBORUTA: no visible global function definition for ‘mclapply’
    bsSCAD: no visible global function definition for ‘mclapply’
    cvGBM: no visible global function definition for ‘mclapply’
    cvPAMR: no visible global function definition for ‘mclapply’
    cvRFBORUTA: no visible global function definition for ‘mclapply’
    cvSCAD: no visible global function definition for ‘mclapply’
Flavors: r-devel-linux-x86_64-fedora-clang, r-devel-linux-x86_64-fedora-gcc, r-devel-osx-x86_64-clang