CRAN Package Check Results for Package bootfs

Last updated on 2014-11-26 18:48:17.

Flavor Version Tinstall Tcheck Ttotal Status Flags
r-devel-linux-x86_64-debian-clang 1.4.2 8.73 78.47 87.20 NOTE
r-devel-linux-x86_64-debian-gcc 1.4.2 7.34 75.47 82.81 NOTE
r-devel-linux-x86_64-fedora-clang 1.4.2 189.54 NOTE
r-devel-linux-x86_64-fedora-gcc 1.4.2 197.15 NOTE
r-devel-osx-x86_64-clang 1.4.2 157.47 NOTE
r-devel-windows-ix86+x86_64 1.4.2 27.00 120.00 147.00 NOTE
r-patched-linux-x86_64 1.4.2 7.48 81.12 88.60 NOTE
r-patched-solaris-sparc 1.4.2 991.80 NOTE
r-patched-solaris-x86 1.4.2 242.20 NOTE
r-release-linux-ix86 1.4.2 8.58 91.51 100.08 NOTE
r-release-linux-x86_64 1.4.2 7.56 80.32 87.88 NOTE
r-release-osx-x86_64-mavericks 1.4.2 OK
r-release-osx-x86_64-snowleopard 1.4.2 OK
r-release-windows-ix86+x86_64 1.4.2 23.00 136.00 159.00 NOTE
r-oldrel-windows-ix86+x86_64 1.4.2 22.00 138.00 160.00 OK

Check Details

Version: 1.4.2
Check: R code for possible problems
Result: NOTE
    bsGBM: no visible global function definition for ‘mclapply’
    bsRFBORUTA: no visible global function definition for ‘mclapply’
    bsSCAD: no visible global function definition for ‘mclapply’
    cvGBM: no visible global function definition for ‘mclapply’
    cvPAMR: no visible global function definition for ‘mclapply’
    cvRFBORUTA: no visible global function definition for ‘mclapply’
    cvSCAD: no visible global function definition for ‘mclapply’
Flavors: r-devel-linux-x86_64-debian-clang, r-devel-linux-x86_64-debian-gcc, r-devel-linux-x86_64-fedora-clang, r-devel-linux-x86_64-fedora-gcc, r-devel-osx-x86_64-clang, r-devel-windows-ix86+x86_64, r-patched-linux-x86_64, r-patched-solaris-sparc, r-patched-solaris-x86, r-release-linux-ix86, r-release-linux-x86_64, r-release-windows-ix86+x86_64