CRAN Package Check Results for Package bootfs

Last updated on 2014-04-24 23:47:59.

Flavor Version Tinstall Tcheck Ttotal Status Flags
r-devel-linux-x86_64-debian-clang 1.4.2 3.88 49.60 53.48 OK
r-devel-linux-x86_64-debian-gcc 1.4.2 3.91 48.95 52.86 OK
r-devel-linux-x86_64-fedora-clang 1.4.2 97.19 OK
r-devel-linux-x86_64-fedora-gcc 1.4.2 94.16 OK
r-devel-osx-x86_64-clang 1.4.2 105.53 OK
r-devel-osx-x86_64-gcc 1.4.2 ERROR
r-devel-windows-ix86+x86_64 1.4.2 15.00 84.00 99.00 OK
r-patched-linux-x86_64 1.4.2 3.89 49.36 53.26 OK
r-patched-solaris-sparc 1.4.2 552.10 OK
r-patched-solaris-x86 1.4.2 130.80 OK
r-release-linux-ix86 1.4.2 8.00 91.00 99.00 OK
r-release-linux-x86_64 1.4.2 3.98 48.41 52.38 OK
r-release-osx-x86_64-mavericks 1.4.2 OK
r-release-osx-x86_64-snowleopard 1.4.2 OK
r-release-windows-ix86+x86_64 1.4.2 13.00 85.00 98.00 OK
r-oldrel-windows-ix86+x86_64 1.4.2 15.00 93.00 108.00 OK

Check Details

Version: 1.4.2
Check: package dependencies
Result: ERROR
    Packages required but not available: ‘igraph’ ‘caret’
    
    See the information on DESCRIPTION files in the chapter ‘Creating R
    packages’ of the ‘Writing R Extensions’ manual.
Flavor: r-devel-osx-x86_64-gcc