CRAN Package Check Results for Package bootfs

Last updated on 2014-09-18 03:47:45.

Flavor Version Tinstall Tcheck Ttotal Status Flags
r-devel-linux-x86_64-debian-clang 1.4.2 7.52 79.86 87.39 NOTE
r-devel-linux-x86_64-debian-gcc 1.4.2 7.54 76.05 83.59 NOTE
r-devel-linux-x86_64-fedora-clang 1.4.2 185.35 NOTE
r-devel-linux-x86_64-fedora-gcc 1.4.2 184.53 NOTE
r-devel-osx-x86_64-clang 1.4.2 148.69 NOTE
r-devel-windows-ix86+x86_64 1.4.2 25.00 121.00 146.00 NOTE
r-patched-linux-x86_64 1.4.2 7.53 79.76 87.29 OK
r-patched-solaris-sparc 1.4.2 1009.50 OK
r-patched-solaris-x86 1.4.2 241.30 OK
r-release-linux-ix86 1.4.2 8.88 95.86 104.74 OK
r-release-linux-x86_64 1.4.2 8.00 81.00 89.00 OK
r-release-osx-x86_64-mavericks 1.4.2 OK
r-release-osx-x86_64-snowleopard 1.4.2 OK
r-release-windows-ix86+x86_64 1.4.2 25.00 144.00 169.00 OK
r-oldrel-windows-ix86+x86_64 1.4.2 22.00 138.00 160.00 OK

Check Details

Version: 1.4.2
Check: R code for possible problems
Result: NOTE
    bsGBM: no visible global function definition for ‘mclapply’
    bsRFBORUTA: no visible global function definition for ‘mclapply’
    bsSCAD: no visible global function definition for ‘mclapply’
    cvGBM: no visible global function definition for ‘mclapply’
    cvPAMR: no visible global function definition for ‘mclapply’
    cvRFBORUTA: no visible global function definition for ‘mclapply’
    cvSCAD: no visible global function definition for ‘mclapply’
Flavors: r-devel-linux-x86_64-debian-clang, r-devel-linux-x86_64-debian-gcc, r-devel-linux-x86_64-fedora-clang, r-devel-linux-x86_64-fedora-gcc, r-devel-osx-x86_64-clang, r-devel-windows-ix86+x86_64