CRAN Package Check Results for Package bootnet

Last updated on 2019-10-22 15:46:58 CEST.

Flavor Version Tinstall Tcheck Ttotal Status Flags
r-devel-linux-x86_64-debian-clang 1.2.4 13.45 146.18 159.63 OK
r-devel-linux-x86_64-debian-gcc 1.2.4 11.72 113.01 124.73 OK
r-devel-linux-x86_64-fedora-clang 1.2.4 195.76 NOTE
r-devel-linux-x86_64-fedora-gcc 1.2.4 192.68 NOTE
r-devel-windows-ix86+x86_64 1.2.4 43.00 156.00 199.00 OK
r-patched-linux-x86_64 1.2.4 14.72 140.95 155.67 OK
r-patched-solaris-x86 1.2.4 288.80 NOTE
r-release-linux-x86_64 1.2.4 12.34 140.92 153.26 OK
r-release-windows-ix86+x86_64 1.2.4 53.00 155.00 208.00 OK
r-release-osx-x86_64 1.2.4 NOTE
r-oldrel-windows-ix86+x86_64 1.2.4 29.00 164.00 193.00 OK
r-oldrel-osx-x86_64 1.2.4 NOTE

Check Details

Version: 1.2.4
Check: dependencies in R code
Result: NOTE
    Namespace in Imports field not imported from: ‘psychTools’
     All declared Imports should be used.
Flavors: r-devel-linux-x86_64-fedora-clang, r-devel-linux-x86_64-fedora-gcc, r-patched-solaris-x86, r-release-osx-x86_64, r-oldrel-osx-x86_64