CRAN Package Check Results for Package bootruin

Last updated on 2017-10-22 03:53:59.

Flavor Version Tinstall Tcheck Ttotal Status Flags
r-devel-linux-x86_64-debian-clang 1.2-4 0.99 12.89 13.88 NOTE
r-devel-linux-x86_64-debian-gcc 1.2-4 1.06 13.09 14.15 NOTE
r-devel-linux-x86_64-fedora-clang 1.2-4 23.62 NOTE
r-devel-linux-x86_64-fedora-gcc 1.2-4 23.96 NOTE
r-devel-windows-ix86+x86_64 1.2-4 9.00 35.00 44.00 OK
r-patched-linux-x86_64 1.2-4 0.98 12.31 13.30 NOTE
r-patched-solaris-x86 1.2-4 32.40 OK
r-release-linux-x86_64 1.2-4 0.97 12.45 13.42 NOTE
r-release-windows-ix86+x86_64 1.2-4 6.00 35.00 41.00 OK
r-release-osx-x86_64 1.2-4 OK
r-oldrel-windows-ix86+x86_64 1.2-4 14.00 96.00 110.00 OK
r-oldrel-osx-x86_64 1.2-4 OK

Check Details

Version: 1.2-4
Check: compiled code
Result: NOTE
    File ‘bootruin/libs/bootruin.so’:
     Found no calls to: ‘R_registerRoutines’, ‘R_useDynamicSymbols’
    
    It is good practice to register native routines and to disable symbol
    search.
    
    See ‘Writing portable packages’ in the ‘Writing R Extensions’ manual.
Flavors: r-devel-linux-x86_64-debian-clang, r-devel-linux-x86_64-debian-gcc, r-devel-linux-x86_64-fedora-clang, r-devel-linux-x86_64-fedora-gcc, r-patched-linux-x86_64, r-release-linux-x86_64