CRAN Package Check Results for Package bootruin

Last updated on 2018-07-21 01:46:28 CEST.

Flavor Version Tinstall Tcheck Ttotal Status Flags
r-devel-linux-x86_64-debian-clang 1.2-4 1.83 20.39 22.22 NOTE
r-devel-linux-x86_64-debian-gcc 1.2-4 1.45 16.10 17.55 NOTE
r-devel-linux-x86_64-fedora-clang 1.2-4 26.48 NOTE
r-devel-linux-x86_64-fedora-gcc 1.2-4 24.12 NOTE
r-devel-windows-ix86+x86_64 1.2-4 10.00 42.00 52.00 OK
r-patched-linux-x86_64 1.2-4 NOTE
r-patched-solaris-x86 1.2-4 39.30 OK
r-release-linux-x86_64 1.2-4 1.75 19.19 20.94 NOTE
r-release-windows-ix86+x86_64 1.2-4 11.00 38.00 49.00 OK
r-release-osx-x86_64 1.2-4 OK
r-oldrel-windows-ix86+x86_64 1.2-4 6.00 35.00 41.00 OK
r-oldrel-osx-x86_64 1.2-4 OK

Check Details

Version: 1.2-4
Check: compiled code
Result: NOTE
    File ‘bootruin/libs/bootruin.so’:
     Found no calls to: ‘R_registerRoutines’, ‘R_useDynamicSymbols’
    
    It is good practice to register native routines and to disable symbol
    search.
    
    See ‘Writing portable packages’ in the ‘Writing R Extensions’ manual.
Flavors: r-devel-linux-x86_64-debian-clang, r-devel-linux-x86_64-debian-gcc, r-devel-linux-x86_64-fedora-clang, r-devel-linux-x86_64-fedora-gcc, r-patched-linux-x86_64, r-release-linux-x86_64