CRAN Package Check Results for Package bootruin

Last updated on 2017-12-18 10:47:05 CET.

Flavor Version Tinstall Tcheck Ttotal Status Flags
r-devel-linux-x86_64-debian-clang 1.2-4 1.08 17.66 18.74 NOTE
r-devel-linux-x86_64-debian-gcc 1.2-4 0.92 15.92 16.84 NOTE
r-devel-linux-x86_64-fedora-clang 1.2-4 23.59 NOTE
r-devel-linux-x86_64-fedora-gcc 1.2-4 23.15 NOTE
r-devel-windows-ix86+x86_64 1.2-4 7.00 34.00 41.00 OK
r-patched-linux-x86_64 1.2-4 1.28 18.32 19.60 NOTE
r-patched-solaris-x86 1.2-4 31.80 OK
r-release-linux-x86_64 1.2-4 0.95 17.43 18.38 NOTE
r-release-windows-ix86+x86_64 1.2-4 6.00 35.00 41.00 OK
r-release-osx-x86_64 1.2-4 OK
r-oldrel-windows-ix86+x86_64 1.2-4 14.00 96.00 110.00 OK
r-oldrel-osx-x86_64 1.2-4 OK

Check Details

Version: 1.2-4
Check: compiled code
Result: NOTE
    File ‘bootruin/libs/bootruin.so’:
     Found no calls to: ‘R_registerRoutines’, ‘R_useDynamicSymbols’
    
    It is good practice to register native routines and to disable symbol
    search.
    
    See ‘Writing portable packages’ in the ‘Writing R Extensions’ manual.
Flavors: r-devel-linux-x86_64-debian-clang, r-devel-linux-x86_64-debian-gcc, r-devel-linux-x86_64-fedora-clang, r-devel-linux-x86_64-fedora-gcc, r-patched-linux-x86_64, r-release-linux-x86_64