CRAN Package Check Results for Package bootspecdens

Last updated on 2015-04-25 15:46:10.

Flavor Version Tinstall Tcheck Ttotal Status Flags
r-devel-linux-x86_64-debian-clang 3.0 0.53 42.18 42.71 NOTE
r-devel-linux-x86_64-debian-gcc 3.0 0.53 43.00 43.54 NOTE
r-devel-linux-x86_64-fedora-clang 3.0 92.55 NOTE
r-devel-linux-x86_64-fedora-gcc 3.0 89.94 NOTE
r-devel-osx-x86_64-clang 3.0 73.01 NOTE
r-devel-windows-ix86+x86_64 3.0 3.00 67.00 70.00 NOTE
r-patched-linux-x86_64 3.0 0.53 42.43 42.96 NOTE
r-patched-solaris-sparc 3.0 683.50 NOTE
r-patched-solaris-x86 3.0 100.60 NOTE
r-release-linux-x86_64 3.0 0.53 41.82 42.36 NOTE
r-release-osx-x86_64-mavericks 3.0 NOTE
r-release-osx-x86_64-snowleopard 3.0 NOTE
r-release-windows-ix86+x86_64 3.0 2.00 67.00 69.00 NOTE
r-oldrel-windows-ix86+x86_64 3.0 2.00 62.00 64.00 OK

Check Details

Version: 3.0
Check: DESCRIPTION meta-information
Result: NOTE
    Malformed Description field: should contain one or more complete sentences.
Flavors: r-devel-windows-ix86+x86_64, r-release-windows-ix86+x86_64