CRAN Package Check Results for Package bootspecdens

Last updated on 2015-01-28 05:48:40.

Flavor Version Tinstall Tcheck Ttotal Status Flags
r-devel-linux-x86_64-debian-clang 3.0 0.55 50.36 50.91 NOTE
r-devel-linux-x86_64-debian-gcc 3.0 0.54 42.61 43.15 NOTE
r-devel-linux-x86_64-fedora-clang 3.0 93.80 NOTE
r-devel-linux-x86_64-fedora-gcc 3.0 93.61 NOTE
r-devel-osx-x86_64-clang 3.0 74.04 OK
r-devel-windows-ix86+x86_64 3.0 3.00 76.00 79.00 OK
r-patched-linux-x86_64 3.0 0.57 45.46 46.04 NOTE
r-patched-solaris-sparc 3.0 684.00 OK
r-patched-solaris-x86 3.0 107.10 OK
r-release-linux-ix86 3.0 0.83 56.70 57.53 OK
r-release-linux-x86_64 3.0 0.64 45.14 45.79 NOTE
r-release-osx-x86_64-mavericks 3.0 OK
r-release-windows-ix86+x86_64 3.0 3.00 77.00 80.00 OK
r-oldrel-windows-ix86+x86_64 3.0 3.00 77.00 80.00 OK

Check Details

Version: 3.0
Check: Rd line widths
Result: NOTE
    Rd file 'specdens.Rd':
     \examples lines wider than 100 characters:
     #the first 20 values of the
     #time series Nile and WWWusage
    
    These lines will be truncated in the PDF manual.
Flavors: r-devel-linux-x86_64-debian-clang, r-devel-linux-x86_64-debian-gcc, r-devel-linux-x86_64-fedora-clang, r-devel-linux-x86_64-fedora-gcc, r-patched-linux-x86_64, r-release-linux-x86_64