CRAN Package Check Results for Package bootspecdens

Last updated on 2015-07-02 21:46:30.

Flavor Version Tinstall Tcheck Ttotal Status Flags
r-devel-linux-x86_64-debian-clang 3.0 0.51 41.39 41.90 NOTE
r-devel-linux-x86_64-debian-gcc 3.0 0.50 41.50 42.00 NOTE
r-devel-linux-x86_64-fedora-clang 3.0 90.71 NOTE
r-devel-linux-x86_64-fedora-gcc 3.0 89.94 NOTE
r-devel-osx-x86_64-clang 3.0 76.65 NOTE
r-devel-windows-ix86+x86_64 3.0 2.00 62.00 64.00 NOTE
r-patched-linux-x86_64 3.0 0.52 41.41 41.93 NOTE
r-patched-solaris-sparc 3.0 652.70 NOTE
r-patched-solaris-x86 3.0 100.70 NOTE
r-release-linux-x86_64 3.0 0.53 41.66 42.20 NOTE
r-release-osx-x86_64-mavericks 3.0 NOTE
r-release-windows-ix86+x86_64 3.0 2.00 75.00 77.00 NOTE
r-oldrel-windows-ix86+x86_64 3.0 3.00 63.00 66.00 OK

Check Details

Version: 3.0
Check: DESCRIPTION meta-information
Result: NOTE
    Malformed Description field: should contain one or more complete sentences.
Flavors: r-devel-linux-x86_64-debian-clang, r-devel-linux-x86_64-debian-gcc, r-devel-linux-x86_64-fedora-clang, r-devel-linux-x86_64-fedora-gcc, r-devel-osx-x86_64-clang, r-devel-windows-ix86+x86_64, r-patched-linux-x86_64, r-patched-solaris-sparc, r-patched-solaris-x86, r-release-linux-x86_64, r-release-osx-x86_64-mavericks, r-release-windows-ix86+x86_64

Version: 3.0
Check: R code for possible problems
Result: NOTE
    specdens: no visible global function definition for ‘quantile’
    Undefined global functions or variables:
     quantile
Flavors: r-devel-linux-x86_64-debian-clang, r-devel-linux-x86_64-fedora-clang, r-devel-linux-x86_64-fedora-gcc

Version: 3.0
Check: Rd line widths
Result: NOTE
    Rd file 'specdens.Rd':
     \examples lines wider than 100 characters:
     #the first 20 values of the
     #time series Nile and WWWusage
    
    These lines will be truncated in the PDF manual.
Flavors: r-devel-linux-x86_64-debian-clang, r-devel-linux-x86_64-debian-gcc, r-devel-linux-x86_64-fedora-clang, r-devel-linux-x86_64-fedora-gcc, r-patched-linux-x86_64, r-release-linux-x86_64

Version: 3.0
Check: R code for possible problems
Result: NOTE
    specdens: no visible global function definition for ‘quantile’
Flavors: r-devel-linux-x86_64-debian-gcc, r-devel-windows-ix86+x86_64