CRAN Package Check Results for Package bootspecdens

Last updated on 2015-03-31 17:49:51.

Flavor Version Tinstall Tcheck Ttotal Status Flags
r-devel-linux-x86_64-debian-clang 3.0 0.56 43.69 44.25 NOTE
r-devel-linux-x86_64-debian-gcc 3.0 0.54 42.40 42.95 NOTE
r-devel-linux-x86_64-fedora-clang 3.0 94.80 NOTE
r-devel-linux-x86_64-fedora-gcc 3.0 87.54 NOTE
r-devel-osx-x86_64-clang 3.0 76.78 NOTE
r-prerel-windows-ix86+x86_64 3.0 4.00 69.00 73.00 NOTE
r-prerel-linux-x86_64 3.0 0.53 44.69 45.22 NOTE
r-prerel-solaris-sparc 3.0 683.50 NOTE
r-prerel-solaris-x86 3.0 106.90 NOTE
r-release-linux-x86_64 3.0 0.68 44.96 45.64 NOTE
r-release-osx-x86_64-mavericks 3.0 OK
r-release-windows-ix86+x86_64 3.0 2.00 66.00 68.00 OK
r-oldrel-windows-ix86+x86_64 3.0 3.00 78.00 81.00 OK

Check Details

Version: 3.0
Check: DESCRIPTION meta-information
Result: NOTE
    Malformed Description field: should contain one or more complete sentences.
Flavors: r-devel-linux-x86_64-debian-clang, r-devel-linux-x86_64-debian-gcc, r-devel-linux-x86_64-fedora-clang, r-devel-linux-x86_64-fedora-gcc, r-devel-osx-x86_64-clang, r-prerel-windows-ix86+x86_64, r-prerel-linux-x86_64, r-prerel-solaris-sparc, r-prerel-solaris-x86

Version: 3.0
Check: Rd line widths
Result: NOTE
    Rd file 'specdens.Rd':
     \examples lines wider than 100 characters:
     #the first 20 values of the
     #time series Nile and WWWusage
    
    These lines will be truncated in the PDF manual.
Flavors: r-devel-linux-x86_64-debian-clang, r-devel-linux-x86_64-debian-gcc, r-devel-linux-x86_64-fedora-clang, r-devel-linux-x86_64-fedora-gcc, r-prerel-linux-x86_64, r-release-linux-x86_64