CRAN Package Check Results for Package bootspecdens

Last updated on 2016-02-10 23:46:46.

Flavor Version Tinstall Tcheck Ttotal Status Flags
r-devel-linux-x86_64-debian-gcc 3.0 0.52 42.61 43.13 NOTE
r-devel-linux-x86_64-fedora-clang 3.0 90.49 NOTE
r-devel-linux-x86_64-fedora-gcc 3.0 82.75 NOTE
r-devel-osx-x86_64-clang 3.0 94.40 NOTE
r-devel-windows-ix86+x86_64 3.0 3.00 103.00 106.00 NOTE
r-patched-linux-x86_64 3.0 0.56 40.90 41.46 NOTE
r-patched-solaris-sparc 3.0 646.10 NOTE
r-patched-solaris-x86 3.0 90.50 NOTE
r-release-linux-x86_64 3.0 0.65 42.16 42.81 NOTE
r-release-osx-x86_64-mavericks 3.0 NOTE
r-release-windows-ix86+x86_64 3.0 4.00 99.00 103.00 NOTE
r-oldrel-windows-ix86+x86_64 3.0 4.00 103.00 107.00 OK

Check Details

Version: 3.0
Check: DESCRIPTION meta-information
Result: NOTE
    Malformed Description field: should contain one or more complete sentences.
Flavors: r-devel-linux-x86_64-debian-gcc, r-devel-linux-x86_64-fedora-clang, r-devel-linux-x86_64-fedora-gcc, r-devel-osx-x86_64-clang, r-devel-windows-ix86+x86_64, r-patched-linux-x86_64, r-patched-solaris-sparc, r-patched-solaris-x86, r-release-linux-x86_64, r-release-osx-x86_64-mavericks, r-release-windows-ix86+x86_64

Version: 3.0
Check: R code for possible problems
Result: NOTE
    specdens: no visible global function definition for ‘quantile’
    Undefined global functions or variables:
     quantile
    Consider adding
     importFrom("stats", "quantile")
    to your NAMESPACE file.
Flavors: r-devel-linux-x86_64-debian-gcc, r-devel-linux-x86_64-fedora-clang, r-devel-linux-x86_64-fedora-gcc, r-devel-osx-x86_64-clang, r-devel-windows-ix86+x86_64

Version: 3.0
Check: Rd line widths
Result: NOTE
    Rd file 'specdens.Rd':
     \examples lines wider than 100 characters:
     #the first 20 values of the
     #time series Nile and WWWusage
    
    These lines will be truncated in the PDF manual.
Flavors: r-devel-linux-x86_64-debian-gcc, r-devel-linux-x86_64-fedora-clang, r-devel-linux-x86_64-fedora-gcc, r-patched-linux-x86_64, r-release-linux-x86_64