CRAN Package Check Results for Package bootspecdens

Last updated on 2014-04-23 12:48:15.

Flavor Version Tinstall Tcheck Ttotal Status Flags
r-devel-linux-x86_64-debian-clang 3.0 0.54 48.40 48.94 OK
r-devel-linux-x86_64-debian-gcc 3.0 0.52 45.08 45.61 OK
r-devel-linux-x86_64-fedora-clang 3.0 91.97 NOTE
r-devel-linux-x86_64-fedora-gcc 3.0 92.89 NOTE
r-devel-osx-x86_64-clang 3.0 68.35 OK
r-devel-osx-x86_64-gcc 3.0 OK
r-devel-windows-ix86+x86_64 3.0 2.00 70.00 72.00 OK
r-patched-linux-x86_64 3.0 0.53 46.11 46.64 OK
r-patched-solaris-sparc 3.0 657.20 OK
r-patched-solaris-x86 3.0 106.40 OK
r-release-linux-ix86 3.0 1.00 72.00 73.00 OK
r-release-linux-x86_64 3.0 0.56 45.00 45.55 OK
r-release-osx-x86_64-mavericks 3.0 WARN
r-release-windows-ix86+x86_64 3.0 2.00 65.00 67.00 OK
r-oldrel-windows-ix86+x86_64 3.0 3.00 75.00 78.00 OK

Check Details

Version: 3.0
Check: Rd line widths
Result: NOTE
    Rd file 'specdens.Rd':
     \examples lines wider than 100 characters:
     #the first 20 values of the
     #time series Nile and WWWusage
    
    These lines will be truncated in the PDF manual.
Flavors: r-devel-linux-x86_64-fedora-clang, r-devel-linux-x86_64-fedora-gcc

Version: 3.0
Check: PDF version of manual
Result: WARNING
    LaTeX errors when creating PDF version.
    This typically indicates Rd problems.
    LaTeX errors found:
    ! LaTeX Error: File `upquote.sty' not found.
    
    Type X to quit or <RETURN> to proceed,
    or enter new name. (Default extension: sty)
    
    cec2137/Rd2.tex:8: ==> Fatal error occurred, no output PDF file produced!
Flavor: r-release-osx-x86_64-mavericks