CRAN Package Check Results for Package bootspecdens

Last updated on 2014-07-24 16:47:56.

Flavor Version Tinstall Tcheck Ttotal Status Flags
r-devel-linux-x86_64-debian-clang 3.0 0.50 44.40 44.90 OK
r-devel-linux-x86_64-debian-gcc 3.0 0.53 43.19 43.72 OK
r-devel-linux-x86_64-fedora-clang 3.0 93.87 NOTE
r-devel-linux-x86_64-fedora-gcc 3.0 90.79 NOTE
r-devel-osx-x86_64-clang 3.0 75.17 OK
r-devel-windows-ix86+x86_64 3.0 3.00 70.00 73.00 OK
r-patched-linux-x86_64 3.0 0.50 45.83 46.33 OK
r-patched-solaris-sparc 3.0 657.20 OK
r-patched-solaris-x86 3.0 107.80 OK
r-release-linux-ix86 3.0 0.81 59.86 60.67 OK
r-release-linux-x86_64 3.0 0.54 44.19 44.73 OK
r-release-osx-x86_64-mavericks 3.0 OK
r-release-windows-ix86+x86_64 3.0 2.00 64.00 66.00 OK
r-oldrel-windows-ix86+x86_64 3.0 3.00 80.00 83.00 OK

Check Details

Version: 3.0
Check: Rd line widths
Result: NOTE
    Rd file 'specdens.Rd':
     \examples lines wider than 100 characters:
     #the first 20 values of the
     #time series Nile and WWWusage
    
    These lines will be truncated in the PDF manual.
Flavors: r-devel-linux-x86_64-fedora-clang, r-devel-linux-x86_64-fedora-gcc