CRAN Package Check Results for Package bootspecdens

Last updated on 2016-08-26 23:48:46.

Flavor Version Tinstall Tcheck Ttotal Status Flags
r-devel-linux-x86_64-debian-clang 3.0 0.60 45.25 45.84 NOTE
r-devel-linux-x86_64-debian-gcc 3.0 0.78 56.59 57.37 NOTE
r-devel-linux-x86_64-fedora-clang 3.0 88.46 NOTE
r-devel-linux-x86_64-fedora-gcc 3.0 82.21 NOTE
r-devel-osx-x86_64-clang 3.0 65.08 NOTE
r-devel-windows-ix86+x86_64 3.0 4.00 77.00 81.00 NOTE
r-patched-linux-x86_64 3.0 0.59 42.02 42.61 NOTE
r-patched-solaris-sparc 3.0 648.20 NOTE
r-patched-solaris-x86 3.0 90.70 NOTE
r-release-linux-x86_64 3.0 0.66 42.55 43.21 NOTE
r-release-osx-x86_64-mavericks 3.0 NOTE
r-release-windows-ix86+x86_64 3.0 4.00 86.00 90.00 NOTE
r-oldrel-windows-ix86+x86_64 3.0 2.00 107.00 109.00 NOTE

Check Details

Version: 3.0
Check: DESCRIPTION meta-information
Result: NOTE
    Malformed Description field: should contain one or more complete sentences.
Flavors: r-devel-linux-x86_64-debian-clang, r-devel-linux-x86_64-debian-gcc, r-devel-linux-x86_64-fedora-clang, r-devel-linux-x86_64-fedora-gcc, r-devel-osx-x86_64-clang, r-devel-windows-ix86+x86_64, r-patched-linux-x86_64, r-patched-solaris-sparc, r-patched-solaris-x86, r-release-linux-x86_64, r-release-osx-x86_64-mavericks, r-release-windows-ix86+x86_64, r-oldrel-windows-ix86+x86_64

Version: 3.0
Check: R code for possible problems
Result: NOTE
    specdens: no visible global function definition for ‘quantile’
    Undefined global functions or variables:
     quantile
    Consider adding
     importFrom("stats", "quantile")
    to your NAMESPACE file.
Flavors: r-devel-linux-x86_64-debian-clang, r-devel-linux-x86_64-debian-gcc, r-devel-linux-x86_64-fedora-clang, r-devel-linux-x86_64-fedora-gcc, r-devel-osx-x86_64-clang, r-devel-windows-ix86+x86_64, r-patched-linux-x86_64, r-patched-solaris-sparc, r-patched-solaris-x86, r-release-linux-x86_64, r-release-osx-x86_64-mavericks, r-release-windows-ix86+x86_64

Version: 3.0
Check: Rd line widths
Result: NOTE
    Rd file 'specdens.Rd':
     \examples lines wider than 100 characters:
     #the first 20 values of the
     #time series Nile and WWWusage
    
    These lines will be truncated in the PDF manual.
Flavors: r-devel-linux-x86_64-debian-clang, r-devel-linux-x86_64-debian-gcc, r-devel-linux-x86_64-fedora-clang, r-devel-linux-x86_64-fedora-gcc, r-patched-linux-x86_64, r-release-linux-x86_64