CRAN Package Check Results for Package bootspecdens

Last updated on 2014-10-30 16:48:15.

Flavor Version Tinstall Tcheck Ttotal Status Flags
r-devel-linux-x86_64-debian-clang 3.0 0.56 44.88 45.43 NOTE
r-devel-linux-x86_64-debian-gcc 3.0 0.54 43.69 44.23 NOTE
r-devel-linux-x86_64-fedora-clang 3.0 102.08 NOTE
r-devel-linux-x86_64-fedora-gcc 3.0 95.70 NOTE
r-devel-osx-x86_64-clang 3.0 74.25 OK
r-devel-windows-ix86+x86_64 3.0 2.00 66.00 68.00 OK
r-patched-linux-x86_64 3.0 0.60 44.78 45.39 NOTE
r-patched-solaris-sparc 3.0 665.10 OK
r-patched-solaris-x86 3.0 102.90 OK
r-release-linux-ix86 3.0 0.81 58.75 59.56 OK
r-release-linux-x86_64 3.0 0.54 44.64 45.18 NOTE
r-release-osx-x86_64-mavericks 3.0 OK
r-release-windows-ix86+x86_64 3.0 2.00 64.00 66.00 OK
r-oldrel-windows-ix86+x86_64 3.0 3.00 77.00 80.00 OK

Check Details

Version: 3.0
Check: Rd line widths
Result: NOTE
    Rd file 'specdens.Rd':
     \examples lines wider than 100 characters:
     #the first 20 values of the
     #time series Nile and WWWusage
    
    These lines will be truncated in the PDF manual.
Flavors: r-devel-linux-x86_64-debian-clang, r-devel-linux-x86_64-debian-gcc, r-devel-linux-x86_64-fedora-clang, r-devel-linux-x86_64-fedora-gcc, r-patched-linux-x86_64, r-release-linux-x86_64