CRAN Package Check Results for Package bootspecdens

Last updated on 2014-08-01 13:46:55.

Flavor Version Tinstall Tcheck Ttotal Status Flags
r-devel-linux-x86_64-debian-clang 3.0 0.48 45.36 45.84 OK
r-devel-linux-x86_64-debian-gcc 3.0 0.49 43.96 44.45 OK
r-devel-linux-x86_64-fedora-clang 3.0 98.00 NOTE
r-devel-linux-x86_64-fedora-gcc 3.0 85.65 NOTE
r-devel-osx-x86_64-clang 3.0 75.78 OK
r-devel-windows-ix86+x86_64 3.0 2.00 67.00 69.00 OK
r-patched-linux-x86_64 3.0 0.50 43.85 44.36 OK
r-patched-solaris-sparc 3.0 665.10 OK
r-patched-solaris-x86 3.0 105.10 OK
r-release-linux-ix86 3.0 0.82 59.27 60.09 OK
r-release-linux-x86_64 3.0 0.52 44.46 44.97 OK
r-release-osx-x86_64-mavericks 3.0 OK
r-release-windows-ix86+x86_64 3.0 4.00 98.00 102.00 OK
r-oldrel-windows-ix86+x86_64 3.0 5.00 105.00 110.00 OK

Check Details

Version: 3.0
Check: Rd line widths
Result: NOTE
    Rd file 'specdens.Rd':
     \examples lines wider than 100 characters:
     #the first 20 values of the
     #time series Nile and WWWusage
    
    These lines will be truncated in the PDF manual.
Flavors: r-devel-linux-x86_64-fedora-clang, r-devel-linux-x86_64-fedora-gcc