CRAN Package Check Results for Package bootspecdens

Last updated on 2014-09-19 00:46:51.

Flavor Version Tinstall Tcheck Ttotal Status Flags
r-devel-linux-x86_64-debian-clang 3.0 0.48 44.32 44.79 NOTE
r-devel-linux-x86_64-debian-gcc 3.0 0.47 42.98 43.45 NOTE
r-devel-linux-x86_64-fedora-clang 3.0 97.70 NOTE
r-devel-linux-x86_64-fedora-gcc 3.0 92.53 NOTE
r-devel-osx-x86_64-clang 3.0 73.57 OK
r-devel-windows-ix86+x86_64 3.0 2.00 62.00 64.00 OK
r-patched-linux-x86_64 3.0 0.54 44.68 45.22 NOTE
r-patched-solaris-sparc 3.0 665.10 OK
r-patched-solaris-x86 3.0 106.00 OK
r-release-linux-ix86 3.0 0.82 60.68 61.49 OK
r-release-linux-x86_64 3.0 0.52 44.70 45.22 NOTE
r-release-osx-x86_64-mavericks 3.0 OK
r-release-windows-ix86+x86_64 3.0 2.00 67.00 69.00 OK
r-oldrel-windows-ix86+x86_64 3.0 2.00 80.00 82.00 OK

Check Details

Version: 3.0
Check: Rd line widths
Result: NOTE
    Rd file 'specdens.Rd':
     \examples lines wider than 100 characters:
     #the first 20 values of the
     #time series Nile and WWWusage
    
    These lines will be truncated in the PDF manual.
Flavors: r-devel-linux-x86_64-debian-clang, r-devel-linux-x86_64-debian-gcc, r-devel-linux-x86_64-fedora-clang, r-devel-linux-x86_64-fedora-gcc, r-patched-linux-x86_64, r-release-linux-x86_64