CRAN Package Check Results for Package bootspecdens

Last updated on 2014-12-20 14:47:50.

Flavor Version Tinstall Tcheck Ttotal Status Flags
r-devel-linux-x86_64-debian-clang 3.0 0.57 43.51 44.08 NOTE
r-devel-linux-x86_64-debian-gcc 3.0 0.56 42.46 43.02 NOTE
r-devel-linux-x86_64-fedora-clang 3.0 93.33 NOTE
r-devel-linux-x86_64-fedora-gcc 3.0 93.68 NOTE
r-devel-osx-x86_64-clang 3.0 74.99 OK
r-devel-windows-ix86+x86_64 3.0 3.00 67.00 70.00 OK
r-patched-linux-x86_64 3.0 0.58 44.61 45.18 NOTE
r-patched-solaris-sparc 3.0 665.10 OK
r-patched-solaris-x86 3.0 104.80 OK
r-release-linux-ix86 3.0 0.82 56.04 56.86 OK
r-release-linux-x86_64 3.0 2.70 44.44 47.14 NOTE
r-release-osx-x86_64-mavericks 3.0 OK
r-release-windows-ix86+x86_64 3.0 3.00 61.00 64.00 OK
r-oldrel-windows-ix86+x86_64 3.0 3.00 69.00 72.00 OK

Check Details

Version: 3.0
Check: Rd line widths
Result: NOTE
    Rd file 'specdens.Rd':
     \examples lines wider than 100 characters:
     #the first 20 values of the
     #time series Nile and WWWusage
    
    These lines will be truncated in the PDF manual.
Flavors: r-devel-linux-x86_64-debian-clang, r-devel-linux-x86_64-debian-gcc, r-devel-linux-x86_64-fedora-clang, r-devel-linux-x86_64-fedora-gcc, r-patched-linux-x86_64, r-release-linux-x86_64