CRAN Package Check Results for Package bootspecdens

Last updated on 2014-11-23 10:51:30.

Flavor Version Tinstall Tcheck Ttotal Status Flags
r-devel-linux-x86_64-debian-clang 3.0 0.56 44.37 44.93 NOTE
r-devel-linux-x86_64-debian-gcc 3.0 0.56 47.96 48.52 NOTE
r-devel-linux-x86_64-fedora-clang 3.0 96.72 NOTE
r-devel-linux-x86_64-fedora-gcc 3.0 91.10 NOTE
r-devel-osx-x86_64-clang 3.0 75.49 OK
r-devel-windows-ix86+x86_64 3.0 2.00 72.00 74.00 OK
r-patched-linux-x86_64 3.0 0.58 45.54 46.12 NOTE
r-patched-solaris-sparc 3.0 665.10 OK
r-patched-solaris-x86 3.0 104.40 OK
r-release-linux-ix86 3.0 0.85 56.49 57.34 OK
r-release-linux-x86_64 3.0 0.57 44.78 45.35 NOTE
r-release-osx-x86_64-mavericks 3.0 OK
r-release-windows-ix86+x86_64 3.0 3.00 66.00 69.00 OK
r-oldrel-windows-ix86+x86_64 3.0 2.00 74.00 76.00 OK

Check Details

Version: 3.0
Check: Rd line widths
Result: NOTE
    Rd file 'specdens.Rd':
     \examples lines wider than 100 characters:
     #the first 20 values of the
     #time series Nile and WWWusage
    
    These lines will be truncated in the PDF manual.
Flavors: r-devel-linux-x86_64-debian-clang, r-devel-linux-x86_64-debian-gcc, r-devel-linux-x86_64-fedora-clang, r-devel-linux-x86_64-fedora-gcc, r-patched-linux-x86_64, r-release-linux-x86_64