CRAN Package Check Results for Package bootstrap

Last updated on 2017-03-26 21:47:38.

Flavor Version Tinstall Tcheck Ttotal Status Flags
r-devel-linux-x86_64-debian-clang 2017.2 1.11 20.29 21.40 NOTE
r-devel-linux-x86_64-debian-gcc 2017.2 1.22 19.81 21.03 NOTE
r-devel-linux-x86_64-fedora-clang 2017.2 39.34 NOTE --no-stop-on-test-error
r-devel-linux-x86_64-fedora-gcc 2017.2 36.06 NOTE --no-stop-on-test-error
r-devel-macos-x86_64-clang 2017.2 31.44 NOTE --no-stop-on-test-error
r-devel-windows-ix86+x86_64 2017.2 8.00 51.00 59.00 OK
r-patched-linux-x86_64 2017.2 1.09 19.97 21.06 NOTE
r-patched-solaris-sparc 2017.2 229.90 OK
r-patched-solaris-x86 2017.2 46.20 OK
r-release-linux-x86_64 2017.2 1.05 18.16 19.21 OK
r-release-osx-x86_64-mavericks 2017.2 OK
r-release-windows-ix86+x86_64 2017.2 13.00 77.00 90.00 OK
r-oldrel-windows-ix86+x86_64 2017.2 17.00 76.00 93.00 OK

Check Details

Version: 2017.2
Check: compiled code
Result: NOTE
    File ‘bootstrap/libs/bootstrap.so’:
     Found no calls to: ‘R_registerRoutines’, ‘R_useDynamicSymbols’
    
    It is good practice to register native routines and to disable symbol
    search.
    
    See ‘Writing portable packages’ in the ‘Writing R Extensions’ manual.
Flavors: r-devel-linux-x86_64-debian-clang, r-devel-linux-x86_64-debian-gcc, r-patched-linux-x86_64

Version: 2017.2
Flags: --no-stop-on-test-error
Check: compiled code
Result: NOTE
    File ‘bootstrap/libs/bootstrap.so’:
     Found no calls to: ‘R_registerRoutines’, ‘R_useDynamicSymbols’
    
    It is good practice to register native routines and to disable symbol
    search.
    
    See ‘Writing portable packages’ in the ‘Writing R Extensions’ manual.
Flavors: r-devel-linux-x86_64-fedora-clang, r-devel-linux-x86_64-fedora-gcc, r-devel-macos-x86_64-clang