CRAN Package Check Results for Package bootstrap

Last updated on 2017-04-29 19:48:31.

Flavor Version Tinstall Tcheck Ttotal Status Flags
r-devel-linux-x86_64-debian-clang 2017.2 1.16 20.07 21.23 NOTE
r-devel-linux-x86_64-debian-gcc 2017.2 1.13 20.34 21.47 NOTE
r-devel-linux-x86_64-fedora-clang 2017.2 38.00 NOTE --no-stop-on-test-error
r-devel-linux-x86_64-fedora-gcc 2017.2 36.08 NOTE --no-stop-on-test-error
r-devel-windows-ix86+x86_64 2017.2 11.00 57.00 68.00 OK
r-patched-linux-x86_64 2017.2 1.22 19.77 20.99 NOTE
r-patched-solaris-sparc 2017.2 229.90 OK
r-patched-solaris-x86 2017.2 45.40 OK
r-release-linux-x86_64 2017.2 1.08 20.88 21.96 NOTE
r-release-windows-ix86+x86_64 2017.2 6.00 58.00 64.00 OK
r-release-osx-x86_64 2017.2 OK
r-oldrel-windows-ix86+x86_64 2017.2 13.00 77.00 90.00 OK
r-oldrel-osx-x86_64 2017.2 OK

Check Details

Version: 2017.2
Check: compiled code
Result: NOTE
    File ‘bootstrap/libs/bootstrap.so’:
     Found no calls to: ‘R_registerRoutines’, ‘R_useDynamicSymbols’
    
    It is good practice to register native routines and to disable symbol
    search.
    
    See ‘Writing portable packages’ in the ‘Writing R Extensions’ manual.
Flavors: r-devel-linux-x86_64-debian-clang, r-devel-linux-x86_64-debian-gcc, r-patched-linux-x86_64, r-release-linux-x86_64

Version: 2017.2
Flags: --no-stop-on-test-error
Check: compiled code
Result: NOTE
    File ‘bootstrap/libs/bootstrap.so’:
     Found no calls to: ‘R_registerRoutines’, ‘R_useDynamicSymbols’
    
    It is good practice to register native routines and to disable symbol
    search.
    
    See ‘Writing portable packages’ in the ‘Writing R Extensions’ manual.
Flavors: r-devel-linux-x86_64-fedora-clang, r-devel-linux-x86_64-fedora-gcc