CRAN Package Check Results for Package bootstrap

Last updated on 2017-08-19 04:46:30.

Flavor Version Tinstall Tcheck Ttotal Status Flags
r-devel-linux-x86_64-debian-clang 2017.2 1.14 20.67 21.81 NOTE
r-devel-linux-x86_64-debian-gcc 2017.2 1.14 20.03 21.17 NOTE
r-devel-linux-x86_64-fedora-clang 2017.2 39.72 NOTE
r-devel-linux-x86_64-fedora-gcc 2017.2 42.57 NOTE
r-devel-windows-ix86+x86_64 2017.2 11.00 76.00 87.00 OK
r-patched-linux-x86_64 2017.2 1.13 20.03 21.16 NOTE
r-patched-solaris-x86 2017.2 47.90 OK
r-release-linux-x86_64 2017.2 1.10 20.17 21.26 NOTE
r-release-windows-ix86+x86_64 2017.2 6.00 55.00 61.00 OK
r-release-osx-x86_64 2017.2 OK
r-oldrel-windows-ix86+x86_64 2017.2 13.00 77.00 90.00 OK
r-oldrel-osx-x86_64 2017.2 OK

Check Details

Version: 2017.2
Check: compiled code
Result: NOTE
    File ‘bootstrap/libs/bootstrap.so’:
     Found no calls to: ‘R_registerRoutines’, ‘R_useDynamicSymbols’
    
    It is good practice to register native routines and to disable symbol
    search.
    
    See ‘Writing portable packages’ in the ‘Writing R Extensions’ manual.
Flavors: r-devel-linux-x86_64-debian-clang, r-devel-linux-x86_64-debian-gcc, r-devel-linux-x86_64-fedora-clang, r-devel-linux-x86_64-fedora-gcc, r-patched-linux-x86_64, r-release-linux-x86_64