CRAN Package Check Results for Package bootstrap

Last updated on 2017-12-12 22:47:03 CET.

Flavor Version Tinstall Tcheck Ttotal Status Flags
r-devel-linux-x86_64-debian-clang 2017.2 1.23 30.55 31.78 NOTE
r-devel-linux-x86_64-debian-gcc 2017.2 1.11 24.17 25.28 NOTE
r-devel-linux-x86_64-fedora-clang 2017.2 37.06 NOTE
r-devel-linux-x86_64-fedora-gcc 2017.2 38.08 NOTE
r-devel-windows-ix86+x86_64 2017.2 12.00 54.00 66.00 OK
r-patched-linux-x86_64 2017.2 1.37 31.50 32.87 NOTE
r-patched-solaris-x86 2017.2 47.10 OK
r-release-linux-x86_64 2017.2 1.25 30.62 31.87 NOTE
r-release-windows-ix86+x86_64 2017.2 6.00 55.00 61.00 OK
r-release-osx-x86_64 2017.2 OK
r-oldrel-windows-ix86+x86_64 2017.2 13.00 77.00 90.00 OK
r-oldrel-osx-x86_64 2017.2 OK

Check Details

Version: 2017.2
Check: compiled code
Result: NOTE
    File ‘bootstrap/libs/bootstrap.so’:
     Found no calls to: ‘R_registerRoutines’, ‘R_useDynamicSymbols’
    
    It is good practice to register native routines and to disable symbol
    search.
    
    See ‘Writing portable packages’ in the ‘Writing R Extensions’ manual.
Flavors: r-devel-linux-x86_64-debian-clang, r-devel-linux-x86_64-debian-gcc, r-devel-linux-x86_64-fedora-clang, r-devel-linux-x86_64-fedora-gcc, r-patched-linux-x86_64, r-release-linux-x86_64