CRAN Package Check Results for Package bootstrap

Last updated on 2018-09-25 09:47:06 CEST.

Flavor Version Tinstall Tcheck Ttotal Status Flags
r-devel-linux-x86_64-debian-clang 2017.2 2.00 33.42 35.42 OK
r-devel-linux-x86_64-debian-gcc 2017.2 1.96 26.70 28.66 OK
r-devel-linux-x86_64-fedora-clang 2017.2 42.18 NOTE
r-devel-linux-x86_64-fedora-gcc 2017.2 41.04 NOTE
r-devel-windows-ix86+x86_64 2017.2 11.00 88.00 99.00 OK
r-patched-linux-x86_64 2017.2 1.78 19.08 20.86 OK
r-patched-solaris-x86 2017.2 54.10 OK
r-release-linux-x86_64 2017.2 1.86 32.56 34.42 OK
r-release-windows-ix86+x86_64 2017.2 12.00 61.00 73.00 OK
r-release-osx-x86_64 2017.2 OK
r-oldrel-windows-ix86+x86_64 2017.2 6.00 55.00 61.00 OK
r-oldrel-osx-x86_64 2017.2 OK

Check Details

Version: 2017.2
Check: compiled code
Result: NOTE
    File ‘bootstrap/libs/bootstrap.so’:
     Found no calls to: ‘R_registerRoutines’, ‘R_useDynamicSymbols’
    
    It is good practice to register native routines and to disable symbol
    search.
    
    See ‘Writing portable packages’ in the ‘Writing R Extensions’ manual.
Flavors: r-devel-linux-x86_64-fedora-clang, r-devel-linux-x86_64-fedora-gcc