CRAN Package Check Results for Package bootstrapFP

Last updated on 2024-03-01 10:52:56 CET.

Flavor Version Tinstall Tcheck Ttotal Status Flags
r-devel-linux-x86_64-debian-clang 0.4.5 3.17 27.04 30.21 NOTE
r-devel-linux-x86_64-debian-gcc 0.4.5 2.26 21.30 23.56 NOTE
r-devel-linux-x86_64-fedora-clang 0.4.5 37.72 NOTE
r-devel-linux-x86_64-fedora-gcc 0.4.5 37.73 NOTE
r-devel-windows-x86_64 0.4.5 3.00 43.00 46.00 OK
r-patched-linux-x86_64 0.4.5 3.15 25.01 28.16 OK
r-release-linux-x86_64 0.4.5 2.90 25.20 28.10 OK
r-release-macos-arm64 0.4.5 17.00 OK
r-release-macos-x86_64 0.4.5 32.00 OK
r-release-windows-x86_64 0.4.5 3.00 41.00 44.00 OK
r-oldrel-macos-arm64 0.4.5 21.00 OK
r-oldrel-windows-x86_64 0.4.5 4.00 46.00 50.00 OK

Check Details

Version: 0.4.5
Check: Rd files
Result: NOTE checkRd: (-1) select_Uc.Rd:16: Lost braces 16 | function /code{ppBS_srs()}. | ^ Flavors: r-devel-linux-x86_64-debian-clang, r-devel-linux-x86_64-debian-gcc, r-devel-linux-x86_64-fedora-clang, r-devel-linux-x86_64-fedora-gcc