CRAN Package Check Results for Package boss

Last updated on 2015-06-30 18:47:07.

Flavor Version Tinstall Tcheck Ttotal Status Flags
r-devel-linux-x86_64-debian-clang 2.1 3.80 42.68 46.48 NOTE
r-devel-linux-x86_64-debian-gcc 2.1 3.68 41.78 45.46 NOTE
r-devel-linux-x86_64-fedora-clang 2.1 96.66 NOTE
r-devel-linux-x86_64-fedora-gcc 2.1 91.19 OK
r-devel-osx-x86_64-clang 2.1 89.15 OK
r-devel-windows-ix86+x86_64 2.1 13.00 98.00 111.00 NOTE
r-patched-linux-x86_64 2.1 3.75 43.42 47.17 OK
r-patched-solaris-sparc 2.1 595.30 OK
r-patched-solaris-x86 2.1 137.40 OK
r-release-linux-x86_64 2.1 3.75 43.00 46.75 OK
r-release-osx-x86_64-mavericks 2.1 OK
r-release-windows-ix86+x86_64 2.1 20.00 99.00 119.00 OK
r-oldrel-windows-ix86+x86_64 2.1 17.00 118.00 135.00 OK

Check Details

Version: 2.1
Check: R code for possible problems
Result: NOTE
    boss.fit.fgee: no visible global function definition for ‘pchisq’
    boss.fit.fgee.GxE: no visible global function definition for ‘pchisq’
    boss.fit.fgee.lr: no visible global function definition for ‘pchisq’
    boss.fit.fgee.lr: Error while checking: invalid ‘envir’ argument
    boss.fit.fgee.lr.GxE: no visible global function definition for
     ‘pchisq’
    boss.fit.fgee.lr.GxE: Error while checking: invalid ‘envir’ argument
    boss.fit.flr: no visible global function definition for ‘pchisq’
    boss.fit.flr: no visible global function definition for ‘glm.fit’
    boss.fit.flr: Error while checking: invalid ‘envir’ argument
    boss.fit.flr.GxE: no visible global function definition for ‘pchisq’
    boss.fit.flr.GxE: no visible global function definition for ‘glm.fit’
    boss.fit.flr.GxE: Error while checking: invalid ‘envir’ argument
    boss.fit.lmm: no visible global function definition for ‘pchisq’
    boss.fit.lmm: no visible global function definition for ‘vcov’
    boss.fit.lmm.GxE: no visible global function definition for ‘pchisq’
    boss.fit.lmm.GxE: no visible global function definition for ‘vcov’
    boss.ncdf: no visible binding for global variable ‘var’
    boss.ncdf: no visible global function definition for ‘write.csv’
    boss.set: Error while checking: invalid ‘envir’ argument
Flavors: r-devel-linux-x86_64-debian-clang, r-devel-linux-x86_64-debian-gcc, r-devel-linux-x86_64-fedora-clang, r-devel-windows-ix86+x86_64