CRAN Package Check Results for Package boss

Last updated on 2015-07-31 23:47:36.

Flavor Version Tinstall Tcheck Ttotal Status Flags
r-devel-linux-x86_64-debian-clang 2.1 3.98 43.52 47.50 NOTE
r-devel-linux-x86_64-debian-gcc 2.1 3.71 42.52 46.23 NOTE
r-devel-linux-x86_64-fedora-clang 2.1 97.13 NOTE
r-devel-linux-x86_64-fedora-gcc 2.1 95.00 NOTE
r-devel-osx-x86_64-clang 2.1 80.27 OK
r-devel-windows-ix86+x86_64 2.1 13.00 93.00 106.00 NOTE
r-patched-linux-x86_64 2.1 3.86 42.79 46.66 OK
r-patched-solaris-sparc 2.1 607.00 OK
r-patched-solaris-x86 2.1 136.80 OK
r-release-linux-x86_64 2.1 3.74 43.96 47.71 OK
r-release-osx-x86_64-mavericks 2.1 OK
r-release-windows-ix86+x86_64 2.1 18.00 101.00 119.00 OK
r-oldrel-windows-ix86+x86_64 2.1 17.00 135.00 152.00 OK

Check Details

Version: 2.1
Check: R code for possible problems
Result: NOTE
    boss.fit.fgee: no visible global function definition for ‘pchisq’
    boss.fit.fgee.GxE: no visible global function definition for ‘pchisq’
    boss.fit.fgee.lr: no visible global function definition for ‘pchisq’
    boss.fit.fgee.lr: no visible global function definition for ‘binomial’
    boss.fit.fgee.lr.GxE: no visible global function definition for
     ‘pchisq’
    boss.fit.fgee.lr.GxE: no visible global function definition for
     ‘binomial’
    boss.fit.flr: no visible global function definition for ‘pchisq’
    boss.fit.flr: no visible global function definition for ‘glm.fit’
    boss.fit.flr: no visible global function definition for ‘binomial’
    boss.fit.flr: no visible global function definition for ‘coef’
    boss.fit.flr.GxE: no visible global function definition for ‘pchisq’
    boss.fit.flr.GxE: no visible global function definition for ‘glm.fit’
    boss.fit.flr.GxE: no visible global function definition for ‘binomial’
    boss.fit.flr.GxE: no visible global function definition for ‘coef’
    boss.fit.lmm: no visible global function definition for ‘pchisq’
    boss.fit.lmm: no visible global function definition for ‘vcov’
    boss.fit.lmm.GxE: no visible global function definition for ‘pchisq’
    boss.fit.lmm.GxE: no visible global function definition for ‘vcov’
    boss.ncdf: no visible binding for global variable ‘var’
    boss.ncdf: no visible global function definition for ‘write.csv’
    boss.set: no visible global function definition for ‘gaussian’
    boss.set: no visible global function definition for ‘glm’
    boss.set: no visible global function definition for ‘model.matrix’
    boss.set: no visible global function definition for ‘coef’
    boss.set: no visible global function definition for ‘terms’
    boss.set: no visible global function definition for ‘var’
    Undefined global functions or variables:
     binomial coef gaussian glm glm.fit model.matrix pchisq terms var vcov
     write.csv
    Consider adding
     importFrom("stats", "binomial", "coef", "gaussian", "glm", "glm.fit",
     "model.matrix", "pchisq", "terms", "var", "vcov")
     importFrom("utils", "write.csv")
    to your NAMESPACE.
Flavors: r-devel-linux-x86_64-debian-clang, r-devel-linux-x86_64-debian-gcc, r-devel-linux-x86_64-fedora-clang, r-devel-linux-x86_64-fedora-gcc, r-devel-windows-ix86+x86_64