CRAN Package Check Results for Package bossMaps

Last updated on 2019-05-21 18:56:20 CEST.

Flavor Version Tinstall Tcheck Ttotal Status Flags
r-devel-linux-x86_64-debian-clang 0.1.0 9.58 223.56 233.14 OK
r-devel-linux-x86_64-debian-gcc 0.1.0 8.74 164.19 172.93 OK
r-devel-linux-x86_64-fedora-clang 0.1.0 276.81 NOTE
r-devel-linux-x86_64-fedora-gcc 0.1.0 288.64 NOTE
r-devel-windows-ix86+x86_64 0.1.0 21.00 258.00 279.00 OK
r-patched-linux-x86_64 0.1.0 10.24 230.97 241.21 OK
r-patched-solaris-x86 0.1.0 478.20 NOTE
r-release-linux-x86_64 0.1.0 10.39 229.85 240.24 OK
r-release-windows-ix86+x86_64 0.1.0 30.00 332.00 362.00 OK
r-release-osx-x86_64 0.1.0 NOTE
r-oldrel-windows-ix86+x86_64 0.1.0 12.00 247.00 259.00 OK
r-oldrel-osx-x86_64 0.1.0 NOTE

Check Details

Version: 0.1.0
Check: dependencies in R code
Result: NOTE
    Namespaces in Imports field not imported from:
     ‘rgdal’ ‘tidyr’
     All declared Imports should be used.
Flavors: r-devel-linux-x86_64-fedora-clang, r-devel-linux-x86_64-fedora-gcc, r-patched-solaris-x86, r-release-osx-x86_64, r-oldrel-osx-x86_64