CRAN Package Check Results for Package bossMaps

Last updated on 2019-07-17 18:47:56 CEST.

Flavor Version Tinstall Tcheck Ttotal Status Flags
r-devel-linux-x86_64-debian-clang 0.1.0 9.38 221.95 231.33 OK
r-devel-linux-x86_64-debian-gcc 0.1.0 8.37 165.80 174.17 OK
r-devel-linux-x86_64-fedora-clang 0.1.0 250.90 NOTE
r-devel-linux-x86_64-fedora-gcc 0.1.0 291.61 NOTE
r-devel-windows-ix86+x86_64 0.1.0 28.00 339.00 367.00 OK
r-patched-linux-x86_64 0.1.0 9.92 230.21 240.13 OK
r-patched-solaris-x86 0.1.0 463.80 NOTE
r-release-linux-x86_64 0.1.0 10.46 228.25 238.71 OK
r-release-windows-ix86+x86_64 0.1.0 21.00 372.00 393.00 OK
r-release-osx-x86_64 0.1.0 NOTE
r-oldrel-windows-ix86+x86_64 0.1.0 13.00 329.00 342.00 OK
r-oldrel-osx-x86_64 0.1.0 NOTE

Check Details

Version: 0.1.0
Check: dependencies in R code
Result: NOTE
    Namespaces in Imports field not imported from:
     ‘rgdal’ ‘tidyr’
     All declared Imports should be used.
Flavors: r-devel-linux-x86_64-fedora-clang, r-devel-linux-x86_64-fedora-gcc, r-patched-solaris-x86, r-release-osx-x86_64, r-oldrel-osx-x86_64