CRAN Package Check Results for Package bossMaps

Last updated on 2019-10-18 18:47:47 CEST.

Flavor Version Tinstall Tcheck Ttotal Status Flags
r-devel-linux-x86_64-debian-clang 0.1.0 9.97 221.27 231.24 OK
r-devel-linux-x86_64-debian-gcc 0.1.0 9.18 164.66 173.84 OK
r-devel-linux-x86_64-fedora-clang 0.1.0 274.09 NOTE
r-devel-linux-x86_64-fedora-gcc 0.1.0 296.90 NOTE
r-devel-windows-ix86+x86_64 0.1.0 38.00 295.00 333.00 OK
r-patched-linux-x86_64 0.1.0 10.12 227.40 237.52 OK
r-patched-solaris-x86 0.1.0 463.30 NOTE
r-release-linux-x86_64 0.1.0 9.53 227.72 237.25 OK
r-release-windows-ix86+x86_64 0.1.0 18.00 264.00 282.00 OK
r-release-osx-x86_64 0.1.0 NOTE
r-oldrel-windows-ix86+x86_64 0.1.0 13.00 260.00 273.00 OK
r-oldrel-osx-x86_64 0.1.0 NOTE

Check Details

Version: 0.1.0
Check: dependencies in R code
Result: NOTE
    Namespaces in Imports field not imported from:
     ‘rgdal’ ‘tidyr’
     All declared Imports should be used.
Flavors: r-devel-linux-x86_64-fedora-clang, r-devel-linux-x86_64-fedora-gcc, r-patched-solaris-x86, r-release-osx-x86_64, r-oldrel-osx-x86_64