CRAN Package Check Results for Package boussinesq

Last updated on 2016-09-27 23:48:57.

Flavor Version Tinstall Tcheck Ttotal Status Flags
r-devel-linux-x86_64-debian-clang 1.0.3 0.55 13.50 14.05 NOTE
r-devel-linux-x86_64-debian-gcc 1.0.3 0.64 13.48 14.12 NOTE
r-devel-linux-x86_64-fedora-clang 1.0.3 23.02 NOTE
r-devel-linux-x86_64-fedora-gcc 1.0.3 21.13 NOTE
r-devel-macos-x86_64-clang 1.0.3 16.02 OK
r-devel-windows-ix86+x86_64 1.0.3 3.00 36.00 39.00 OK
r-patched-linux-x86_64 1.0.3 0.54 13.20 13.73 NOTE
r-patched-solaris-sparc 1.0.3 123.40 OK
r-patched-solaris-x86 1.0.3 26.40 OK
r-release-linux-x86_64 1.0.3 0.57 13.65 14.21 NOTE
r-release-osx-x86_64-mavericks 1.0.3 OK
r-release-windows-ix86+x86_64 1.0.3 2.00 24.00 26.00 OK
r-oldrel-windows-ix86+x86_64 1.0.3 3.00 18.00 21.00 OK

Check Details

Version: 1.0.3
Check: Rd line widths
Result: NOTE
    Rd file 'beq.lin.Rd':
     \examples lines wider than 100 characters:
     plot(x,h_sol0,type="l",lty=1,main=paste("Water Surface Elevetion after",t,"days",sep=" "),xlab="x[m]",ylab="h[m]")
    
    Rd file 'beq.song.Rd':
     \examples lines wider than 100 characters:
     plot(x,h_sol1,type="l",lty=1,main="Water Surface Elevetion (Song at's solution) ",xlab="x[m]",ylab="h[m]")
    
    These lines will be truncated in the PDF manual.
Flavors: r-devel-linux-x86_64-debian-clang, r-devel-linux-x86_64-debian-gcc, r-devel-linux-x86_64-fedora-clang, r-devel-linux-x86_64-fedora-gcc, r-patched-linux-x86_64, r-release-linux-x86_64