CRAN Package Check Results for Package boussinesq

Last updated on 2014-09-02 03:49:33.

Flavor Version Tinstall Tcheck Ttotal Status Flags
r-devel-linux-x86_64-debian-clang 1.0.3 0.50 10.93 11.43 OK
r-devel-linux-x86_64-debian-gcc 1.0.3 0.50 11.58 12.08 OK
r-devel-linux-x86_64-fedora-clang 1.0.3 23.84 NOTE
r-devel-linux-x86_64-fedora-gcc 1.0.3 21.48 NOTE
r-devel-osx-x86_64-clang 1.0.3 22.76 OK
r-devel-windows-ix86+x86_64 1.0.3 2.00 18.00 20.00 OK
r-patched-linux-x86_64 1.0.3 0.52 11.03 11.55 OK
r-patched-solaris-sparc 1.0.3 140.20 OK
r-patched-solaris-x86 1.0.3 34.10 OK
r-release-linux-ix86 1.0.3 0.81 17.94 18.75 OK
r-release-linux-x86_64 1.0.3 0.56 11.30 11.86 OK
r-release-osx-x86_64-mavericks 1.0.3 OK
r-release-windows-ix86+x86_64 1.0.3 3.00 19.00 22.00 OK
r-oldrel-windows-ix86+x86_64 1.0.3 2.00 19.00 21.00 OK

Check Details

Version: 1.0.3
Check: Rd line widths
Result: NOTE
    Rd file 'beq.lin.Rd':
     \examples lines wider than 100 characters:
     plot(x,h_sol0,type="l",lty=1,main=paste("Water Surface Elevetion after",t,"days",sep=" "),xlab="x[m]",ylab="h[m]")
    
    Rd file 'beq.song.Rd':
     \examples lines wider than 100 characters:
     plot(x,h_sol1,type="l",lty=1,main="Water Surface Elevetion (Song at's solution) ",xlab="x[m]",ylab="h[m]")
    
    These lines will be truncated in the PDF manual.
Flavors: r-devel-linux-x86_64-fedora-clang, r-devel-linux-x86_64-fedora-gcc