CRAN Package Check Results for Package boussinesq

Last updated on 2017-05-24 05:49:51.

Flavor Version Tinstall Tcheck Ttotal Status Flags
r-devel-linux-x86_64-debian-clang 1.0.3 0.60 12.80 13.40 NOTE
r-devel-linux-x86_64-debian-gcc 1.0.3 0.65 12.63 13.28 NOTE
r-devel-linux-x86_64-fedora-clang 1.0.3 24.83 NOTE --no-stop-on-test-error
r-devel-linux-x86_64-fedora-gcc 1.0.3 23.47 NOTE --no-stop-on-test-error
r-devel-windows-ix86+x86_64 1.0.3 6.00 36.00 42.00 OK
r-patched-linux-x86_64 1.0.3 0.58 12.74 13.32 NOTE
r-patched-solaris-sparc 1.0.3 132.80 OK
r-patched-solaris-x86 1.0.3 30.90 OK
r-release-linux-x86_64 1.0.3 0.69 12.57 13.25 NOTE
r-release-windows-ix86+x86_64 1.0.3 3.00 27.00 30.00 OK
r-release-osx-x86_64 1.0.3 OK
r-oldrel-windows-ix86+x86_64 1.0.3 2.00 28.00 30.00 OK
r-oldrel-osx-x86_64 1.0.3 OK

Check Details

Version: 1.0.3
Check: Rd line widths
Result: NOTE
    Rd file 'beq.lin.Rd':
     \examples lines wider than 100 characters:
     plot(x,h_sol0,type="l",lty=1,main=paste("Water Surface Elevetion after",t,"days",sep=" "),xlab="x[m]",ylab="h[m]")
    
    Rd file 'beq.song.Rd':
     \examples lines wider than 100 characters:
     plot(x,h_sol1,type="l",lty=1,main="Water Surface Elevetion (Song at's solution) ",xlab="x[m]",ylab="h[m]")
    
    These lines will be truncated in the PDF manual.
Flavors: r-devel-linux-x86_64-debian-clang, r-devel-linux-x86_64-debian-gcc, r-patched-linux-x86_64, r-release-linux-x86_64

Version: 1.0.3
Flags: --no-stop-on-test-error
Check: Rd line widths
Result: NOTE
    Rd file 'beq.lin.Rd':
     \examples lines wider than 100 characters:
     plot(x,h_sol0,type="l",lty=1,main=paste("Water Surface Elevetion after",t,"days",sep=" "),xlab="x[m]",ylab="h[m]")
    
    Rd file 'beq.song.Rd':
     \examples lines wider than 100 characters:
     plot(x,h_sol1,type="l",lty=1,main="Water Surface Elevetion (Song at's solution) ",xlab="x[m]",ylab="h[m]")
    
    These lines will be truncated in the PDF manual.
Flavors: r-devel-linux-x86_64-fedora-clang, r-devel-linux-x86_64-fedora-gcc