CRAN Package Check Results for Package boussinesq

Last updated on 2017-01-17 19:49:34.

Flavor Version Tinstall Tcheck Ttotal Status Flags
r-devel-linux-x86_64-debian-clang 1.0.3 0.67 14.79 15.46 NOTE
r-devel-linux-x86_64-debian-gcc 1.0.3 0.73 14.54 15.27 NOTE
r-devel-linux-x86_64-fedora-clang 1.0.3 24.13 NOTE --no-stop-on-test-error
r-devel-linux-x86_64-fedora-gcc 1.0.3 23.27 NOTE --no-stop-on-test-error
r-devel-macos-x86_64-clang 1.0.3 17.41 OK --no-stop-on-test-error
r-devel-windows-ix86+x86_64 1.0.3 4.00 28.00 32.00 OK
r-patched-linux-x86_64 1.0.3 0.56 13.30 13.86 NOTE
r-patched-solaris-sparc 1.0.3 126.90 OK
r-patched-solaris-x86 1.0.3 26.70 OK
r-release-linux-x86_64 1.0.3 0.55 13.35 13.90 NOTE
r-release-osx-x86_64-mavericks 1.0.3 OK
r-release-windows-ix86+x86_64 1.0.3 2.00 28.00 30.00 OK
r-oldrel-windows-ix86+x86_64 1.0.3 2.00 24.00 26.00 OK

Check Details

Version: 1.0.3
Check: Rd line widths
Result: NOTE
    Rd file 'beq.lin.Rd':
     \examples lines wider than 100 characters:
     plot(x,h_sol0,type="l",lty=1,main=paste("Water Surface Elevetion after",t,"days",sep=" "),xlab="x[m]",ylab="h[m]")
    
    Rd file 'beq.song.Rd':
     \examples lines wider than 100 characters:
     plot(x,h_sol1,type="l",lty=1,main="Water Surface Elevetion (Song at's solution) ",xlab="x[m]",ylab="h[m]")
    
    These lines will be truncated in the PDF manual.
Flavors: r-devel-linux-x86_64-debian-clang, r-devel-linux-x86_64-debian-gcc, r-patched-linux-x86_64, r-release-linux-x86_64

Version: 1.0.3
Flags: --no-stop-on-test-error
Check: Rd line widths
Result: NOTE
    Rd file 'beq.lin.Rd':
     \examples lines wider than 100 characters:
     plot(x,h_sol0,type="l",lty=1,main=paste("Water Surface Elevetion after",t,"days",sep=" "),xlab="x[m]",ylab="h[m]")
    
    Rd file 'beq.song.Rd':
     \examples lines wider than 100 characters:
     plot(x,h_sol1,type="l",lty=1,main="Water Surface Elevetion (Song at's solution) ",xlab="x[m]",ylab="h[m]")
    
    These lines will be truncated in the PDF manual.
Flavors: r-devel-linux-x86_64-fedora-clang, r-devel-linux-x86_64-fedora-gcc