CRAN Package Check Results for Package boussinesq

Last updated on 2015-07-31 20:46:50.

Flavor Version Tinstall Tcheck Ttotal Status Flags
r-devel-linux-x86_64-debian-clang 1.0.3 0.53 10.86 11.40 NOTE
r-devel-linux-x86_64-debian-gcc 1.0.3 0.76 11.23 11.99 NOTE
r-devel-linux-x86_64-fedora-clang 1.0.3 21.04 NOTE
r-devel-linux-x86_64-fedora-gcc 1.0.3 20.95 NOTE
r-devel-osx-x86_64-clang 1.0.3 19.65 OK
r-devel-windows-ix86+x86_64 1.0.3 2.00 18.00 20.00 OK
r-patched-linux-x86_64 1.0.3 0.58 11.39 11.97 NOTE
r-patched-solaris-sparc 1.0.3 151.90 OK
r-patched-solaris-x86 1.0.3 33.20 OK
r-release-linux-x86_64 1.0.3 0.52 11.19 11.72 NOTE
r-release-osx-x86_64-mavericks 1.0.3 OK
r-release-windows-ix86+x86_64 1.0.3 2.00 19.00 21.00 OK
r-oldrel-windows-ix86+x86_64 1.0.3 3.00 19.00 22.00 OK

Check Details

Version: 1.0.3
Check: Rd line widths
Result: NOTE
    Rd file 'beq.lin.Rd':
     \examples lines wider than 100 characters:
     plot(x,h_sol0,type="l",lty=1,main=paste("Water Surface Elevetion after",t,"days",sep=" "),xlab="x[m]",ylab="h[m]")
    
    Rd file 'beq.song.Rd':
     \examples lines wider than 100 characters:
     plot(x,h_sol1,type="l",lty=1,main="Water Surface Elevetion (Song at's solution) ",xlab="x[m]",ylab="h[m]")
    
    These lines will be truncated in the PDF manual.
Flavors: r-devel-linux-x86_64-debian-clang, r-devel-linux-x86_64-debian-gcc, r-devel-linux-x86_64-fedora-clang, r-devel-linux-x86_64-fedora-gcc, r-patched-linux-x86_64, r-release-linux-x86_64