CRAN Package Check Results for Package boussinesq

Last updated on 2016-08-25 17:47:43.

Flavor Version Tinstall Tcheck Ttotal Status Flags
r-devel-linux-x86_64-debian-clang 1.0.3 0.54 13.30 13.84 NOTE
r-devel-linux-x86_64-debian-gcc 1.0.3 0.54 13.17 13.71 NOTE
r-devel-linux-x86_64-fedora-clang 1.0.3 22.88 NOTE
r-devel-linux-x86_64-fedora-gcc 1.0.3 21.63 NOTE
r-devel-osx-x86_64-clang 1.0.3 15.80 OK
r-devel-windows-ix86+x86_64 1.0.3 4.00 37.00 41.00 OK
r-patched-linux-x86_64 1.0.3 0.58 13.14 13.72 NOTE
r-patched-solaris-sparc 1.0.3 123.40 OK
r-patched-solaris-x86 1.0.3 26.70 OK
r-release-linux-x86_64 1.0.3 0.70 13.16 13.87 NOTE
r-release-osx-x86_64-mavericks 1.0.3 OK
r-release-windows-ix86+x86_64 1.0.3 2.00 32.00 34.00 OK
r-oldrel-windows-ix86+x86_64 1.0.3 3.00 18.00 21.00 OK

Check Details

Version: 1.0.3
Check: Rd line widths
Result: NOTE
    Rd file 'beq.lin.Rd':
     \examples lines wider than 100 characters:
     plot(x,h_sol0,type="l",lty=1,main=paste("Water Surface Elevetion after",t,"days",sep=" "),xlab="x[m]",ylab="h[m]")
    
    Rd file 'beq.song.Rd':
     \examples lines wider than 100 characters:
     plot(x,h_sol1,type="l",lty=1,main="Water Surface Elevetion (Song at's solution) ",xlab="x[m]",ylab="h[m]")
    
    These lines will be truncated in the PDF manual.
Flavors: r-devel-linux-x86_64-debian-clang, r-devel-linux-x86_64-debian-gcc, r-devel-linux-x86_64-fedora-clang, r-devel-linux-x86_64-fedora-gcc, r-patched-linux-x86_64, r-release-linux-x86_64