CRAN Package Check Results for Package boussinesq

Last updated on 2014-12-22 14:48:37.

Flavor Version Tinstall Tcheck Ttotal Status Flags
r-devel-linux-x86_64-debian-clang 1.0.3 0.56 12.12 12.68 NOTE
r-devel-linux-x86_64-debian-gcc 1.0.3 0.54 11.36 11.90 NOTE
r-devel-linux-x86_64-fedora-clang 1.0.3 24.61 NOTE
r-devel-linux-x86_64-fedora-gcc 1.0.3 23.33 NOTE
r-devel-osx-x86_64-clang 1.0.3 24.13 OK
r-devel-windows-ix86+x86_64 1.0.3 4.00 24.00 28.00 OK
r-patched-linux-x86_64 1.0.3 0.61 11.87 12.48 NOTE
r-patched-solaris-sparc 1.0.3 163.80 OK
r-patched-solaris-x86 1.0.3 35.10 OK
r-release-linux-ix86 1.0.3 0.83 17.28 18.10 OK
r-release-linux-x86_64 1.0.3 0.57 11.89 12.46 NOTE
r-release-osx-x86_64-mavericks 1.0.3 OK
r-release-windows-ix86+x86_64 1.0.3 2.00 19.00 21.00 OK
r-oldrel-windows-ix86+x86_64 1.0.3 2.00 19.00 21.00 OK

Check Details

Version: 1.0.3
Check: Rd line widths
Result: NOTE
    Rd file 'beq.lin.Rd':
     \examples lines wider than 100 characters:
     plot(x,h_sol0,type="l",lty=1,main=paste("Water Surface Elevetion after",t,"days",sep=" "),xlab="x[m]",ylab="h[m]")
    
    Rd file 'beq.song.Rd':
     \examples lines wider than 100 characters:
     plot(x,h_sol1,type="l",lty=1,main="Water Surface Elevetion (Song at's solution) ",xlab="x[m]",ylab="h[m]")
    
    These lines will be truncated in the PDF manual.
Flavors: r-devel-linux-x86_64-debian-clang, r-devel-linux-x86_64-debian-gcc, r-devel-linux-x86_64-fedora-clang, r-devel-linux-x86_64-fedora-gcc, r-patched-linux-x86_64, r-release-linux-x86_64