CRAN Package Check Results for Package boussinesq

Last updated on 2017-08-21 11:47:34.

Flavor Version Tinstall Tcheck Ttotal Status Flags
r-devel-linux-x86_64-debian-clang 1.0.3 0.61 13.27 13.88 NOTE
r-devel-linux-x86_64-debian-gcc 1.0.3 0.60 12.85 13.45 NOTE
r-devel-linux-x86_64-fedora-clang 1.0.3 25.25 NOTE
r-devel-linux-x86_64-fedora-gcc 1.0.3 27.10 NOTE
r-devel-windows-ix86+x86_64 1.0.3 3.00 25.00 28.00 OK
r-patched-linux-x86_64 1.0.3 0.68 12.78 13.46 NOTE
r-patched-solaris-x86 1.0.3 31.90 OK
r-release-linux-x86_64 1.0.3 0.64 13.07 13.71 NOTE
r-release-windows-ix86+x86_64 1.0.3 2.00 26.00 28.00 OK
r-release-osx-x86_64 1.0.3 OK
r-oldrel-windows-ix86+x86_64 1.0.3 2.00 28.00 30.00 OK
r-oldrel-osx-x86_64 1.0.3 OK

Check Details

Version: 1.0.3
Check: Rd line widths
Result: NOTE
    Rd file 'beq.lin.Rd':
     \examples lines wider than 100 characters:
     plot(x,h_sol0,type="l",lty=1,main=paste("Water Surface Elevetion after",t,"days",sep=" "),xlab="x[m]",ylab="h[m]")
    
    Rd file 'beq.song.Rd':
     \examples lines wider than 100 characters:
     plot(x,h_sol1,type="l",lty=1,main="Water Surface Elevetion (Song at's solution) ",xlab="x[m]",ylab="h[m]")
    
    These lines will be truncated in the PDF manual.
Flavors: r-devel-linux-x86_64-debian-clang, r-devel-linux-x86_64-debian-gcc, r-devel-linux-x86_64-fedora-clang, r-devel-linux-x86_64-fedora-gcc, r-patched-linux-x86_64, r-release-linux-x86_64