CRAN Package Check Results for Package bpca

Last updated on 2015-04-26 16:46:58.

Flavor Version Tinstall Tcheck Ttotal Status Flags
r-devel-linux-x86_64-debian-clang 1.2-2 0.82 16.00 16.82 NOTE
r-devel-linux-x86_64-debian-gcc 1.2-2 0.80 16.30 17.10 NOTE
r-devel-linux-x86_64-fedora-clang 1.2-2 32.23 NOTE
r-devel-linux-x86_64-fedora-gcc 1.2-2 30.21 NOTE
r-devel-osx-x86_64-clang 1.2-2 35.33 NOTE
r-devel-windows-ix86+x86_64 1.2-2 4.00 31.00 35.00 OK
r-patched-linux-x86_64 1.2-2 0.91 15.46 16.37 NOTE
r-patched-solaris-sparc 1.2-2 218.30 OK
r-patched-solaris-x86 1.2-2 50.50 NOTE
r-release-linux-x86_64 1.2-2 0.80 15.80 16.60 NOTE
r-release-osx-x86_64-mavericks 1.2-2 OK
r-release-osx-x86_64-snowleopard 1.2-2 ERROR
r-release-windows-ix86+x86_64 1.2-2 3.00 30.00 33.00 OK
r-oldrel-windows-ix86+x86_64 1.2-2 3.00 39.00 42.00 OK

Check Details

Version: 1.2-2
Check: S3 generic/method consistency
Result: NOTE
    Found the following apparent S3 methods exported but not registered:
     bpca.default bpca.prcomp plot.bpca.2d plot.bpca.3d plot.qbpca
     print.latex.bpca summary.bpca summary.latex.bpca
    See section ‘Registering S3 methods’ in the ‘Writing R Extensions’
    manual.
Flavors: r-devel-linux-x86_64-fedora-clang, r-devel-linux-x86_64-fedora-gcc, r-devel-osx-x86_64-clang, r-patched-solaris-x86