CRAN Package Check Results for Package bpca

Last updated on 2018-06-25 16:49:42 CEST.

Flavor Version Tinstall Tcheck Ttotal Status Flags
r-devel-linux-x86_64-debian-clang 1.3-0 3.02 38.05 41.07 OK
r-devel-linux-x86_64-debian-gcc 1.3-0 2.25 33.60 35.85 OK
r-devel-linux-x86_64-fedora-clang 1.3-0 53.76 OK
r-devel-linux-x86_64-fedora-gcc 1.3-0 51.10 OK
r-devel-windows-ix86+x86_64 1.3-0 7.00 62.00 69.00 OK
r-patched-linux-x86_64 1.3-0 2.95 39.28 42.23 OK
r-patched-solaris-x86 1.3-0 74.50 OK
r-release-linux-x86_64 1.3-0 2.79 39.45 42.24 OK
r-release-windows-ix86+x86_64 1.3-0 10.00 68.00 78.00 OK
r-release-osx-x86_64 1.3-0 WARN
r-oldrel-windows-ix86+x86_64 1.3-0 6.00 61.00 67.00 OK
r-oldrel-osx-x86_64 1.2-2 NOTE

Check Details

Version: 1.3-0
Check: whether package can be installed
Result: WARN
    Found the following significant warnings:
     Warning: 'rgl_init' failed, running with rgl.useNULL = TRUE
Flavor: r-release-osx-x86_64

Version: 1.2-2
Check: R code for possible problems
Result: NOTE
    bpca.default: no visible binding for global variable ‘sd’
    dt.tools: no visible binding for global variable ‘sd’
    plot.bpca.2d : draw.obj: no visible global function definition for
     ‘points’
    plot.bpca.2d : draw.obj: no visible global function definition for
     ‘text’
    plot.bpca.2d : draw.var: no visible global function definition for
     ‘points’
    plot.bpca.2d : draw.var: no visible global function definition for
     ‘text’
    plot.bpca.2d : draw.var.seg: no visible global function definition for
     ‘segments’
    plot.bpca.2d : draw.circles: no visible global function definition for
     ‘symbols’
    plot.bpca.2d: no visible global function definition for ‘plot’
    plot.bpca.2d: no visible global function definition for ‘abline’
    plot.bpca.2d: no visible global function definition for ‘identify’
    plot.bpca.2d: no visible global function definition for ‘arrows’
    plot.bpca.2d: no visible global function definition for ‘points’
    plot.bpca.2d: no visible global function definition for ‘text’
    plot.bpca.2d: no visible global function definition for ‘segments’
    plot.bpca.2d: no visible global function definition for ‘symbols’
    plot.bpca.2d: no visible global function definition for ‘chull’
    plot.bpca.2d: no visible global function definition for ‘polygon’
    plot.bpca.3d: no visible global function definition for ‘par’
    plot.bpca.3d: no visible global function definition for ‘text’
    plot.bpca.3d: no visible global function definition for ‘identify’
    plot.qbpca: no visible global function definition for ‘plot’
    plot.qbpca: no visible global function definition for ‘points’
    plot.qbpca: no visible global function definition for ‘legend’
    qbpca: no visible global function definition for ‘cor’
    var.rdf: no visible global function definition for ‘cor’
    Undefined global functions or variables:
     abline arrows chull cor identify legend par plot points polygon sd
     segments symbols text
    Consider adding
     importFrom("grDevices", "chull")
     importFrom("graphics", "abline", "arrows", "identify", "legend", "par",
     "plot", "points", "polygon", "segments", "symbols", "text")
     importFrom("stats", "cor", "sd")
    to your NAMESPACE file.
Flavor: r-oldrel-osx-x86_64

Version: 1.2-2
Check: re-building of vignette outputs
Result: NOTE
    Error in re-building vignettes:
     ...
    Loading required package: scatterplot3d
    Loading required package: rgl
    Error in texi2dvi(file = file, pdf = TRUE, clean = clean, quiet = quiet, :
     Running 'texi2dvi' on 'latex_bpca.tex' failed.
    LaTeX errors:
    ! LaTeX Error: File `multirow.sty' not found.
    
    Type X to quit or <RETURN> to proceed,
    or enter new name. (Default extension: sty)
    
    ! Emergency stop.
    <read *>
    
    l.24 \usepackage
     {colortbl}^^M
    ! ==> Fatal error occurred, no output PDF file produced!
    Calls: buildVignettes -> texi2pdf -> texi2dvi
    Execution halted
Flavor: r-oldrel-osx-x86_64