CRAN Package Check Results for Package bpca

Last updated on 2015-07-28 14:48:48.

Flavor Version Tinstall Tcheck Ttotal Status Flags
r-devel-linux-x86_64-debian-clang 1.2-2 0.89 15.56 16.45 NOTE
r-devel-linux-x86_64-debian-gcc 1.2-2 0.84 15.86 16.70 NOTE
r-devel-linux-x86_64-fedora-clang 1.2-2 32.35 NOTE
r-devel-linux-x86_64-fedora-gcc 1.2-2 30.97 NOTE
r-devel-osx-x86_64-clang 1.2-2 31.06 NOTE
r-devel-windows-ix86+x86_64 1.2-2 4.00 28.00 32.00 NOTE
r-patched-linux-x86_64 1.2-2 0.84 16.48 17.31 NOTE
r-patched-solaris-sparc 1.2-2 194.80 NOTE
r-patched-solaris-x86 1.2-2 47.40 NOTE
r-release-linux-x86_64 1.2-2 1.00 16.66 17.67 NOTE
r-release-osx-x86_64-mavericks 1.2-2 OK
r-release-windows-ix86+x86_64 1.2-2 7.00 40.00 47.00 OK
r-oldrel-windows-ix86+x86_64 1.2-2 6.00 34.00 40.00 OK

Check Details

Version: 1.2-2
Check: S3 generic/method consistency
Result: NOTE
    Found the following apparent S3 methods exported but not registered:
     bpca.default bpca.prcomp plot.bpca.2d plot.bpca.3d plot.qbpca
     print.latex.bpca summary.bpca summary.latex.bpca
    See section ‘Registering S3 methods’ in the ‘Writing R Extensions’
    manual.
Flavors: r-devel-linux-x86_64-debian-clang, r-devel-linux-x86_64-debian-gcc, r-devel-linux-x86_64-fedora-clang, r-devel-linux-x86_64-fedora-gcc, r-devel-osx-x86_64-clang, r-patched-linux-x86_64, r-patched-solaris-sparc, r-patched-solaris-x86, r-release-linux-x86_64

Version: 1.2-2
Check: R code for possible problems
Result: NOTE
    bpca.default: no visible binding for global variable ‘sd’
    dt.tools: no visible binding for global variable ‘sd’
    plot.bpca.2d : draw.obj: no visible global function definition for
     ‘points’
    plot.bpca.2d : draw.obj: no visible global function definition for
     ‘text’
    plot.bpca.2d : draw.var: no visible global function definition for
     ‘points’
    plot.bpca.2d : draw.var: no visible global function definition for
     ‘text’
    plot.bpca.2d : draw.var.seg: no visible global function definition for
     ‘segments’
    plot.bpca.2d : draw.circles: no visible global function definition for
     ‘symbols’
    plot.bpca.2d: no visible global function definition for ‘plot’
    plot.bpca.2d: no visible global function definition for ‘abline’
    plot.bpca.2d: no visible global function definition for ‘identify’
    plot.bpca.2d: no visible global function definition for ‘arrows’
    plot.bpca.2d: no visible global function definition for ‘points’
    plot.bpca.2d: no visible global function definition for ‘text’
    plot.bpca.2d: no visible global function definition for ‘segments’
    plot.bpca.2d: no visible global function definition for ‘symbols’
    plot.bpca.2d: no visible global function definition for ‘chull’
    plot.bpca.2d: no visible global function definition for ‘polygon’
    plot.bpca.3d: no visible global function definition for ‘par’
    plot.bpca.3d: no visible global function definition for ‘text’
    plot.bpca.3d: no visible global function definition for ‘identify’
    plot.qbpca: no visible global function definition for ‘plot’
    plot.qbpca: no visible global function definition for ‘points’
    plot.qbpca: no visible global function definition for ‘legend’
    qbpca: no visible global function definition for ‘cor’
    var.rdf: no visible global function definition for ‘cor’
    Undefined global functions or variables:
     abline arrows chull cor identify legend par plot points polygon sd
     segments symbols text
    Consider adding
     importFrom("grDevices", "chull")
     importFrom("graphics", "abline", "arrows", "identify", "legend", "par",
     "plot", "points", "polygon", "segments", "symbols", "text")
     importFrom("stats", "cor", "sd")
    to your NAMESPACE.
Flavors: r-devel-linux-x86_64-debian-clang, r-devel-linux-x86_64-debian-gcc, r-devel-linux-x86_64-fedora-clang, r-devel-linux-x86_64-fedora-gcc, r-devel-windows-ix86+x86_64