CRAN Package Check Results for Package bpca

Last updated on 2014-04-24 11:48:42.

Flavor Version Tinstall Tcheck Ttotal Status Flags
r-devel-linux-x86_64-debian-clang 1.2-2 0.90 17.50 18.40 OK
r-devel-linux-x86_64-debian-gcc 1.2-2 0.96 17.94 18.90 OK
r-devel-linux-x86_64-fedora-clang 1.2-2 37.18 OK
r-devel-linux-x86_64-fedora-gcc 1.2-2 34.83 OK
r-devel-osx-x86_64-clang 1.2-2 36.59 OK
r-devel-osx-x86_64-gcc 1.2-2 NOTE
r-devel-windows-ix86+x86_64 1.2-2 3.00 32.00 35.00 OK
r-patched-linux-x86_64 1.2-2 0.96 17.93 18.90 OK
r-patched-solaris-sparc 1.2-2 200.30 OK
r-patched-solaris-x86 1.2-2 52.70 OK
r-release-linux-ix86 1.2-2 2.00 38.00 40.00 OK
r-release-linux-x86_64 1.2-2 0.94 18.04 18.98 OK
r-release-osx-x86_64-mavericks 1.2-2 WARN
r-release-osx-x86_64-snowleopard 1.2-2 OK
r-release-windows-ix86+x86_64 1.2-2 4.00 33.00 37.00 OK
r-oldrel-windows-ix86+x86_64 1.2-2 4.00 45.00 49.00 OK

Check Details

Version: 1.2-2
Check: Rd cross-references
Result: NOTE
    Package unavailable to check Rd xrefs: ‘Hmisc’
Flavor: r-devel-osx-x86_64-gcc

Version: 1.2-2
Check: re-building of vignette outputs
Result: NOTE
    Error in re-building vignettes:
     ...
    Loading required package: scatterplot3d
    Loading required package: rgl
    Error in texi2dvi(file = file, pdf = TRUE, clean = clean, quiet = quiet, :
     Running 'texi2dvi' on 'latex_bpca.tex' failed.
    LaTeX errors:
    ! LaTeX Error: File `multirow.sty' not found.
    
    Type X to quit or <RETURN> to proceed,
    or enter new name. (Default extension: sty)
    
    st/bpca/vignettes/latex_bpca.tex:24: ==> Fatal error occurred, no output PDF f
    ile produced!
    Calls: buildVignettes -> texi2pdf -> texi2dvi
    Execution halted
Flavor: r-release-osx-x86_64-mavericks

Version: 1.2-2
Check: PDF version of manual
Result: WARNING
    LaTeX errors when creating PDF version.
    This typically indicates Rd problems.
    LaTeX errors found:
    ! LaTeX Error: File `upquote.sty' not found.
    
    Type X to quit or <RETURN> to proceed,
    or enter new name. (Default extension: sty)
    
    981a088/Rd2.tex:8: ==> Fatal error occurred, no output PDF file produced!
Flavor: r-release-osx-x86_64-mavericks