CRAN Package Check Results for Package bpca

Last updated on 2015-03-28 11:49:09.

Flavor Version Tinstall Tcheck Ttotal Status Flags
r-devel-linux-x86_64-debian-clang 1.2-2 0.82 15.92 16.74 NOTE
r-devel-linux-x86_64-debian-gcc 1.2-2 0.80 15.56 16.37 NOTE
r-devel-linux-x86_64-fedora-clang 1.2-2 32.04 NOTE
r-devel-linux-x86_64-fedora-gcc 1.2-2 30.24 NOTE
r-devel-osx-x86_64-clang 1.2-2 39.65 NOTE
r-prerel-windows-ix86+x86_64 1.2-2 6.00 31.00 37.00 OK
r-prerel-linux-x86_64 1.2-2 0.84 15.64 16.48 NOTE
r-prerel-solaris-sparc 1.2-2 218.30 OK
r-prerel-solaris-x86 1.2-2 46.20 OK
r-release-linux-x86_64 1.2-2 0.90 17.72 18.62 OK
r-release-osx-x86_64-mavericks 1.2-2 OK
r-release-osx-x86_64-snowleopard 1.2-2 OK
r-release-windows-ix86+x86_64 1.2-2 5.00 30.00 35.00 OK
r-oldrel-windows-ix86+x86_64 1.2-2 5.00 57.00 62.00 OK

Check Details

Version: 1.2-2
Check: S3 generic/method consistency
Result: NOTE
    Found the following apparent S3 methods exported but not registered:
     bpca.default bpca.prcomp plot.bpca.2d plot.bpca.3d plot.qbpca
     print.latex.bpca summary.bpca summary.latex.bpca
    See section ‘Registering S3 methods’ in the ‘Writing R Extensions’
    manual.
Flavors: r-devel-linux-x86_64-debian-clang, r-devel-linux-x86_64-debian-gcc, r-devel-linux-x86_64-fedora-clang, r-devel-linux-x86_64-fedora-gcc, r-devel-osx-x86_64-clang, r-prerel-linux-x86_64