CRAN Package Check Results for Package bpca

Last updated on 2015-02-01 10:46:48.

Flavor Version Tinstall Tcheck Ttotal Status Flags
r-devel-linux-x86_64-debian-clang 1.2-2 0.82 15.76 16.58 NOTE
r-devel-linux-x86_64-debian-gcc 1.2-2 0.90 15.62 16.52 NOTE
r-devel-linux-x86_64-fedora-clang 1.2-2 34.98 NOTE
r-devel-linux-x86_64-fedora-gcc 1.2-2 30.56 NOTE
r-devel-osx-x86_64-clang 1.2-2 43.23 NOTE
r-devel-windows-ix86+x86_64 1.2-2 7.00 28.00 35.00 OK
r-patched-linux-x86_64 1.2-2 0.91 17.54 18.45 OK
r-patched-solaris-sparc 1.2-2 217.00 OK
r-patched-solaris-x86 1.2-2 53.60 OK
r-release-linux-ix86 1.2-2 1.32 27.09 28.41 OK
r-release-linux-x86_64 1.2-2 1.04 17.89 18.93 OK
r-release-osx-x86_64-mavericks 1.2-2 OK
r-release-osx-x86_64-snowleopard 1.2-2 OK
r-release-windows-ix86+x86_64 1.2-2 5.00 32.00 37.00 OK
r-oldrel-windows-ix86+x86_64 1.2-2 4.00 50.00 54.00 OK

Check Details

Version: 1.2-2
Check: S3 generic/method consistency
Result: NOTE
    Found the following apparent S3 methods exported but not registered:
     bpca.default bpca.prcomp print.latex.bpca summary.bpca
     summary.latex.bpca plot.bpca.2d plot.bpca.3d plot.qbpca
    See section ‘Registering S3 methods’ in the ‘Writing R Extensions’
    manual.
Flavors: r-devel-linux-x86_64-debian-clang, r-devel-linux-x86_64-debian-gcc, r-devel-linux-x86_64-fedora-clang, r-devel-linux-x86_64-fedora-gcc, r-devel-osx-x86_64-clang