CRAN Package Check Results for Package bpca

Last updated on 2014-09-01 19:46:19.

Flavor Version Tinstall Tcheck Ttotal Status Flags
r-devel-linux-x86_64-debian-clang 1.2-2 0.81 16.72 17.53 OK
r-devel-linux-x86_64-debian-gcc 1.2-2 0.84 16.79 17.64 OK
r-devel-linux-x86_64-fedora-clang 1.2-2 35.93 OK
r-devel-linux-x86_64-fedora-gcc 1.2-2 34.48 OK
r-devel-osx-x86_64-clang 1.2-2 37.57 OK
r-devel-windows-ix86+x86_64 1.2-2 4.00 33.00 37.00 OK
r-patched-linux-x86_64 1.2-2 1.04 16.71 17.75 OK
r-patched-solaris-sparc 1.2-2 201.90 OK
r-patched-solaris-x86 1.2-2 55.40 OK
r-release-linux-ix86 1.2-2 1.30 26.70 28.01 OK
r-release-linux-x86_64 1.2-2 0.88 17.02 17.90 OK
r-release-osx-x86_64-mavericks 1.2-2 NOTE
r-release-osx-x86_64-snowleopard 1.2-2 OK
r-release-windows-ix86+x86_64 1.2-2 4.00 36.00 40.00 OK
r-oldrel-windows-ix86+x86_64 1.2-2 5.00 44.00 49.00 OK

Check Details

Version: 1.2-2
Check: re-building of vignette outputs
Result: NOTE
    Error in re-building vignettes:
     ...
    Loading required package: scatterplot3d
    Loading required package: rgl
    Error in texi2dvi(file = file, pdf = TRUE, clean = clean, quiet = quiet, :
     Running 'texi2dvi' on 'latex_bpca.tex' failed.
    LaTeX errors:
    ! LaTeX Error: File `multirow.sty' not found.
    
    Type X to quit or <RETURN> to proceed,
    or enter new name. (Default extension: sty)
    
    st/bpca/vignettes/latex_bpca.tex:24: ==> Fatal error occurred, no output PDF f
    ile produced!
    Calls: buildVignettes -> texi2pdf -> texi2dvi
    Execution halted
Flavor: r-release-osx-x86_64-mavericks