CRAN Package Check Results for Package bpca

Last updated on 2015-05-28 03:47:20.

Flavor Version Tinstall Tcheck Ttotal Status Flags
r-devel-linux-x86_64-debian-clang 1.2-2 0.86 16.40 17.25 NOTE
r-devel-linux-x86_64-debian-gcc 1.2-2 0.80 15.46 16.26 NOTE
r-devel-linux-x86_64-fedora-clang 1.2-2 31.76 NOTE
r-devel-linux-x86_64-fedora-gcc 1.2-2 31.11 NOTE
r-devel-osx-x86_64-clang 1.2-2 36.97 NOTE
r-devel-windows-ix86+x86_64 1.2-2 4.00 30.00 34.00 OK
r-patched-linux-x86_64 1.2-2 0.80 15.53 16.33 NOTE
r-patched-solaris-sparc 1.2-2 191.20 NOTE
r-patched-solaris-x86 1.2-2 46.50 NOTE
r-release-linux-x86_64 1.2-2 0.81 15.86 16.67 NOTE
r-release-osx-x86_64-mavericks 1.2-2 OK
r-release-osx-x86_64-snowleopard 1.2-2 ERROR
r-release-windows-ix86+x86_64 1.2-2 4.00 30.00 34.00 OK
r-oldrel-windows-ix86+x86_64 1.2-2 5.00 40.00 45.00 OK

Check Details

Version: 1.2-2
Check: S3 generic/method consistency
Result: NOTE
    Found the following apparent S3 methods exported but not registered:
     bpca.default bpca.prcomp plot.bpca.2d plot.bpca.3d plot.qbpca
     print.latex.bpca summary.bpca summary.latex.bpca
    See section ‘Registering S3 methods’ in the ‘Writing R Extensions’
    manual.
Flavors: r-devel-linux-x86_64-debian-clang, r-devel-linux-x86_64-debian-gcc, r-devel-linux-x86_64-fedora-clang, r-devel-linux-x86_64-fedora-gcc, r-devel-osx-x86_64-clang, r-patched-linux-x86_64, r-patched-solaris-sparc, r-patched-solaris-x86, r-release-linux-x86_64

Version: 1.2-2
Check: Rd cross-references
Result: NOTE
    Package unavailable to check Rd xrefs: ‘Hmisc’
Flavor: r-release-osx-x86_64-snowleopard

Version: 1.2-2
Check: examples
Result: ERROR
    Running examples in ‘bpca-Ex.R’ failed
    The error most likely occurred in:
    
    > ### Name: ontario
    > ### Title: Ontario winter wheat (1993)
    > ### Aliases: ontario
    > ### Keywords: datasets
    >
    > ### ** Examples
    >
    > data(ontario)
    >
    > # 2d
    > plot(bpca(ontario,
    + d=1:2))
    >
    > # 3d
    > plot(bpca(ontario,
    + d=1:3),
    + rgl.use=TRUE)
    Fri Mar 20 16:59:07 hagal.research.att.com R[16520] <Error>: unknown error code: invalid pixel format
    Fri Mar 20 16:59:07 hagal.research.att.com R[16520] <Error>: kCGErrorFailure: Set a breakpoint @ CGErrorBreakpoint() to catch errors as they are logged.
    X Error of failed request: GLXBadContext
     Major opcode of failed request: 0 ()
     Serial number of failed request: 27
     Current serial number in output stream: 27
Flavor: r-release-osx-x86_64-snowleopard