CRAN Package Check Results for Package bpcp

Last updated on 2015-07-03 23:47:26.

Flavor Version Tinstall Tcheck Ttotal Status Flags
r-devel-linux-x86_64-debian-clang 1.2.5 0.79 18.64 19.43 NOTE
r-devel-linux-x86_64-debian-gcc 1.2.5 0.69 18.05 18.74 NOTE
r-devel-linux-x86_64-fedora-clang 1.2.6 36.00 OK
r-devel-linux-x86_64-fedora-gcc 1.2.6 31.37 OK
r-devel-osx-x86_64-clang 1.2.6 29.30 OK
r-devel-windows-ix86+x86_64 1.2.6 6.00 35.00 41.00 OK
r-patched-linux-x86_64 1.2.5 0.72 18.54 19.26 OK
r-patched-solaris-sparc 1.2.6 198.80 OK
r-patched-solaris-x86 1.2.6 41.90 OK
r-release-linux-x86_64 1.2.6 0.74 18.54 19.29 OK
r-release-osx-x86_64-mavericks 1.2.6 OK
r-release-windows-ix86+x86_64 1.2.6 5.00 36.00 41.00 OK
r-oldrel-windows-ix86+x86_64 1.2.6 5.00 38.00 43.00 OK

Check Details

Version: 1.2.5
Check: R code for possible problems
Result: NOTE
    betaMeldTest : funcLess: no visible global function definition for
     ‘pbeta’
    betaMeldTest : funcLess: no visible global function definition for
     ‘dbeta’
    betaMeldTest : funcGreater: no visible global function definition for
     ‘pbeta’
    betaMeldTest : funcGreater: no visible global function definition for
     ‘dbeta’
    betaMeldTest : pGreater: no visible global function definition for
     ‘qbeta’
    betaMeldTest : pGreater: no visible global function definition for
     ‘integrate’
    betaMeldTest : pLess: no visible global function definition for ‘qbeta’
    betaMeldTest : pLess: no visible global function definition for
     ‘integrate’
    betaMeldTest: no visible global function definition for ‘qbeta’
    betaMeldTest: no visible global function definition for ‘pbeta’
    betaMeldTest: no visible global function definition for ‘uniroot’
    betaMeldTestMidp.mc : rrbeta: no visible global function definition for
     ‘rbeta’
    betaprodcimc: no visible global function definition for ‘rbeta’
    borkowf.calc: no visible global function definition for ‘qnorm’
    bpcp.mc: no visible global function definition for ‘rbeta’
    bpcp.mm: no visible global function definition for ‘qbeta’
    bpcpMidp.mm: no visible global function definition for ‘uniroot’
    fixtdiff: no visible global function definition for ‘pnorm’
    kmConstrain: no visible global function definition for ‘uniroot’
    kmConstrainBeta.calc: no visible global function definition for
     ‘uniroot’
    kmci1TG: no visible global function definition for ‘qchisq’
    kmci1TG: no visible global function definition for ‘uniroot’
    kmciSW: no visible global function definition for ‘qnorm’
    kmcilog: no visible global function definition for ‘qnorm’
    lines.kmciLR: no visible global function definition for ‘gray’
    lines.kmciLR: no visible global function definition for ‘segments’
    lines.kmciLR: no visible global function definition for ‘points’
    mdiffmedian.test: no visible global function definition for ‘pbinom’
    plot.kmciLR: no visible global function definition for ‘gray’
    plot.kmciLR: no visible global function definition for ‘segments’
    plot.kmciLR: no visible global function definition for ‘points’
    qqbeta: no visible global function definition for ‘qbeta’
    Undefined global functions or variables:
     dbeta gray integrate pbeta pbinom pnorm points qbeta qchisq qnorm
     rbeta segments uniroot
Flavors: r-devel-linux-x86_64-debian-clang, r-devel-linux-x86_64-debian-gcc