CRAN Package Check Results for Package bpcp

Last updated on 2014-04-23 12:48:15.

Flavor Version Tinstall Tcheck Ttotal Status Flags
r-devel-linux-x86_64-debian-clang 1.0.0 0.69 13.19 13.88 OK
r-devel-linux-x86_64-debian-gcc 1.0.0 0.63 13.26 13.88 OK
r-devel-linux-x86_64-fedora-clang 1.0.0 27.06 OK
r-devel-linux-x86_64-fedora-gcc 1.0.0 25.14 OK
r-devel-osx-x86_64-clang 1.0.0 25.58 OK
r-devel-osx-x86_64-gcc 1.0.0 OK
r-devel-windows-ix86+x86_64 1.0.0 2.00 22.00 24.00 OK
r-patched-linux-x86_64 1.0.0 0.63 13.17 13.80 OK
r-patched-solaris-sparc 1.0.0 150.70 OK
r-patched-solaris-x86 1.0.0 37.00 OK
r-release-linux-ix86 1.0.0 1.00 27.00 28.00 OK
r-release-linux-x86_64 1.0.0 0.66 13.10 13.75 OK
r-release-osx-x86_64-mavericks 1.0.0 WARN
r-release-windows-ix86+x86_64 1.0.0 4.00 29.00 33.00 OK
r-oldrel-windows-ix86+x86_64 1.0.0 2.00 22.00 24.00 OK

Check Details

Version: 1.0.0
Check: PDF version of manual
Result: WARNING
    LaTeX errors when creating PDF version.
    This typically indicates Rd problems.
    LaTeX errors found:
    ! LaTeX Error: File `upquote.sty' not found.
    
    Type X to quit or <RETURN> to proceed,
    or enter new name. (Default extension: sty)
    
    73cef5c2/Rd2.tex:8: ==> Fatal error occurred, no output PDF file produced!
Flavor: r-release-osx-x86_64-mavericks