CRAN Package Check Results for Package bpgmm

Last updated on 2021-12-05 20:48:31 CET.

Flavor Version Tinstall Tcheck Ttotal Status Flags
r-devel-linux-x86_64-debian-clang 1.0.7 119.55 83.06 202.61 NOTE
r-devel-linux-x86_64-debian-gcc 1.0.7 83.46 62.62 146.08 NOTE
r-devel-linux-x86_64-fedora-clang 1.0.7 273.67 NOTE
r-devel-linux-x86_64-fedora-gcc 1.0.7 238.85 NOTE
r-devel-windows-x86_64-new-UL 1.0.7 140.00 146.00 286.00 NOTE
r-devel-windows-x86_64-new-TK 1.0.7 NOTE
r-devel-windows-x86_64-old 1.0.7 141.00 83.00 224.00 NOTE
r-patched-linux-x86_64 1.0.7 76.33 69.53 145.86 NOTE
r-release-linux-x86_64 1.0.7 86.22 77.90 164.12 NOTE
r-release-macos-arm64 1.0.7 NOTE
r-release-macos-x86_64 1.0.7 NOTE
r-release-windows-ix86+x86_64 1.0.7 262.00 138.00 400.00 NOTE
r-oldrel-macos-x86_64 1.0.7 NOTE
r-oldrel-windows-ix86+x86_64 1.0.7 263.00 149.00 412.00 OK

Check Details

Version: 1.0.7
Check: LazyData
Result: NOTE
     'LazyData' is specified without a 'data' directory
Flavors: r-devel-linux-x86_64-debian-clang, r-devel-linux-x86_64-debian-gcc, r-devel-linux-x86_64-fedora-clang, r-devel-linux-x86_64-fedora-gcc, r-devel-windows-x86_64-new-UL, r-devel-windows-x86_64-new-TK, r-devel-windows-x86_64-old, r-patched-linux-x86_64, r-release-linux-x86_64, r-release-macos-arm64, r-release-macos-x86_64, r-release-windows-ix86+x86_64

Version: 1.0.7
Check: installed package size
Result: NOTE
     installed size is 5.4Mb
     sub-directories of 1Mb or more:
     libs 5.1Mb
Flavors: r-devel-linux-x86_64-fedora-clang, r-release-macos-arm64, r-release-macos-x86_64, r-oldrel-macos-x86_64