CRAN Package Check Results for Package bpkde

Last updated on 2015-06-30 22:47:10.

Flavor Version Tinstall Tcheck Ttotal Status Flags
r-devel-linux-x86_64-debian-clang 1.0-7 0.95 39.61 40.56 NOTE
r-devel-linux-x86_64-debian-gcc 1.0-7 0.90 40.80 41.70 NOTE
r-devel-linux-x86_64-fedora-clang 1.0-7 77.41 NOTE
r-devel-linux-x86_64-fedora-gcc 1.0-7 75.37 NOTE
r-devel-osx-x86_64-clang 1.0-7 64.06 OK
r-devel-windows-ix86+x86_64 1.0-7 13.00 156.00 169.00 NOTE
r-patched-linux-x86_64 1.0-7 0.91 40.18 41.09 OK
r-patched-solaris-sparc 1.0-7 543.80 OK
r-patched-solaris-x86 1.0-7 105.00 OK
r-release-linux-x86_64 1.0-7 1.00 40.42 41.41 OK
r-release-osx-x86_64-mavericks 1.0-7 OK
r-release-windows-ix86+x86_64 1.0-7 9.00 121.00 130.00 OK
r-oldrel-windows-ix86+x86_64 1.0-7 11.00 123.00 134.00 OK

Check Details

Version: 1.0-7
Check: R code for possible problems
Result: NOTE
    M0: no visible global function definition for ‘fft’
    M1: no visible global function definition for ‘fft’
    bpk: no visible binding for global variable ‘dnorm’
    bpkde: no visible binding for global variable ‘dnorm’
    bpkde: no visible binding for global variable ‘bw.SJ’
    bpkde: no visible global function definition for ‘rnorm’
    bpkde: no visible global function definition for ‘fft’
    bpkde: no visible global function definition for ‘optimize’
    contour.discretize.kernel: no visible global function definition for
     ‘contour.default’
    contour.mvkde: no visible global function definition for
     ‘contour.default’
    image.discretize.kernel: no visible global function definition for
     ‘image.default’
    image.discretize.kernel: no visible global function definition for
     ‘gray’
    image.mvkde: no visible global function definition for ‘image.default’
    image.mvkde: no visible global function definition for ‘gray’
    image.mvlinbin: no visible global function definition for ‘image’
    image.mvlinbin: no visible global function definition for ‘gray’
    plot.discretize.kernel: no visible global function definition for
     ‘mtext’
    plot.discretize.kernel: no visible global function definition for ‘par’
    plot.mvkde: no visible global function definition for ‘mtext’
    plot.mvkde: no visible global function definition for ‘par’
    plot.mvlinbin: no visible global function definition for ‘plot’
    plot.mvlinbin: no visible global function definition for ‘mtext’
    plot.mvlinbin: no visible global function definition for ‘par’
Flavors: r-devel-linux-x86_64-debian-clang, r-devel-linux-x86_64-debian-gcc, r-devel-linux-x86_64-fedora-clang, r-devel-linux-x86_64-fedora-gcc, r-devel-windows-ix86+x86_64