CRAN Package Check Results for Package bpkde

Last updated on 2014-04-24 11:48:42.

Flavor Version Tinstall Tcheck Ttotal Status Flags
r-devel-linux-x86_64-debian-clang 1.0-2 0.82 12.55 13.37 NOTE
r-devel-linux-x86_64-debian-gcc 1.0-2 0.76 12.39 13.15 NOTE
r-devel-linux-x86_64-fedora-clang 1.0-2 25.42 NOTE
r-devel-linux-x86_64-fedora-gcc 1.0-2 23.70 NOTE
r-devel-osx-x86_64-clang 1.0-2 25.42 NOTE
r-devel-osx-x86_64-gcc 1.0-2 NOTE
r-devel-windows-ix86+x86_64 1.0-2 3.00 20.00 23.00 NOTE
r-patched-linux-x86_64 1.0-2 0.75 12.30 13.05 NOTE
r-patched-solaris-sparc 1.0-2 143.80 NOTE
r-patched-solaris-x86 1.0-2 35.50 NOTE
r-release-linux-ix86 1.0-2 1.00 27.00 28.00 NOTE
r-release-linux-x86_64 1.0-2 0.77 12.18 12.95 NOTE
r-release-osx-x86_64-mavericks 1.0-2 WARN
r-release-windows-ix86+x86_64 1.0-2 3.00 21.00 24.00 NOTE
r-oldrel-windows-ix86+x86_64 1.0-2 4.00 22.00 26.00 NOTE

Check Details

Version: 1.0-2
Check: dependencies in R code
Result: NOTE
    Packages in Depends field not imported from:
     ‘KernSmooth’ ‘mvtnorm’
     These packages need to be imported from (in the NAMESPACE file)
     for when this namespace is loaded but not attached.
    Unexported objects imported by ':::' calls:
     ‘KernSmooth:::linbin’ ‘KernSmooth:::linbin2D’
     See the note in ?`:::` about the use of this operator.
    See the information on DESCRIPTION files in the chapter ‘Creating R
    packages’ of the ‘Writing R Extensions’ manual.
Flavors: r-devel-linux-x86_64-debian-clang, r-devel-linux-x86_64-debian-gcc, r-devel-linux-x86_64-fedora-clang, r-devel-linux-x86_64-fedora-gcc, r-devel-osx-x86_64-clang, r-devel-osx-x86_64-gcc, r-devel-windows-ix86+x86_64, r-patched-linux-x86_64, r-patched-solaris-sparc, r-patched-solaris-x86, r-release-linux-ix86, r-release-linux-x86_64, r-release-osx-x86_64-mavericks, r-release-windows-ix86+x86_64, r-oldrel-windows-ix86+x86_64

Version: 1.0-2
Check: Rd line widths
Result: NOTE
    Rd file 'plot.mvkde.Rd':
     \usage lines wider than 90 characters:
     plot(x, y, what = c("kde", "kernel", "data"), plot.fun = c("image", "contour", "persp"), ...)
    
    These lines will be truncated in the PDF manual.
Flavors: r-devel-linux-x86_64-fedora-clang, r-devel-linux-x86_64-fedora-gcc

Version: 1.0-2
Check: PDF version of manual
Result: WARNING
    LaTeX errors when creating PDF version.
    This typically indicates Rd problems.
    LaTeX errors found:
    ! LaTeX Error: File `upquote.sty' not found.
    
    Type X to quit or <RETURN> to proceed,
    or enter new name. (Default extension: sty)
    
    8489f3b/Rd2.tex:8: ==> Fatal error occurred, no output PDF file produced!
Flavor: r-release-osx-x86_64-mavericks