CRAN Package Check Results for Package brainKCCA

Last updated on 2022-08-09 03:51:57 CEST.

Flavor Version Tinstall Tcheck Ttotal Status Flags
r-devel-linux-x86_64-debian-clang 0.1.0 10.79 76.01 86.80 OK
r-devel-linux-x86_64-debian-gcc 0.1.0 9.56 57.87 67.43 OK
r-devel-linux-x86_64-fedora-clang 0.1.0 113.92 NOTE
r-devel-linux-x86_64-fedora-gcc 0.1.0 112.08 NOTE
r-devel-windows-x86_64 0.1.0 19.00 112.00 131.00 OK
r-patched-linux-x86_64 0.1.0 9.90 73.67 83.57 OK
r-release-linux-x86_64 0.1.0 OK
r-release-macos-arm64 0.1.0 48.00 NOTE
r-release-macos-x86_64 0.1.0 73.00 NOTE
r-release-windows-x86_64 0.1.0 22.00 116.00 138.00 OK
r-oldrel-macos-arm64 0.1.0 58.00 NOTE
r-oldrel-macos-x86_64 0.1.0 79.00 NOTE
r-oldrel-windows-ix86+x86_64 0.1.0 23.00 106.00 129.00 OK

Check Details

Version: 0.1.0
Check: dependencies in R code
Result: NOTE
    Namespaces in Imports field not imported from:
     ‘CCA’ ‘brainR’ ‘elasticnet’
     All declared Imports should be used.
Flavors: r-devel-linux-x86_64-fedora-clang, r-devel-linux-x86_64-fedora-gcc, r-release-macos-arm64, r-release-macos-x86_64, r-oldrel-macos-arm64, r-oldrel-macos-x86_64