CRAN Package Check Results for Package brainR

Last updated on 2019-05-25 22:50:56 CEST.

Flavor Version Tinstall Tcheck Ttotal Status Flags
r-devel-linux-x86_64-debian-clang 1.5.1 5.47 44.03 49.50 OK
r-devel-linux-x86_64-debian-gcc 1.5.1 4.95 35.13 40.08 OK
r-devel-linux-x86_64-fedora-clang 1.5.1 58.19 OK
r-devel-linux-x86_64-fedora-gcc 1.5.1 55.79 OK
r-devel-windows-ix86+x86_64 1.5.1 11.00 95.00 106.00 OK
r-patched-linux-x86_64 1.5.1 OK
r-patched-solaris-x86 1.5.1 87.60 OK
r-release-linux-x86_64 1.5.1 6.04 44.90 50.94 OK
r-release-windows-ix86+x86_64 1.5.1 18.00 64.00 82.00 OK
r-release-osx-x86_64 1.5.1 WARN
r-oldrel-windows-ix86+x86_64 1.5.1 12.00 56.00 68.00 OK
r-oldrel-osx-x86_64 1.5.1 OK

Check Details

Version: 1.5.1
Check: whether package can be installed
Result: WARN
    Found the following significant warnings:
     Warning: 'rgl_init' failed, running with rgl.useNULL = TRUE
Flavor: r-release-osx-x86_64