CRAN Package Check Results for Package branchLars

Last updated on 2015-07-01 21:46:24.

Flavor Version Tinstall Tcheck Ttotal Status Flags
r-devel-linux-x86_64-debian-gcc 1.0 1.48 27.36 28.85 NOTE
r-patched-linux-x86_64 1.0 1.58 26.25 27.84 NOTE
r-release-linux-x86_64 1.0 1.53 26.58 28.11 NOTE
r-release-osx-x86_64-mavericks 1.0 NOTE
r-release-windows-ix86+x86_64 1.0 5.00 47.00 52.00 NOTE
r-oldrel-windows-ix86+x86_64 1.0 8.00 51.00 59.00 NOTE

Check Details

Version: 1.0
Check: DESCRIPTION meta-information
Result: NOTE
    Malformed Description field: should contain one or more complete sentences.
Flavors: r-devel-linux-x86_64-debian-gcc, r-patched-linux-x86_64, r-release-linux-x86_64, r-release-osx-x86_64-mavericks, r-release-windows-ix86+x86_64

Version: 1.0
Check: top-level files
Result: NOTE
    Non-standard file/directory found at top level:
     ‘CONTENTS’
Flavors: r-devel-linux-x86_64-debian-gcc, r-patched-linux-x86_64, r-release-linux-x86_64

Version: 1.0
Check: dependencies in R code
Result: NOTE
    Packages in Depends field not imported from:
     ‘Rgraphviz’ ‘lars’
     These packages need to be imported from (in the NAMESPACE file)
     for when this namespace is loaded but not attached.
Flavors: r-devel-linux-x86_64-debian-gcc, r-patched-linux-x86_64, r-release-linux-x86_64, r-release-osx-x86_64-mavericks, r-release-windows-ix86+x86_64, r-oldrel-windows-ix86+x86_64

Version: 1.0
Check: R code for possible problems
Result: NOTE
    branchLars: no visible global function definition for ‘lars’
    branchOpt: no visible global function definition for ‘lars’
    drawTree: no visible global function definition for ‘new’
    drawTree: no visible global function definition for ‘addEdge’
    drawTree: no visible global function definition for ‘plot’
    lambdaOpt: no visible global function definition for ‘lars’
Flavor: r-devel-linux-x86_64-debian-gcc

Version: 1.0
Check: R code for possible problems
Result: NOTE
    branchLars: no visible global function definition for ‘lars’
    branchOpt: no visible global function definition for ‘lars’
    drawTree: no visible global function definition for ‘addEdge’
    lambdaOpt: no visible global function definition for ‘lars’
Flavors: r-patched-linux-x86_64, r-release-linux-x86_64, r-release-osx-x86_64-mavericks, r-release-windows-ix86+x86_64, r-oldrel-windows-ix86+x86_64