CRAN Package Check Results for Package branchLars

Last updated on 2014-09-19 05:47:36.

Flavor Version Tinstall Tcheck Ttotal Status Flags
r-devel-linux-x86_64-debian-clang 1.0 2.15 28.98 31.12 NOTE
r-devel-linux-x86_64-debian-gcc 1.0 2.12 28.56 30.68 NOTE
r-devel-linux-x86_64-fedora-clang 1.0 65.71 NOTE
r-devel-linux-x86_64-fedora-gcc 1.0 67.81 NOTE
r-devel-osx-x86_64-clang 1.0 56.37 NOTE
r-devel-windows-ix86+x86_64 1.0 5.00 45.00 50.00 NOTE
r-patched-linux-x86_64 1.0 1.79 29.95 31.74 NOTE
r-patched-solaris-sparc 1.0 355.70 NOTE
r-patched-solaris-x86 1.0 87.40 NOTE
r-release-linux-ix86 1.0 2.23 38.06 40.29 NOTE
r-release-linux-x86_64 1.0 1.75 30.39 32.14 NOTE
r-release-osx-x86_64-mavericks 1.0 NOTE
r-release-osx-x86_64-snowleopard 1.0 NOTE
r-release-windows-ix86+x86_64 1.0 8.00 49.00 57.00 NOTE
r-oldrel-windows-ix86+x86_64 1.0 5.00 54.00 59.00 NOTE

Check Details

Version: 1.0
Check: top-level files
Result: NOTE
    Non-standard file/directory found at top level:
     ‘CONTENTS’
Flavors: r-devel-linux-x86_64-debian-clang, r-devel-linux-x86_64-debian-gcc, r-devel-linux-x86_64-fedora-clang, r-devel-linux-x86_64-fedora-gcc, r-patched-linux-x86_64, r-release-linux-x86_64

Version: 1.0
Check: dependencies in R code
Result: NOTE
    Packages in Depends field not imported from:
     ‘Rgraphviz’ ‘lars’
     These packages need to be imported from (in the NAMESPACE file)
     for when this namespace is loaded but not attached.
    See the information on DESCRIPTION files in the chapter ‘Creating R
    packages’ of the ‘Writing R Extensions’ manual.
Flavors: r-devel-linux-x86_64-debian-clang, r-devel-linux-x86_64-debian-gcc, r-devel-linux-x86_64-fedora-clang, r-devel-linux-x86_64-fedora-gcc, r-devel-osx-x86_64-clang, r-devel-windows-ix86+x86_64, r-patched-linux-x86_64, r-patched-solaris-sparc, r-patched-solaris-x86, r-release-linux-ix86, r-release-linux-x86_64, r-release-osx-x86_64-mavericks, r-release-osx-x86_64-snowleopard, r-release-windows-ix86+x86_64, r-oldrel-windows-ix86+x86_64

Version: 1.0
Check: R code for possible problems
Result: NOTE
    branchLars: no visible global function definition for ‘lars’
    branchOpt: no visible global function definition for ‘lars’
    drawTree: no visible global function definition for ‘addEdge’
    lambdaOpt: no visible global function definition for ‘lars’
Flavors: r-devel-linux-x86_64-debian-clang, r-devel-linux-x86_64-debian-gcc, r-devel-linux-x86_64-fedora-clang, r-devel-linux-x86_64-fedora-gcc, r-devel-osx-x86_64-clang, r-devel-windows-ix86+x86_64