CRAN Package Check Results for Package branchLars

Last updated on 2014-04-23 17:47:41.

Flavor Version Tinstall Tcheck Ttotal Status Flags
r-devel-linux-x86_64-debian-clang 1.0 1.82 31.23 33.05 NOTE
r-devel-linux-x86_64-debian-gcc 1.0 1.92 30.86 32.78 NOTE
r-devel-linux-x86_64-fedora-clang 1.0 71.67 NOTE
r-devel-linux-x86_64-fedora-gcc 1.0 66.89 NOTE
r-devel-osx-x86_64-clang 1.0 55.75 NOTE
r-devel-osx-x86_64-gcc 1.0 ERROR
r-devel-windows-ix86+x86_64 1.0 6.00 53.00 59.00 NOTE
r-patched-linux-x86_64 1.0 1.82 31.13 32.95 NOTE
r-patched-solaris-sparc 1.0 360.80 NOTE
r-patched-solaris-x86 1.0 87.90 NOTE
r-release-linux-ix86 1.0 3.00 52.00 55.00 NOTE
r-release-linux-x86_64 1.0 1.78 30.91 32.69 NOTE
r-release-osx-x86_64-mavericks 1.0 ERROR
r-release-osx-x86_64-snowleopard 1.0 ERROR
r-release-windows-ix86+x86_64 1.0 9.00 66.00 75.00 NOTE
r-oldrel-windows-ix86+x86_64 1.0 5.00 54.00 59.00 NOTE

Check Details

Version: 1.0
Check: dependencies in R code
Result: NOTE
    Packages in Depends field not imported from:
     ‘Rgraphviz’ ‘lars’
     These packages need to be imported from (in the NAMESPACE file)
     for when this namespace is loaded but not attached.
    See the information on DESCRIPTION files in the chapter ‘Creating R
    packages’ of the ‘Writing R Extensions’ manual.
Flavors: r-devel-linux-x86_64-debian-clang, r-devel-linux-x86_64-debian-gcc, r-devel-linux-x86_64-fedora-clang, r-devel-linux-x86_64-fedora-gcc, r-devel-osx-x86_64-clang, r-devel-windows-ix86+x86_64, r-patched-linux-x86_64, r-patched-solaris-sparc, r-patched-solaris-x86, r-release-linux-ix86, r-release-linux-x86_64, r-release-windows-ix86+x86_64, r-oldrel-windows-ix86+x86_64

Version: 1.0
Check: top-level files
Result: NOTE
    Non-standard file/directory found at top level:
     ‘CONTENTS’
Flavors: r-devel-linux-x86_64-fedora-clang, r-devel-linux-x86_64-fedora-gcc

Version: 1.0
Check: package dependencies
Result: ERROR
    Package required but not available: ‘Rgraphviz’
    
    See the information on DESCRIPTION files in the chapter ‘Creating R
    packages’ of the ‘Writing R Extensions’ manual.
Flavors: r-devel-osx-x86_64-gcc, r-release-osx-x86_64-mavericks, r-release-osx-x86_64-snowleopard