CRAN Package Check Results for Package breathtestcore

Last updated on 2020-08-03 14:48:21 CEST.

Flavor Version Tinstall Tcheck Ttotal Status Flags
r-devel-linux-x86_64-debian-clang 0.8.0 13.03 157.82 170.85 OK
r-devel-linux-x86_64-debian-gcc 0.8.0 10.94 117.82 128.76 OK
r-devel-linux-x86_64-fedora-clang 0.8.0 206.24 NOTE
r-devel-linux-x86_64-fedora-gcc 0.8.0 198.43 NOTE
r-devel-windows-ix86+x86_64 0.8.0 47.00 162.00 209.00 OK
r-patched-linux-x86_64 0.8.0 11.61 149.99 161.60 OK
r-patched-solaris-x86 0.8.0 275.10 OK
r-release-linux-x86_64 0.8.0 8.30 150.18 158.48 OK
r-release-macos-x86_64 0.8.0 NOTE
r-release-windows-ix86+x86_64 0.8.0 35.00 215.00 250.00 OK
r-oldrel-macos-x86_64 0.8.0 ERROR

Check Details

Version: 0.8.0
Check: package dependencies
Result: NOTE
    Package suggested but not available for checking: ‘breathteststan’
Flavors: r-devel-linux-x86_64-fedora-clang, r-devel-linux-x86_64-fedora-gcc, r-release-macos-x86_64

Version: 0.8.0
Check: Rd cross-references
Result: NOTE
    Package unavailable to check Rd xrefs: ‘breathteststan’
Flavor: r-release-macos-x86_64

Version: 0.8.0
Check: whether package can be installed
Result: ERROR
    Installation failed.
Flavor: r-oldrel-macos-x86_64