CRAN Package Check Results for Package breathtestcore

Last updated on 2025-01-25 16:49:06 CET.

Flavor Version Tinstall Tcheck Ttotal Status Flags
r-devel-linux-x86_64-debian-clang 0.8.9 12.11 183.51 195.62 NOTE
r-devel-linux-x86_64-debian-gcc 0.8.9 7.99 126.86 134.85 NOTE
r-devel-linux-x86_64-fedora-clang 0.8.9 300.27 OK
r-devel-linux-x86_64-fedora-gcc 0.8.9 312.90 NOTE
r-devel-windows-x86_64 0.8.9 13.00 157.00 170.00 OK
r-patched-linux-x86_64 0.8.9 11.70 165.20 176.90 OK
r-release-linux-x86_64 0.8.9 11.78 165.00 176.78 OK
r-release-macos-arm64 0.8.9 88.00 OK
r-release-macos-x86_64 0.8.9 160.00 OK
r-release-windows-x86_64 0.8.9 12.00 166.00 178.00 OK
r-oldrel-macos-arm64 0.8.9 97.00 OK
r-oldrel-macos-x86_64 0.8.9 169.00 OK
r-oldrel-windows-x86_64 0.8.9 17.00 204.00 221.00 OK

Check Details

Version: 0.8.9
Check: DESCRIPTION meta-information
Result: NOTE Missing dependency on R >= 4.1.0 because package code uses the pipe |> or function shorthand \(...) syntax added in R 4.1.0. File(s) using such syntax: ‘read_any_breathtest.R’ Flavors: r-devel-linux-x86_64-debian-clang, r-devel-linux-x86_64-debian-gcc, r-devel-linux-x86_64-fedora-gcc