CRAN Package Check Results for Package brew

Last updated on 2019-11-18 04:46:25 CET.

Flavor Version Tinstall Tcheck Ttotal Status Flags
r-devel-linux-x86_64-debian-clang 1.0-6 1.83 17.33 19.16 NOTE
r-devel-linux-x86_64-debian-gcc 1.0-6 1.44 14.15 15.59 NOTE
r-devel-linux-x86_64-fedora-clang 1.0-6 23.76 NOTE
r-devel-linux-x86_64-fedora-gcc 1.0-6 23.35 NOTE
r-devel-windows-ix86+x86_64 1.0-6 6.00 28.00 34.00 OK
r-patched-linux-x86_64 1.0-6 1.59 16.95 18.54 OK
r-patched-solaris-x86 1.0-6 34.20 OK
r-release-linux-x86_64 1.0-6 1.59 16.51 18.10 OK
r-release-windows-ix86+x86_64 1.0-6 4.00 50.00 54.00 OK
r-release-osx-x86_64 1.0-6 OK
r-oldrel-windows-ix86+x86_64 1.0-6 3.00 25.00 28.00 OK
r-oldrel-osx-x86_64 1.0-6 OK

Check Details

Version: 1.0-6
Check: for non-standard things in the check directory
Result: NOTE
    Found the following files/directories:
     'brew-test-1-1.eps' 'brew-test-1-2.eps' 'brew-test-1.tex'
     'brew-test-2.html'
Flavors: r-devel-linux-x86_64-debian-clang, r-devel-linux-x86_64-debian-gcc, r-devel-linux-x86_64-fedora-clang, r-devel-linux-x86_64-fedora-gcc