CRAN Package Check Results for Package brew

Last updated on 2019-06-17 19:37:53 CEST.

Flavor Version Tinstall Tcheck Ttotal Status Flags
r-devel-linux-x86_64-debian-clang 1.0-6 1.63 16.62 18.25 NOTE
r-devel-linux-x86_64-debian-gcc 1.0-6 1.41 13.68 15.09 NOTE
r-devel-linux-x86_64-fedora-clang 1.0-6 22.09 NOTE
r-devel-linux-x86_64-fedora-gcc 1.0-6 21.59 NOTE
r-devel-windows-ix86+x86_64 1.0-6 5.00 28.00 33.00 OK
r-patched-linux-x86_64 1.0-6 1.47 16.74 18.21 OK
r-patched-solaris-x86 1.0-6 35.70 OK
r-release-linux-x86_64 1.0-6 1.68 16.90 18.58 OK
r-release-windows-ix86+x86_64 1.0-6 4.00 50.00 54.00 OK
r-release-osx-x86_64 1.0-6 OK
r-oldrel-windows-ix86+x86_64 1.0-6 3.00 25.00 28.00 OK
r-oldrel-osx-x86_64 1.0-6 OK

Check Details

Version: 1.0-6
Check: for non-standard things in the check directory
Result: NOTE
    Found the following files/directories:
     'brew-test-1-1.eps' 'brew-test-1-2.eps' 'brew-test-1.tex'
     'brew-test-2.html'
Flavors: r-devel-linux-x86_64-debian-clang, r-devel-linux-x86_64-debian-gcc, r-devel-linux-x86_64-fedora-clang, r-devel-linux-x86_64-fedora-gcc