CRAN Package Check Results for Package brew

Last updated on 2020-10-28 03:48:24 CET.

Flavor Version Tinstall Tcheck Ttotal Status Flags
r-devel-linux-x86_64-debian-clang 1.0-6 2.02 19.00 21.02 NOTE
r-devel-linux-x86_64-debian-gcc 1.0-6 1.62 15.27 16.89 NOTE
r-devel-linux-x86_64-fedora-clang 1.0-6 35.38 NOTE
r-devel-linux-x86_64-fedora-gcc 1.0-6 25.13 NOTE
r-devel-windows-ix86+x86_64 1.0-6 5.00 33.00 38.00 OK
r-patched-linux-x86_64 1.0-6 NOTE
r-patched-solaris-x86 1.0-6 40.00 NOTE
r-release-linux-x86_64 1.0-6 1.80 18.47 20.27 NOTE
r-release-macos-x86_64 1.0-6 OK
r-release-windows-ix86+x86_64 1.0-6 4.00 23.00 27.00 OK
r-oldrel-macos-x86_64 1.0-6 OK
r-oldrel-windows-ix86+x86_64 1.0-6 4.00 50.00 54.00 OK

Check Details

Version: 1.0-6
Check: for non-standard things in the check directory
Result: NOTE
    Found the following files/directories:
     'brew-test-1-1.eps' 'brew-test-1-2.eps' 'brew-test-1.tex'
     'brew-test-2.html'
Flavors: r-devel-linux-x86_64-debian-clang, r-devel-linux-x86_64-debian-gcc, r-devel-linux-x86_64-fedora-clang, r-devel-linux-x86_64-fedora-gcc, r-patched-linux-x86_64, r-patched-solaris-x86, r-release-linux-x86_64