CRAN Package Check Results for Package brew

Last updated on 2019-08-25 17:49:40 CEST.

Flavor Version Tinstall Tcheck Ttotal Status Flags
r-devel-linux-x86_64-debian-clang 1.0-6 1.68 16.99 18.67 NOTE
r-devel-linux-x86_64-debian-gcc 1.0-6 1.55 14.08 15.63 NOTE
r-devel-linux-x86_64-fedora-clang 1.0-6 24.62 NOTE
r-devel-linux-x86_64-fedora-gcc 1.0-6 22.57 NOTE
r-devel-windows-ix86+x86_64 1.0-6 8.00 26.00 34.00 OK
r-patched-linux-x86_64 1.0-6 1.59 17.33 18.92 OK
r-patched-solaris-x86 1.0-6 35.90 OK
r-release-linux-x86_64 1.0-6 1.58 17.15 18.73 OK
r-release-windows-ix86+x86_64 1.0-6 4.00 50.00 54.00 OK
r-release-osx-x86_64 1.0-6 OK
r-oldrel-windows-ix86+x86_64 1.0-6 3.00 25.00 28.00 OK
r-oldrel-osx-x86_64 1.0-6 OK

Check Details

Version: 1.0-6
Check: for non-standard things in the check directory
Result: NOTE
    Found the following files/directories:
     'brew-test-1-1.eps' 'brew-test-1-2.eps' 'brew-test-1.tex'
     'brew-test-2.html'
Flavors: r-devel-linux-x86_64-debian-clang, r-devel-linux-x86_64-debian-gcc, r-devel-linux-x86_64-fedora-clang, r-devel-linux-x86_64-fedora-gcc