CRAN Package Check Results for Package brew

Last updated on 2020-08-06 21:48:22 CEST.

Flavor Version Tinstall Tcheck Ttotal Status Flags
r-devel-linux-x86_64-debian-clang 1.0-6 2.28 18.37 20.65 NOTE
r-devel-linux-x86_64-debian-gcc 1.0-6 1.74 14.58 16.32 NOTE
r-devel-linux-x86_64-fedora-clang 1.0-6 33.02 NOTE
r-devel-linux-x86_64-fedora-gcc 1.0-6 24.45 NOTE
r-devel-windows-ix86+x86_64 1.0-6 7.00 29.00 36.00 OK
r-patched-linux-x86_64 1.0-6 1.98 18.28 20.26 NOTE
r-patched-solaris-x86 1.0-6 39.00 NOTE
r-release-linux-x86_64 1.0-6 2.03 18.29 20.32 NOTE
r-release-macos-x86_64 1.0-6 OK
r-release-windows-ix86+x86_64 1.0-6 5.00 26.00 31.00 OK
r-oldrel-macos-x86_64 1.0-6 OK
r-oldrel-windows-ix86+x86_64 1.0-6 4.00 50.00 54.00 OK

Check Details

Version: 1.0-6
Check: for non-standard things in the check directory
Result: NOTE
    Found the following files/directories:
     'brew-test-1-1.eps' 'brew-test-1-2.eps' 'brew-test-1.tex'
     'brew-test-2.html'
Flavors: r-devel-linux-x86_64-debian-clang, r-devel-linux-x86_64-debian-gcc, r-devel-linux-x86_64-fedora-clang, r-devel-linux-x86_64-fedora-gcc, r-patched-linux-x86_64, r-patched-solaris-x86, r-release-linux-x86_64