CRAN Package Check Results for Package brew

Last updated on 2020-01-18 15:46:31 CET.

Flavor Version Tinstall Tcheck Ttotal Status Flags
r-devel-linux-x86_64-debian-clang 1.0-6 1.93 17.66 19.59 NOTE
r-devel-linux-x86_64-debian-gcc 1.0-6 1.60 14.32 15.92 NOTE
r-devel-linux-x86_64-fedora-clang 1.0-6 25.13 NOTE
r-devel-linux-x86_64-fedora-gcc 1.0-6 24.15 NOTE
r-devel-windows-ix86+x86_64 1.0-6 9.00 27.00 36.00 OK
r-devel-windows-ix86+x86_64-gcc8 1.0-6 6.00 32.00 38.00 OK
r-patched-linux-x86_64 1.0-6 1.62 16.70 18.32 OK
r-patched-solaris-x86 1.0-6 35.20 OK
r-release-linux-x86_64 1.0-6 1.47 16.58 18.05 OK
r-release-windows-ix86+x86_64 1.0-6 4.00 50.00 54.00 OK
r-release-osx-x86_64 1.0-6 OK
r-oldrel-windows-ix86+x86_64 1.0-6 3.00 25.00 28.00 OK
r-oldrel-osx-x86_64 1.0-6 OK

Check Details

Version: 1.0-6
Check: for non-standard things in the check directory
Result: NOTE
    Found the following files/directories:
     'brew-test-1-1.eps' 'brew-test-1-2.eps' 'brew-test-1.tex'
     'brew-test-2.html'
Flavors: r-devel-linux-x86_64-debian-clang, r-devel-linux-x86_64-debian-gcc, r-devel-linux-x86_64-fedora-clang, r-devel-linux-x86_64-fedora-gcc