Last updated on 2023-11-28 20:48:18 CET.
Flavor | Version | Tinstall | Tcheck | Ttotal | Status | Flags |
---|---|---|---|---|---|---|
r-devel-linux-x86_64-debian-clang | 1.0-8 | 2.12 | 25.40 | 27.52 | NOTE | |
r-devel-linux-x86_64-debian-gcc | 1.0-8 | 1.46 | 19.71 | 21.17 | NOTE | |
r-devel-linux-x86_64-fedora-clang | 1.0-8 | 35.27 | OK | |||
r-devel-linux-x86_64-fedora-gcc | 1.0-8 | 33.70 | OK | |||
r-devel-windows-x86_64 | 1.0-8 | 3.00 | 48.00 | 51.00 | OK | |
r-patched-linux-x86_64 | 1.0-8 | 2.08 | 25.44 | 27.52 | OK | |
r-release-linux-x86_64 | 1.0-8 | 2.48 | 24.94 | 27.42 | OK | |
r-release-macos-arm64 | 1.0-8 | 19.00 | OK | |||
r-release-macos-x86_64 | 1.0-8 | 24.00 | OK | |||
r-release-windows-x86_64 | 1.0-8 | 2.00 | 45.00 | 47.00 | OK | |
r-oldrel-macos-arm64 | 1.0-8 | 18.00 | OK | |||
r-oldrel-macos-x86_64 | 1.0-8 | 41.00 | OK | |||
r-oldrel-windows-x86_64 | 1.0-8 | 4.00 | 50.00 | 54.00 | OK |
Version: 1.0-8
Check: Rd files
Result: NOTE
checkRd: (-1) brew.Rd:38: Lost braces in \itemize; meant \describe ?
checkRd: (-1) brew.Rd:39: Lost braces in \itemize; meant \describe ?
checkRd: (-1) brew.Rd:40: Lost braces in \itemize; meant \describe ?
checkRd: (-1) brew.Rd:41: Lost braces in \itemize; meant \describe ?
checkRd: (-1) brew.Rd:42: Lost braces in \itemize; meant \describe ?
checkRd: (-1) brew.Rd:76-77: Lost braces in \itemize; meant \describe ?
Flavors: r-devel-linux-x86_64-debian-clang, r-devel-linux-x86_64-debian-gcc