CRAN Package Check Results for Package brglm

Last updated on 2015-07-07 17:47:27.

Flavor Version Tinstall Tcheck Ttotal Status Flags
r-devel-linux-x86_64-debian-clang 0.5-9 0.85 17.62 18.47 NOTE
r-devel-linux-x86_64-debian-gcc 0.5-9 0.85 16.18 17.03 NOTE
r-devel-linux-x86_64-fedora-clang 0.5-9 33.54 NOTE
r-devel-linux-x86_64-fedora-gcc 0.5-9 32.73 NOTE
r-devel-osx-x86_64-clang 0.5-9 33.11 NOTE
r-devel-windows-ix86+x86_64 0.5-9 7.00 41.00 48.00 NOTE
r-patched-linux-x86_64 0.5-9 0.90 16.98 17.88 NOTE
r-patched-solaris-sparc 0.5-9 213.60 NOTE
r-patched-solaris-x86 0.5-9 46.00 NOTE
r-release-linux-x86_64 0.5-9 0.93 17.08 18.00 NOTE
r-release-osx-x86_64-mavericks 0.5-9 NOTE
r-release-windows-ix86+x86_64 0.5-9 7.00 42.00 49.00 NOTE
r-oldrel-windows-ix86+x86_64 0.5-9 5.00 45.00 50.00 NOTE

Check Details

Version: 0.5-9
Check: DESCRIPTION meta-information
Result: NOTE
    Malformed Title field: should not end in a period.
Flavors: r-devel-linux-x86_64-debian-clang, r-devel-linux-x86_64-debian-gcc, r-devel-linux-x86_64-fedora-clang, r-devel-linux-x86_64-fedora-gcc, r-devel-osx-x86_64-clang, r-devel-windows-ix86+x86_64, r-patched-linux-x86_64, r-patched-solaris-sparc, r-patched-solaris-x86, r-release-linux-x86_64, r-release-osx-x86_64-mavericks, r-release-windows-ix86+x86_64

Version: 0.5-9
Check: dependencies in R code
Result: NOTE
    Package in Depends field not imported from: ‘profileModel’
     These packages need to be imported from (in the NAMESPACE file)
     for when this namespace is loaded but not attached.
Flavors: r-devel-linux-x86_64-debian-clang, r-devel-linux-x86_64-debian-gcc, r-devel-linux-x86_64-fedora-clang, r-devel-linux-x86_64-fedora-gcc, r-devel-osx-x86_64-clang, r-devel-windows-ix86+x86_64, r-patched-linux-x86_64, r-patched-solaris-sparc, r-patched-solaris-x86, r-release-linux-x86_64, r-release-osx-x86_64-mavericks, r-release-windows-ix86+x86_64, r-oldrel-windows-ix86+x86_64

Version: 0.5-9
Check: R code for possible problems
Result: NOTE
    brglm: no visible binding for global variable ‘binomial’
    brglm: no visible binding for global variable ‘glm.fit’
    brglm: no visible global function definition for ‘model.response’
    brglm: no visible global function definition for ‘is.empty.model’
    brglm: no visible global function definition for ‘model.matrix’
    brglm: no visible global function definition for ‘model.weights’
    brglm: no visible global function definition for ‘model.offset’
    brglm: no visible global function definition for ‘model.extract’
    brglm: no visible global function definition for ‘glm.fit’
    brglm: no visible global function definition for ‘.getXlevels’
    brglm.fit: Error while checking: invalid ‘envir’ argument
    checkModifications: no visible global function definition for ‘plot’
    checkModifications: no visible global function definition for ‘points’
    confint.brglm: no visible global function definition for ‘coef’
    confint.profile.brglm: no visible global function definition for
     ‘profConfint’
    glm.control1: no visible global function definition for ‘glm.control’
    modifications : <anonymous>: no visible global function definition for
     ‘dnorm’
    pairs.profile.brglm: no visible global function definition for ‘pairs’
    plot.profile.brglm: no visible global function definition for ‘plot’
    print.brglm: no visible global function definition for ‘coef’
    print.brglm: no visible global function definition for ‘naprint’
    print.summary.brglm: no visible global function definition for
     ‘printCoefmat’
    print.summary.brglm: no visible global function definition for
     ‘naprint’
    print.summary.brglm: no visible global function definition for ‘symnum’
    profile.brglm: no visible global function definition for ‘coef’
    profile.brglm: no visible global function definition for ‘profileModel’
    profile.brglm: no visible global function definition for ‘qchisq’
    profile.brglm: no visible global function definition for ‘update’
    profile.brglm: no visible global function definition for ‘model.matrix’
    separation.detection: no visible global function definition for ‘coef’
    separation.detection: no visible global function definition for
     ‘update’
    separation.detection: no visible global function definition for
     ‘glm.control’
    summary.brglm: no visible global function definition for ‘summary.glm’
    summary.brglm: no visible global function definition for ‘coef’
    summary.brglm: no visible global function definition for ‘pnorm’
    summary.brglm: no visible global function definition for ‘residuals’
    Undefined global functions or variables:
     .getXlevels binomial coef dnorm glm.control glm.fit is.empty.model
     model.extract model.matrix model.offset model.response model.weights
     naprint pairs plot pnorm points printCoefmat profConfint profileModel
     qchisq residuals summary.glm symnum update
Flavors: r-devel-linux-x86_64-debian-clang, r-devel-linux-x86_64-debian-gcc, r-devel-linux-x86_64-fedora-clang, r-devel-linux-x86_64-fedora-gcc

Version: 0.5-9
Check: R code for possible problems
Result: NOTE
    confint.profile.brglm: no visible global function definition for
     ‘profConfint’
    profile.brglm: no visible global function definition for ‘profileModel’
    Undefined global functions or variables:
     profConfint profileModel
Flavor: r-devel-osx-x86_64-clang

Version: 0.5-9
Check: R code for possible problems
Result: NOTE
    brglm: no visible binding for global variable 'binomial'
    brglm: no visible binding for global variable 'glm.fit'
    brglm: no visible global function definition for 'model.response'
    brglm: no visible global function definition for 'is.empty.model'
    brglm: no visible global function definition for 'model.matrix'
    brglm: no visible global function definition for 'model.weights'
    brglm: no visible global function definition for 'model.offset'
    brglm: no visible global function definition for 'model.extract'
    brglm: no visible global function definition for 'glm.fit'
    brglm: no visible global function definition for '.getXlevels'
    brglm.fit: no visible global function definition for 'binomial'
    brglm.fit: no visible global function definition for 'glm.control'
    brglm.fit: no visible global function definition for 'glm.fit'
    checkModifications: no visible global function definition for 'plot'
    checkModifications: no visible global function definition for 'points'
    confint.brglm: no visible global function definition for 'coef'
    confint.profile.brglm: no visible global function definition for
     'profConfint'
    glm.control1: no visible global function definition for 'glm.control'
    modifications : <anonymous>: no visible global function definition for
     'dnorm'
    pairs.profile.brglm: no visible global function definition for 'pairs'
    plot.profile.brglm: no visible global function definition for 'plot'
    print.brglm: no visible global function definition for 'coef'
    print.brglm: no visible global function definition for 'naprint'
    print.summary.brglm: no visible global function definition for
     'printCoefmat'
    print.summary.brglm: no visible global function definition for
     'naprint'
    print.summary.brglm: no visible global function definition for 'symnum'
    profile.brglm: no visible global function definition for 'coef'
    profile.brglm: no visible global function definition for 'profileModel'
    profile.brglm: no visible global function definition for 'qchisq'
    profile.brglm: no visible global function definition for 'update'
    profile.brglm: no visible global function definition for 'model.matrix'
    separation.detection: no visible global function definition for 'coef'
    separation.detection: no visible global function definition for
     'update'
    separation.detection: no visible global function definition for
     'glm.control'
    summary.brglm: no visible global function definition for 'summary.glm'
    summary.brglm: no visible global function definition for 'coef'
    summary.brglm: no visible global function definition for 'pnorm'
    summary.brglm: no visible global function definition for 'residuals'
    Undefined global functions or variables:
     .getXlevels binomial coef dnorm glm.control glm.fit is.empty.model
     model.extract model.matrix model.offset model.response model.weights
     naprint pairs plot pnorm points printCoefmat profConfint profileModel
     qchisq residuals summary.glm symnum update
Flavor: r-devel-windows-ix86+x86_64

Version: 0.5-9
Check: R code for possible problems
Result: NOTE
    confint.profile.brglm: no visible global function definition for
     ‘profConfint’
    profile.brglm: no visible global function definition for ‘profileModel’
Flavors: r-patched-linux-x86_64, r-patched-solaris-sparc, r-patched-solaris-x86, r-release-linux-x86_64, r-release-osx-x86_64-mavericks, r-release-windows-ix86+x86_64, r-oldrel-windows-ix86+x86_64