CRAN Package Check Results for Package brglm

Last updated on 2015-05-06 11:48:28.

Flavor Version Tinstall Tcheck Ttotal Status Flags
r-devel-linux-x86_64-debian-clang 0.5-9 0.92 17.12 18.04 NOTE
r-devel-linux-x86_64-debian-gcc 0.5-9 0.88 16.78 17.66 NOTE
r-devel-linux-x86_64-fedora-clang 0.5-9 35.44 NOTE
r-devel-linux-x86_64-fedora-gcc 0.5-9 33.49 NOTE
r-devel-osx-x86_64-clang 0.5-9 36.34 NOTE
r-devel-windows-ix86+x86_64 0.5-9 5.00 39.00 44.00 NOTE
r-patched-linux-x86_64 0.5-9 0.92 16.75 17.67 NOTE
r-patched-solaris-sparc 0.5-9 225.90 NOTE
r-patched-solaris-x86 0.5-9 46.00 NOTE
r-release-linux-x86_64 0.5-9 0.92 17.42 18.34 NOTE
r-release-osx-x86_64-mavericks 0.5-9 NOTE
r-release-osx-x86_64-snowleopard 0.5-9 NOTE
r-release-windows-ix86+x86_64 0.5-9 6.00 44.00 50.00 NOTE
r-oldrel-windows-ix86+x86_64 0.5-9 6.00 60.00 66.00 NOTE

Check Details

Version: 0.5-9
Check: DESCRIPTION meta-information
Result: NOTE
    Malformed Title field: should not end in a period.
Flavors: r-devel-linux-x86_64-debian-clang, r-devel-linux-x86_64-debian-gcc, r-devel-linux-x86_64-fedora-clang, r-devel-linux-x86_64-fedora-gcc, r-devel-osx-x86_64-clang, r-devel-windows-ix86+x86_64, r-patched-linux-x86_64, r-patched-solaris-sparc, r-patched-solaris-x86, r-release-linux-x86_64, r-release-osx-x86_64-mavericks, r-release-osx-x86_64-snowleopard, r-release-windows-ix86+x86_64

Version: 0.5-9
Check: dependencies in R code
Result: NOTE
    Package in Depends field not imported from: ‘profileModel’
     These packages need to be imported from (in the NAMESPACE file)
     for when this namespace is loaded but not attached.
Flavors: r-devel-linux-x86_64-debian-clang, r-devel-linux-x86_64-debian-gcc, r-devel-linux-x86_64-fedora-clang, r-devel-linux-x86_64-fedora-gcc, r-devel-osx-x86_64-clang, r-devel-windows-ix86+x86_64, r-patched-linux-x86_64, r-patched-solaris-sparc, r-patched-solaris-x86, r-release-linux-x86_64, r-release-osx-x86_64-mavericks, r-release-osx-x86_64-snowleopard, r-release-windows-ix86+x86_64, r-oldrel-windows-ix86+x86_64

Version: 0.5-9
Check: R code for possible problems
Result: NOTE
    confint.profile.brglm: no visible global function definition for
     ‘profConfint’
    profile.brglm: no visible global function definition for ‘profileModel’
Flavors: r-devel-linux-x86_64-debian-clang, r-devel-linux-x86_64-debian-gcc, r-devel-linux-x86_64-fedora-clang, r-devel-linux-x86_64-fedora-gcc, r-devel-osx-x86_64-clang, r-devel-windows-ix86+x86_64, r-patched-linux-x86_64, r-patched-solaris-sparc, r-patched-solaris-x86, r-release-linux-x86_64, r-release-osx-x86_64-mavericks, r-release-osx-x86_64-snowleopard, r-release-windows-ix86+x86_64, r-oldrel-windows-ix86+x86_64