CRAN Package Check Results for Package brglm

Last updated on 2014-11-26 19:49:29.

Flavor Version Tinstall Tcheck Ttotal Status Flags
r-devel-linux-x86_64-debian-clang 0.5-9 1.00 18.26 19.26 NOTE
r-devel-linux-x86_64-debian-gcc 0.5-9 0.92 18.66 19.59 NOTE
r-devel-linux-x86_64-fedora-clang 0.5-9 39.51 NOTE
r-devel-linux-x86_64-fedora-gcc 0.5-9 41.12 NOTE
r-devel-osx-x86_64-clang 0.5-9 39.54 NOTE
r-devel-windows-ix86+x86_64 0.5-9 5.00 38.00 43.00 NOTE
r-patched-linux-x86_64 0.5-9 0.98 18.87 19.84 NOTE
r-patched-solaris-sparc 0.5-9 216.10 NOTE
r-patched-solaris-x86 0.5-9 52.50 NOTE
r-release-linux-ix86 0.5-9 1.45 25.15 26.60 NOTE
r-release-linux-x86_64 0.5-9 0.96 18.84 19.79 NOTE
r-release-osx-x86_64-mavericks 0.5-9 NOTE
r-release-osx-x86_64-snowleopard 0.5-9 OK
r-release-windows-ix86+x86_64 0.5-9 4.00 39.00 43.00 NOTE
r-oldrel-windows-ix86+x86_64 0.5-9 5.00 43.00 48.00 NOTE

Check Details

Version: 0.5-9
Check: dependencies in R code
Result: NOTE
    Package in Depends field not imported from: ‘profileModel’
     These packages need to be imported from (in the NAMESPACE file)
     for when this namespace is loaded but not attached.
    See the information on DESCRIPTION files in the chapter ‘Creating R
    packages’ of the ‘Writing R Extensions’ manual.
Flavors: r-devel-linux-x86_64-debian-clang, r-devel-linux-x86_64-debian-gcc, r-devel-linux-x86_64-fedora-clang, r-devel-linux-x86_64-fedora-gcc, r-devel-osx-x86_64-clang, r-devel-windows-ix86+x86_64, r-patched-linux-x86_64, r-patched-solaris-sparc, r-patched-solaris-x86, r-release-linux-ix86, r-release-linux-x86_64, r-release-osx-x86_64-mavericks, r-release-windows-ix86+x86_64, r-oldrel-windows-ix86+x86_64

Version: 0.5-9
Check: R code for possible problems
Result: NOTE
    confint.profile.brglm: no visible global function definition for
     ‘profConfint’
    profile.brglm: no visible global function definition for ‘profileModel’
Flavors: r-devel-linux-x86_64-debian-clang, r-devel-linux-x86_64-debian-gcc, r-devel-linux-x86_64-fedora-clang, r-devel-linux-x86_64-fedora-gcc, r-devel-osx-x86_64-clang, r-devel-windows-ix86+x86_64, r-patched-linux-x86_64, r-patched-solaris-sparc, r-patched-solaris-x86, r-release-linux-ix86, r-release-linux-x86_64, r-release-windows-ix86+x86_64