CRAN Package Check Results for Package brglm

Last updated on 2014-09-21 23:47:14.

Flavor Version Tinstall Tcheck Ttotal Status Flags
r-devel-linux-x86_64-debian-clang 0.5-9 0.91 18.44 19.35 NOTE
r-devel-linux-x86_64-debian-gcc 0.5-9 0.94 17.90 18.84 NOTE
r-devel-linux-x86_64-fedora-clang 0.5-9 39.20 NOTE
r-devel-linux-x86_64-fedora-gcc 0.5-9 36.56 NOTE
r-devel-osx-x86_64-clang 0.5-9 40.22 NOTE
r-devel-windows-ix86+x86_64 0.5-9 4.00 40.00 44.00 NOTE
r-patched-linux-x86_64 0.5-9 0.92 18.80 19.72 NOTE
r-patched-solaris-sparc 0.5-9 220.40 NOTE
r-patched-solaris-x86 0.5-9 50.20 NOTE
r-release-linux-ix86 0.5-9 1.46 26.36 27.82 NOTE
r-release-linux-x86_64 0.5-9 0.97 19.12 20.09 NOTE
r-release-osx-x86_64-mavericks 0.5-9 NOTE
r-release-osx-x86_64-snowleopard 0.5-9 OK
r-release-windows-ix86+x86_64 0.5-9 5.00 40.00 45.00 NOTE
r-oldrel-windows-ix86+x86_64 0.5-9 5.00 41.00 46.00 NOTE

Check Details

Version: 0.5-9
Check: dependencies in R code
Result: NOTE
    Package in Depends field not imported from: ‘profileModel’
     These packages need to be imported from (in the NAMESPACE file)
     for when this namespace is loaded but not attached.
    See the information on DESCRIPTION files in the chapter ‘Creating R
    packages’ of the ‘Writing R Extensions’ manual.
Flavors: r-devel-linux-x86_64-debian-clang, r-devel-linux-x86_64-debian-gcc, r-devel-linux-x86_64-fedora-clang, r-devel-linux-x86_64-fedora-gcc, r-devel-osx-x86_64-clang, r-devel-windows-ix86+x86_64, r-patched-linux-x86_64, r-patched-solaris-sparc, r-patched-solaris-x86, r-release-linux-ix86, r-release-linux-x86_64, r-release-osx-x86_64-mavericks, r-release-windows-ix86+x86_64, r-oldrel-windows-ix86+x86_64

Version: 0.5-9
Check: R code for possible problems
Result: NOTE
    confint.profile.brglm: no visible global function definition for
     ‘profConfint’
    profile.brglm: no visible global function definition for ‘profileModel’
Flavors: r-devel-linux-x86_64-debian-clang, r-devel-linux-x86_64-debian-gcc, r-devel-linux-x86_64-fedora-clang, r-devel-linux-x86_64-fedora-gcc, r-devel-osx-x86_64-clang, r-devel-windows-ix86+x86_64