CRAN Package Check Results for Package brglm

Last updated on 2014-07-22 19:47:47.

Flavor Version Tinstall Tcheck Ttotal Status Flags
r-devel-linux-x86_64-debian-clang 0.5-9 0.98 18.56 19.54 NOTE
r-devel-linux-x86_64-debian-gcc 0.5-9 0.92 18.49 19.41 NOTE
r-devel-linux-x86_64-fedora-clang 0.5-9 41.35 NOTE
r-devel-linux-x86_64-fedora-gcc 0.5-9 38.78 NOTE
r-devel-osx-x86_64-clang 0.5-9 39.98 NOTE
r-devel-windows-ix86+x86_64 0.5-9 5.00 39.00 44.00 NOTE
r-patched-linux-x86_64 0.5-9 0.95 18.75 19.70 NOTE
r-patched-solaris-sparc 0.5-9 221.40 NOTE
r-patched-solaris-x86 0.5-9 51.00 NOTE
r-release-linux-ix86 0.5-9 1.44 26.25 27.69 NOTE
r-release-linux-x86_64 0.5-9 1.02 19.16 20.18 NOTE
r-release-osx-x86_64-mavericks 0.5-9 NOTE
r-release-osx-x86_64-snowleopard 0.5-9 OK
r-release-windows-ix86+x86_64 0.5-9 5.00 42.00 47.00 NOTE
r-oldrel-windows-ix86+x86_64 0.5-9 6.00 44.00 50.00 NOTE

Check Details

Version: 0.5-9
Check: dependencies in R code
Result: NOTE
    Package in Depends field not imported from: ‘profileModel’
     These packages need to be imported from (in the NAMESPACE file)
     for when this namespace is loaded but not attached.
    See the information on DESCRIPTION files in the chapter ‘Creating R
    packages’ of the ‘Writing R Extensions’ manual.
Flavors: r-devel-linux-x86_64-debian-clang, r-devel-linux-x86_64-debian-gcc, r-devel-linux-x86_64-fedora-clang, r-devel-linux-x86_64-fedora-gcc, r-devel-osx-x86_64-clang, r-devel-windows-ix86+x86_64, r-patched-linux-x86_64, r-patched-solaris-sparc, r-patched-solaris-x86, r-release-linux-ix86, r-release-linux-x86_64, r-release-osx-x86_64-mavericks, r-release-windows-ix86+x86_64, r-oldrel-windows-ix86+x86_64