CRAN Package Check Results for Package briqr

Last updated on 2019-07-19 12:55:18 CEST.

Flavor Version Tinstall Tcheck Ttotal Status Flags
r-devel-linux-x86_64-debian-clang 0.1.0 1.68 18.62 20.30 OK
r-devel-linux-x86_64-debian-gcc 0.1.0 1.26 15.69 16.95 OK
r-devel-linux-x86_64-fedora-clang 0.1.0 24.81 OK
r-devel-linux-x86_64-fedora-gcc 0.1.0 23.86 OK
r-devel-windows-ix86+x86_64 0.1.0 5.00 32.00 37.00 OK
r-patched-linux-x86_64 0.1.0 1.58 18.60 20.18 OK
r-patched-solaris-x86 0.1.0 39.40 OK
r-release-linux-x86_64 0.1.0 1.56 18.79 20.35 OK
r-release-windows-ix86+x86_64 0.1.0 5.00 33.00 38.00 OK
r-release-osx-x86_64 0.1.0 OK
r-oldrel-osx-x86_64 0.1.0 ERROR

Check Details

Version: 0.1.0
Check: whether package can be installed
Result: ERROR
    Installation failed.
Flavor: r-oldrel-osx-x86_64