CRAN Package Check Results for Package briqr

Last updated on 2019-10-24 03:58:26 CEST.

Flavor Version Tinstall Tcheck Ttotal Status Flags
r-devel-linux-x86_64-debian-clang 0.1.0 1.92 18.48 20.40 OK
r-devel-linux-x86_64-debian-gcc 0.1.0 1.57 14.97 16.54 OK
r-devel-linux-x86_64-fedora-clang 0.1.0 25.61 OK
r-devel-linux-x86_64-fedora-gcc 0.1.0 24.24 OK
r-devel-windows-ix86+x86_64 0.1.0 6.00 31.00 37.00 OK
r-patched-linux-x86_64 0.1.0 1.48 18.28 19.76 OK
r-patched-solaris-x86 0.1.0 38.10 OK
r-release-linux-x86_64 0.1.0 1.52 18.20 19.72 OK
r-release-windows-ix86+x86_64 0.1.0 9.00 34.00 43.00 OK
r-release-osx-x86_64 0.1.0 OK
r-oldrel-osx-x86_64 0.1.0 ERROR

Check Details

Version: 0.1.0
Check: whether package can be installed
Result: ERROR
    Installation failed.
Flavor: r-oldrel-osx-x86_64