CRAN Package Check Results for Package brms

Last updated on 2022-12-04 09:55:13 CET.

Flavor Version Tinstall Tcheck Ttotal Status Flags
r-devel-linux-x86_64-debian-clang 2.18.0 55.31 648.58 703.89 NOTE
r-devel-linux-x86_64-debian-gcc 2.18.0 49.69 471.57 521.26 NOTE
r-devel-linux-x86_64-fedora-clang 2.18.0 880.27 NOTE
r-devel-linux-x86_64-fedora-gcc 2.18.0 914.19 NOTE
r-devel-windows-x86_64 2.18.0 303.00 236.00 539.00 NOTE --no-examples --no-tests --no-vignettes
r-patched-linux-x86_64 2.18.0 72.36 595.32 667.68 NOTE
r-release-linux-x86_64 2.18.0 49.16 545.22 594.38 NOTE
r-release-macos-arm64 2.18.0 141.00 NOTE
r-release-macos-x86_64 2.18.0 254.00 NOTE
r-release-windows-x86_64 2.18.0 304.00 202.00 506.00 NOTE --no-examples --no-tests --no-vignettes
r-oldrel-macos-arm64 2.18.0 162.00 NOTE
r-oldrel-macos-x86_64 2.18.0 279.00 NOTE
r-oldrel-windows-ix86+x86_64 2.18.0 113.00 235.00 348.00 NOTE --no-examples --no-tests --no-vignettes

Check Details

Version: 2.18.0
Check: package dependencies
Result: NOTE
    Package suggested but not available for checking: 'cmdstanr'
Flavors: r-devel-linux-x86_64-debian-clang, r-devel-linux-x86_64-debian-gcc, r-devel-linux-x86_64-fedora-clang, r-devel-linux-x86_64-fedora-gcc, r-patched-linux-x86_64, r-release-linux-x86_64, r-release-macos-arm64, r-release-macos-x86_64, r-oldrel-macos-arm64, r-oldrel-macos-x86_64

Version: 2.18.0
Check: installed package size
Result: NOTE
     installed size is 7.8Mb
     sub-directories of 1Mb or more:
     R 3.0Mb
     doc 3.7Mb
Flavors: r-devel-linux-x86_64-fedora-clang, r-release-macos-arm64, r-release-macos-x86_64, r-oldrel-macos-arm64, r-oldrel-macos-x86_64

Version: 2.18.0
Flags: --no-examples --no-tests --no-vignettes
Check: package dependencies
Result: NOTE
    Package suggested but not available for checking: 'cmdstanr'
Flavors: r-devel-windows-x86_64, r-release-windows-x86_64, r-oldrel-windows-ix86+x86_64

Version: 2.18.0
Flags: --no-examples --no-tests --no-vignettes
Check: installed package size
Result: NOTE
     installed size is 7.7Mb
     sub-directories of 1Mb or more:
     R 3.0Mb
     doc 3.6Mb
Flavors: r-devel-windows-x86_64, r-release-windows-x86_64, r-oldrel-windows-ix86+x86_64