CRAN Package Check Results for Package brms

Last updated on 2019-06-21 01:46:50 CEST.

Flavor Version Tinstall Tcheck Ttotal Status Flags
r-devel-linux-x86_64-debian-clang 2.9.0 42.66 491.81 534.47 OK
r-devel-linux-x86_64-debian-gcc 2.9.0 37.36 380.47 417.83 OK
r-devel-linux-x86_64-fedora-clang 2.9.0 624.67 NOTE
r-devel-linux-x86_64-fedora-gcc 2.9.0 604.70 OK
r-devel-windows-ix86+x86_64 2.9.0 90.00 193.00 283.00 NOTE --no-examples --no-tests --no-vignettes
r-patched-linux-x86_64 2.9.0 41.73 492.67 534.40 OK
r-patched-solaris-x86 2.9.0 884.10 NOTE
r-release-linux-x86_64 2.9.0 43.11 487.47 530.58 OK
r-release-windows-ix86+x86_64 2.9.0 114.00 272.00 386.00 NOTE --no-examples --no-tests --no-vignettes
r-release-osx-x86_64 2.9.0 NOTE
r-oldrel-windows-ix86+x86_64 2.9.0 58.00 260.00 318.00 NOTE --no-examples --no-tests --no-vignettes
r-oldrel-osx-x86_64 2.9.0 NOTE

Additional issues

MKL

Check Details

Version: 2.9.0
Check: installed package size
Result: NOTE
     installed size is 6.4Mb
     sub-directories of 1Mb or more:
     R 2.9Mb
     doc 2.6Mb
Flavors: r-devel-linux-x86_64-fedora-clang, r-patched-solaris-x86, r-release-osx-x86_64, r-oldrel-osx-x86_64

Version: 2.9.0
Flags: --no-examples --no-tests --no-vignettes
Check: installed package size
Result: NOTE
     installed size is 6.3Mb
     sub-directories of 1Mb or more:
     R 2.9Mb
     doc 2.6Mb
Flavors: r-devel-windows-ix86+x86_64, r-release-windows-ix86+x86_64, r-oldrel-windows-ix86+x86_64