CRAN Package Check Results for Package brms

Last updated on 2019-04-20 22:50:07 CEST.

Flavor Version Tinstall Tcheck Ttotal Status Flags
r-devel-linux-x86_64-debian-clang 2.8.0 42.87 474.85 517.72 OK
r-devel-linux-x86_64-debian-gcc 2.8.0 39.52 378.82 418.34 OK
r-devel-linux-x86_64-fedora-clang 2.8.0 595.02 NOTE
r-devel-linux-x86_64-fedora-gcc 2.8.0 581.65 OK
r-devel-windows-ix86+x86_64 2.8.0 107.00 181.00 288.00 NOTE --no-examples --no-tests --no-vignettes
r-patched-linux-x86_64 2.8.0 40.50 470.68 511.18 OK
r-patched-solaris-x86 2.8.0 817.50 NOTE
r-release-linux-x86_64 2.8.0 33.64 471.57 505.21 OK
r-release-windows-ix86+x86_64 2.8.0 56.00 245.00 301.00 NOTE --no-examples --no-tests --no-vignettes
r-release-osx-x86_64 2.8.0 NOTE
r-oldrel-windows-ix86+x86_64 2.8.0 53.00 265.00 318.00 NOTE --no-examples --no-tests --no-vignettes
r-oldrel-osx-x86_64 2.8.0 NOTE

Check Details

Version: 2.8.0
Check: installed package size
Result: NOTE
     installed size is 6.4Mb
     sub-directories of 1Mb or more:
     R 3.0Mb
     doc 2.4Mb
Flavors: r-devel-linux-x86_64-fedora-clang, r-patched-solaris-x86, r-release-osx-x86_64, r-oldrel-osx-x86_64

Version: 2.8.0
Flags: --no-examples --no-tests --no-vignettes
Check: installed package size
Result: NOTE
     installed size is 6.3Mb
     sub-directories of 1Mb or more:
     R 3.0Mb
     doc 2.4Mb
Flavors: r-devel-windows-ix86+x86_64, r-release-windows-ix86+x86_64, r-oldrel-windows-ix86+x86_64