Last updated on 2023-09-26 15:12:48 CEST.
Flavor | Version | Tinstall | Tcheck | Ttotal | Status | Flags |
---|---|---|---|---|---|---|
r-devel-linux-x86_64-debian-clang | 2.20.3 | 78.49 | 824.01 | 902.50 | NOTE | |
r-devel-linux-x86_64-debian-gcc | 2.20.3 | 61.11 | 592.47 | 653.58 | NOTE | |
r-devel-linux-x86_64-fedora-clang | 2.20.4 | 1131.94 | NOTE | |||
r-devel-linux-x86_64-fedora-gcc | 2.20.4 | 1131.35 | NOTE | |||
r-devel-windows-x86_64 | 2.20.3 | 67.00 | 253.00 | 320.00 | NOTE | --no-examples --no-tests --no-vignettes |
r-patched-linux-x86_64 | 2.20.3 | 74.73 | 736.86 | 811.59 | NOTE | |
r-release-linux-x86_64 | 2.20.3 | 54.90 | 772.42 | 827.32 | NOTE | |
r-release-macos-arm64 | 2.20.3 | 262.00 | NOTE | |||
r-release-macos-x86_64 | 2.20.4 | 432.00 | NOTE | |||
r-release-windows-x86_64 | 2.20.4 | 65.00 | 255.00 | 320.00 | NOTE | --no-examples --no-tests --no-vignettes |
r-oldrel-macos-arm64 | 2.20.3 | 235.00 | NOTE | |||
r-oldrel-macos-x86_64 | 2.20.3 | 325.00 | NOTE | |||
r-oldrel-windows-x86_64 | 2.20.3 | 87.00 | 233.00 | 320.00 | NOTE | --no-examples --no-tests --no-vignettes |
Version: 2.20.3
Check: package dependencies
Result: NOTE
Package suggested but not available for checking: ‘cmdstanr’
Flavors: r-devel-linux-x86_64-debian-clang, r-devel-linux-x86_64-debian-gcc, r-patched-linux-x86_64, r-release-linux-x86_64, r-release-macos-arm64, r-oldrel-macos-arm64, r-oldrel-macos-x86_64
Version: 2.20.4
Check: package dependencies
Result: NOTE
Package suggested but not available for checking: ‘cmdstanr’
Flavors: r-devel-linux-x86_64-fedora-clang, r-devel-linux-x86_64-fedora-gcc, r-release-macos-x86_64
Version: 2.20.4
Check: installed package size
Result: NOTE
installed size is 8.0Mb
sub-directories of 1Mb or more:
R 3.0Mb
doc 3.6Mb
Flavors: r-devel-linux-x86_64-fedora-clang, r-release-macos-x86_64
Version: 2.20.3
Flags: --no-examples --no-tests --no-vignettes
Check: package dependencies
Result: NOTE
Package suggested but not available for checking: 'cmdstanr'
Flavors: r-devel-windows-x86_64, r-oldrel-windows-x86_64
Version: 2.20.3
Flags: --no-examples --no-tests --no-vignettes
Check: installed package size
Result: NOTE
installed size is 7.9Mb
sub-directories of 1Mb or more:
R 3.0Mb
doc 3.6Mb
Flavors: r-devel-windows-x86_64, r-oldrel-windows-x86_64
Version: 2.20.3
Check: installed package size
Result: NOTE
installed size is 8.2Mb
sub-directories of 1Mb or more:
R 3.3Mb
doc 3.5Mb
Flavors: r-release-macos-arm64, r-oldrel-macos-arm64, r-oldrel-macos-x86_64
Version: 2.20.4
Flags: --no-examples --no-tests --no-vignettes
Check: package dependencies
Result: NOTE
Package suggested but not available for checking: 'cmdstanr'
Flavor: r-release-windows-x86_64
Version: 2.20.4
Flags: --no-examples --no-tests --no-vignettes
Check: installed package size
Result: NOTE
installed size is 7.9Mb
sub-directories of 1Mb or more:
R 3.0Mb
doc 3.6Mb
Flavor: r-release-windows-x86_64