CRAN Package Check Results for Package brms

Last updated on 2024-06-21 19:57:58 CEST.

Flavor Version Tinstall Tcheck Ttotal Status Flags
r-devel-linux-x86_64-debian-clang 2.21.0 91.67 771.12 862.79 NOTE
r-devel-linux-x86_64-debian-gcc 2.21.0 69.96 547.96 617.92 NOTE
r-devel-linux-x86_64-fedora-clang 2.21.0 1041.28 NOTE
r-devel-linux-x86_64-fedora-gcc 2.21.0 956.99 NOTE
r-devel-windows-x86_64 2.21.0 55.00 224.00 279.00 NOTE --no-examples --no-tests --no-vignettes
r-patched-linux-x86_64 2.21.0 73.77 718.12 791.89 NOTE
r-release-linux-x86_64 2.21.0 69.73 737.02 806.75 NOTE
r-release-macos-arm64 2.21.0 242.00 NOTE
r-release-macos-x86_64 2.21.0 789.00 NOTE
r-release-windows-x86_64 2.21.0 57.00 238.00 295.00 NOTE --no-examples --no-tests --no-vignettes
r-oldrel-macos-arm64 2.21.0 243.00 NOTE
r-oldrel-macos-x86_64 2.21.0 648.00 NOTE
r-oldrel-windows-x86_64 2.21.0 78.00 228.00 306.00 NOTE --no-examples --no-tests --no-vignettes

Check Details

Version: 2.21.0
Check: package dependencies
Result: NOTE Package suggested but not available for checking: ‘cmdstanr’ Flavors: r-devel-linux-x86_64-debian-clang, r-devel-linux-x86_64-debian-gcc, r-devel-linux-x86_64-fedora-clang, r-devel-linux-x86_64-fedora-gcc, r-patched-linux-x86_64, r-release-linux-x86_64, r-release-macos-arm64, r-release-macos-x86_64, r-oldrel-macos-arm64, r-oldrel-macos-x86_64

Version: 2.21.0
Check: installed package size
Result: NOTE installed size is 8.7Mb sub-directories of 1Mb or more: R 3.7Mb doc 3.6Mb Flavors: r-devel-linux-x86_64-fedora-clang, r-release-macos-arm64, r-release-macos-x86_64, r-oldrel-macos-arm64, r-oldrel-macos-x86_64

Version: 2.21.0
Flags: --no-examples --no-tests --no-vignettes
Check: package dependencies
Result: NOTE Package suggested but not available for checking: 'cmdstanr' Flavors: r-devel-windows-x86_64, r-release-windows-x86_64, r-oldrel-windows-x86_64

Version: 2.21.0
Flags: --no-examples --no-tests --no-vignettes
Check: installed package size
Result: NOTE installed size is 8.6Mb sub-directories of 1Mb or more: R 3.7Mb doc 3.6Mb Flavors: r-devel-windows-x86_64, r-release-windows-x86_64, r-oldrel-windows-x86_64