CRAN Package Check Results for Package brms

Last updated on 2019-12-10 17:49:55 CET.

Flavor Version Tinstall Tcheck Ttotal Status Flags
r-devel-linux-x86_64-debian-clang 2.10.0 47.00 570.69 617.69 OK
r-devel-linux-x86_64-debian-gcc 2.10.0 41.60 434.30 475.90 OK
r-devel-linux-x86_64-fedora-clang 2.10.0 760.11 NOTE
r-devel-linux-x86_64-fedora-gcc 2.10.0 717.64 OK
r-devel-windows-ix86+x86_64 2.10.0 86.00 280.00 366.00 NOTE --no-examples --no-tests --no-vignettes
r-devel-windows-ix86+x86_64-gcc8 2.10.0 73.00 200.00 273.00 NOTE --no-examples --no-tests --no-vignettes
r-patched-linux-x86_64 2.10.0 38.18 500.39 538.57 OK
r-patched-solaris-x86 2.10.0 886.70 NOTE
r-release-linux-x86_64 2.10.0 44.28 503.43 547.71 OK
r-release-windows-ix86+x86_64 2.10.0 77.00 188.00 265.00 NOTE --no-examples --no-tests --no-vignettes
r-release-osx-x86_64 2.10.0 NOTE
r-oldrel-windows-ix86+x86_64 2.10.0 51.00 262.00 313.00 NOTE --no-examples --no-tests --no-vignettes
r-oldrel-osx-x86_64 2.10.0 NOTE

Check Details

Version: 2.10.0
Check: installed package size
Result: NOTE
     installed size is 6.5Mb
     sub-directories of 1Mb or more:
     R 2.9Mb
     doc 2.6Mb
Flavors: r-devel-linux-x86_64-fedora-clang, r-patched-solaris-x86, r-release-osx-x86_64, r-oldrel-osx-x86_64

Version: 2.10.0
Flags: --no-examples --no-tests --no-vignettes
Check: installed package size
Result: NOTE
     installed size is 6.4Mb
     sub-directories of 1Mb or more:
     R 2.9Mb
     doc 2.6Mb
Flavors: r-devel-windows-ix86+x86_64, r-devel-windows-ix86+x86_64-gcc8, r-release-windows-ix86+x86_64, r-oldrel-windows-ix86+x86_64