CRAN Package Check Results for Package broom

Last updated on 2021-01-26 16:47:41 CET.

Flavor Version Tinstall Tcheck Ttotal Status Flags
r-devel-linux-x86_64-debian-clang 0.7.3 15.34 186.24 201.58 ERROR
r-devel-linux-x86_64-debian-gcc 0.7.3 11.54 136.39 147.93 ERROR
r-devel-linux-x86_64-fedora-clang 0.7.3 237.38 ERROR
r-devel-linux-x86_64-fedora-gcc 0.7.3 244.26 ERROR
r-devel-windows-ix86+x86_64 0.7.3 26.00 256.00 282.00 ERROR
r-patched-linux-x86_64 0.7.3 11.01 177.14 188.15 ERROR
r-patched-solaris-x86 0.7.3 303.20 ERROR
r-release-linux-x86_64 0.7.3 10.91 176.83 187.74 ERROR
r-release-macos-x86_64 0.7.3 OK
r-release-windows-ix86+x86_64 0.7.3 27.00 193.00 220.00 ERROR
r-oldrel-macos-x86_64 0.7.3 NOTE
r-oldrel-windows-ix86+x86_64 0.7.3 18.00 218.00 236.00 ERROR

Check Details

Version: 0.7.3
Check: examples
Result: ERROR
    Running examples in 'broom-Ex.R' failed
    The error most likely occurred in:
    
    > base::assign(".ptime", proc.time(), pos = "CheckExEnv")
    > ### Name: glance.speedglm
    > ### Title: Glance at a(n) speedglm object
    > ### Aliases: glance.speedglm
    >
    > ### ** Examples
    >
    >
    > library(speedglm)
    Loading required package: Matrix
    Loading required package: MASS
    >
    > clotting <- data.frame(
    + u = c(5, 10, 15, 20, 30, 40, 60, 80, 100),
    + lot1 = c(118, 58, 42, 35, 27, 25, 21, 19, 18)
    + )
    >
    > fit <- speedglm(lot1 ~ log(u), data = clotting, family = Gamma(log))
    >
    > tidy(fit)
    Error: Assigned data `as.numeric(levels(ret$p.value))[ret$p.value]` must be compatible with existing data.
    x Existing data has 2 rows.
    x Assigned data has 0 rows.
    i Only vectors of size 1 are recycled.
    Backtrace:
     x
     1. +-generics::tidy(fit)
     2. +-broom:::tidy.speedglm(fit)
     3. | +-base::`$<-`(`*tmp*`, "p.value", value = numeric(0))
     4. | \-tibble:::`$<-.tbl_df`(`*tmp*`, "p.value", value = numeric(0))
     5. | \-tibble:::tbl_subassign(...)
     6. | \-tibble:::vectbl_recycle_rhs(...)
     7. | +-base::withCallingHandlers(...)
     8. | \-vctrs::vec_recycle(value[[j]], nrow)
     9. +-vctrs:::stop_recycle_incompatible_size(...)
     10. | \-vctrs:::stop_vctrs(...)
     11. | \-rlang::abort(message, class = c(class, "vctrs_error"), ...)
     12. | \-rlang:::signal_abort(cnd)
     13. | \-base::signalCondition(cnd)
     14. \-(function (cnd) ...
    Execution halted
Flavor: r-devel-linux-x86_64-debian-clang

Version: 0.7.3
Check: examples
Result: ERROR
    Running examples in ‘broom-Ex.R’ failed
    The error most likely occurred in:
    
    > base::assign(".ptime", proc.time(), pos = "CheckExEnv")
    > ### Name: glance.speedglm
    > ### Title: Glance at a(n) speedglm object
    > ### Aliases: glance.speedglm
    >
    > ### ** Examples
    >
    >
    > library(speedglm)
    Loading required package: Matrix
    Loading required package: MASS
    >
    > clotting <- data.frame(
    + u = c(5, 10, 15, 20, 30, 40, 60, 80, 100),
    + lot1 = c(118, 58, 42, 35, 27, 25, 21, 19, 18)
    + )
    >
    > fit <- speedglm(lot1 ~ log(u), data = clotting, family = Gamma(log))
    >
    > tidy(fit)
    Error: Assigned data `as.numeric(levels(ret$p.value))[ret$p.value]` must be compatible with existing data.
    ✖ Existing data has 2 rows.
    ✖ Assigned data has 0 rows.
    ℹ Only vectors of size 1 are recycled.
    Backtrace:
     █
     1. ├─generics::tidy(fit)
     2. ├─broom:::tidy.speedglm(fit)
     3. │ ├─base::`$<-`(`*tmp*`, "p.value", value = numeric(0))
     4. │ └─tibble:::`$<-.tbl_df`(`*tmp*`, "p.value", value = numeric(0))
     5. │ └─tibble:::tbl_subassign(...)
     6. │ └─tibble:::vectbl_recycle_rhs(...)
     7. │ ├─base::withCallingHandlers(...)
     8. │ └─vctrs::vec_recycle(value[[j]], nrow)
     9. ├─vctrs:::stop_recycle_incompatible_size(...)
     10. │ └─vctrs:::stop_vctrs(...)
     11. │ └─rlang::abort(message, class = c(class, "vctrs_error"), ...)
     12. │ └─rlang:::signal_abort(cnd)
     13. │ └─base::signalCondition(cnd)
     14. └─(function (cnd) ...
    Execution halted
Flavors: r-devel-linux-x86_64-debian-gcc, r-patched-linux-x86_64, r-release-linux-x86_64

Version: 0.7.3
Check: examples
Result: ERROR
    Running examples in ‘broom-Ex.R’ failed
    The error most likely occurred in:
    
    > ### Name: glance.speedglm
    > ### Title: Glance at a(n) speedglm object
    > ### Aliases: glance.speedglm
    >
    > ### ** Examples
    >
    >
    > library(speedglm)
    Loading required package: Matrix
    Loading required package: MASS
    >
    > clotting <- data.frame(
    + u = c(5, 10, 15, 20, 30, 40, 60, 80, 100),
    + lot1 = c(118, 58, 42, 35, 27, 25, 21, 19, 18)
    + )
    >
    > fit <- speedglm(lot1 ~ log(u), data = clotting, family = Gamma(log))
    >
    > tidy(fit)
    Error: Assigned data `as.numeric(levels(ret$p.value))[ret$p.value]` must be compatible with existing data.
    ✖ Existing data has 2 rows.
    ✖ Assigned data has 0 rows.
    ℹ Only vectors of size 1 are recycled.
    Backtrace:
     █
     1. ├─generics::tidy(fit)
     2. ├─broom:::tidy.speedglm(fit)
     3. │ ├─base::`$<-`(`*tmp*`, "p.value", value = numeric(0))
     4. │ └─tibble:::`$<-.tbl_df`(`*tmp*`, "p.value", value = numeric(0))
     5. │ └─tibble:::tbl_subassign(...)
     6. │ └─tibble:::vectbl_recycle_rhs(...)
     7. │ ├─base::withCallingHandlers(...)
     8. │ └─vctrs::vec_recycle(value[[j]], nrow)
     9. ├─vctrs:::stop_recycle_incompatible_size(...)
     10. │ └─vctrs:::stop_vctrs(...)
     11. │ └─rlang::abort(message, class = c(class, "vctrs_error"), ...)
     12. │ └─rlang:::signal_abort(cnd)
     13. │ └─base::signalCondition(cnd)
     14. └─(function (cnd) ...
    Execution halted
Flavors: r-devel-linux-x86_64-fedora-clang, r-devel-linux-x86_64-fedora-gcc, r-patched-solaris-x86

Version: 0.7.3
Check: examples
Result: ERROR
    Running examples in 'broom-Ex.R' failed
    The error most likely occurred in:
    
    > ### Name: glance.speedglm
    > ### Title: Glance at a(n) speedglm object
    > ### Aliases: glance.speedglm
    >
    > ### ** Examples
    >
    >
    > library(speedglm)
    Loading required package: Matrix
    Loading required package: MASS
    >
    > clotting <- data.frame(
    + u = c(5, 10, 15, 20, 30, 40, 60, 80, 100),
    + lot1 = c(118, 58, 42, 35, 27, 25, 21, 19, 18)
    + )
    >
    > fit <- speedglm(lot1 ~ log(u), data = clotting, family = Gamma(log))
    >
    > tidy(fit)
    Error: Assigned data `as.numeric(levels(ret$p.value))[ret$p.value]` must be compatible with existing data.
    x Existing data has 2 rows.
    x Assigned data has 0 rows.
    i Only vectors of size 1 are recycled.
    Backtrace:
     x
     1. +-generics::tidy(fit)
     2. +-broom:::tidy.speedglm(fit)
     3. | +-base::`$<-`(`*tmp*`, "p.value", value = numeric(0))
     4. | \-tibble:::`$<-.tbl_df`(`*tmp*`, "p.value", value = numeric(0))
     5. | \-tibble:::tbl_subassign(...)
     6. | \-tibble:::vectbl_recycle_rhs(...)
     7. | +-base::withCallingHandlers(...)
     8. | \-vctrs::vec_recycle(value[[j]], nrow)
     9. +-vctrs:::stop_recycle_incompatible_size(...)
     10. | \-vctrs:::stop_vctrs(...)
     11. | \-rlang::abort(message, class = c(class, "vctrs_error"), ...)
     12. | \-rlang:::signal_abort(cnd)
     13. | \-base::signalCondition(cnd)
     14. \-(function (cnd) ...
    Execution halted
Flavors: r-devel-windows-ix86+x86_64, r-release-windows-ix86+x86_64, r-oldrel-windows-ix86+x86_64

Version: 0.7.3
Check: dependencies in R code
Result: NOTE
    No protocol specified
    No protocol specified
Flavor: r-oldrel-macos-x86_64