CRAN Package Check Results for Package brotli

Last updated on 2019-07-18 15:47:21 CEST.

Flavor Version Tinstall Tcheck Ttotal Status Flags
r-devel-linux-x86_64-debian-clang 1.2 40.93 33.40 74.33 OK
r-devel-linux-x86_64-debian-gcc 1.2 23.80 27.12 50.92 OK
r-devel-linux-x86_64-fedora-clang 1.2 87.49 NOTE
r-devel-linux-x86_64-fedora-gcc 1.2 79.42 OK
r-devel-windows-ix86+x86_64 1.2 87.00 78.00 165.00 OK
r-patched-linux-x86_64 1.2 30.72 33.68 64.40 OK
r-patched-solaris-x86 1.2 174.90 NOTE
r-release-linux-x86_64 1.2 30.64 33.02 63.66 OK
r-release-windows-ix86+x86_64 1.2 73.00 75.00 148.00 OK
r-release-osx-x86_64 1.2 OK
r-oldrel-windows-ix86+x86_64 1.2 62.00 77.00 139.00 OK
r-oldrel-osx-x86_64 1.2 OK

Check Details

Version: 1.2
Check: installed package size
Result: NOTE
     installed size is 6.0Mb
     sub-directories of 1Mb or more:
     bin 2.4Mb
     doc 1.1Mb
     libs 2.4Mb
Flavors: r-devel-linux-x86_64-fedora-clang, r-patched-solaris-x86