CRAN Package Check Results for Package brotli

Last updated on 2020-09-29 15:47:30 CEST.

Flavor Version Tinstall Tcheck Ttotal Status Flags
r-devel-linux-x86_64-debian-clang 1.2 49.70 33.66 83.36 OK
r-devel-linux-x86_64-debian-gcc 1.2 27.01 26.62 53.63 OK
r-devel-linux-x86_64-fedora-clang 1.2 105.88 NOTE
r-devel-linux-x86_64-fedora-gcc 1.2 87.04 OK
r-devel-windows-ix86+x86_64 1.2 74.00 58.00 132.00 OK
r-patched-linux-x86_64 1.2 37.94 33.02 70.96 OK
r-patched-solaris-x86 1.2 139.40 NOTE
r-release-linux-x86_64 1.2 37.81 32.95 70.76 OK
r-release-macos-x86_64 1.2 OK
r-release-windows-ix86+x86_64 1.2 85.00 62.00 147.00 OK
r-oldrel-macos-x86_64 1.2 OK
r-oldrel-windows-ix86+x86_64 1.2 76.00 78.00 154.00 OK

Check Details

Version: 1.2
Check: installed package size
Result: NOTE
     installed size is 6.6Mb
     sub-directories of 1Mb or more:
     bin 2.7Mb
     doc 1.1Mb
     libs 2.6Mb
Flavors: r-devel-linux-x86_64-fedora-clang, r-patched-solaris-x86