CRAN Package Check Results for Package brotli

Last updated on 2019-05-22 04:46:27 CEST.

Flavor Version Tinstall Tcheck Ttotal Status Flags
r-devel-linux-x86_64-debian-clang 1.2 39.58 33.63 73.21 OK
r-devel-linux-x86_64-debian-gcc 1.2 23.39 27.14 50.53 OK
r-devel-linux-x86_64-fedora-clang 1.2 89.00 NOTE
r-devel-linux-x86_64-fedora-gcc 1.2 77.04 OK
r-devel-windows-ix86+x86_64 1.2 74.00 58.00 132.00 OK
r-patched-linux-x86_64 1.2 29.87 33.56 63.43 OK
r-patched-solaris-x86 1.2 126.60 NOTE
r-release-linux-x86_64 1.2 29.73 33.56 63.29 OK
r-release-windows-ix86+x86_64 1.2 94.00 72.00 166.00 OK
r-release-osx-x86_64 1.2 OK
r-oldrel-windows-ix86+x86_64 1.2 68.00 51.00 119.00 OK
r-oldrel-osx-x86_64 1.2 OK

Check Details

Version: 1.2
Check: installed package size
Result: NOTE
     installed size is 6.0Mb
     sub-directories of 1Mb or more:
     bin 2.4Mb
     doc 1.1Mb
     libs 2.4Mb
Flavors: r-devel-linux-x86_64-fedora-clang, r-patched-solaris-x86