CRAN Package Check Results for Package brotli

Last updated on 2020-05-28 16:49:34 CEST.

Flavor Version Tinstall Tcheck Ttotal Status Flags
r-devel-linux-x86_64-debian-clang 1.2 49.71 33.06 82.77 OK
r-devel-linux-x86_64-debian-gcc 1.2 27.33 26.50 53.83 OK
r-devel-linux-x86_64-fedora-clang 1.2 93.72 NOTE
r-devel-linux-x86_64-fedora-gcc 1.2 83.93 OK
r-devel-windows-ix86+x86_64 1.2 88.00 79.00 167.00 OK
r-patched-linux-x86_64 1.2 31.71 32.96 64.67 OK
r-patched-solaris-x86 1.2 130.40 NOTE
r-release-linux-x86_64 1.2 31.88 32.67 64.55 OK
r-release-osx-x86_64 1.2 OK
r-release-windows-ix86+x86_64 1.2 68.00 63.00 131.00 OK
r-oldrel-osx-x86_64 1.2 OK
r-oldrel-windows-ix86+x86_64 1.2 98.00 58.00 156.00 OK

Check Details

Version: 1.2
Check: installed package size
Result: NOTE
     installed size is 6.6Mb
     sub-directories of 1Mb or more:
     bin 2.7Mb
     doc 1.1Mb
     libs 2.6Mb
Flavors: r-devel-linux-x86_64-fedora-clang, r-patched-solaris-x86