CRAN Package Check Results for Package bsam

Last updated on 2019-01-16 13:50:40 CET.

Flavor Version Tinstall Tcheck Ttotal Status Flags
r-devel-linux-x86_64-debian-clang 1.1.2 8.03 75.17 83.20 OK
r-devel-linux-x86_64-debian-gcc 1.1.2 6.99 61.24 68.23 OK
r-devel-linux-x86_64-fedora-clang 1.1.2 94.89 NOTE
r-devel-linux-x86_64-fedora-gcc 1.1.2 88.15 NOTE
r-devel-windows-ix86+x86_64 1.1.2 14.00 80.00 94.00 OK
r-patched-linux-x86_64 1.1.2 7.61 68.58 76.19 OK
r-patched-solaris-x86 1.1.2 163.00 NOTE
r-release-linux-x86_64 1.1.2 6.86 68.57 75.43 OK
r-release-windows-ix86+x86_64 1.1.2 23.00 86.00 109.00 OK
r-release-osx-x86_64 1.1.2 NOTE
r-oldrel-windows-ix86+x86_64 1.1.2 12.00 79.00 91.00 OK
r-oldrel-osx-x86_64 1.1.2 NOTE

Check Details

Version: 1.1.2
Check: dependencies in R code
Result: NOTE
    Namespaces in Imports field not imported from:
     ‘rworldxtra’ ‘sp’
     All declared Imports should be used.
Flavors: r-devel-linux-x86_64-fedora-clang, r-devel-linux-x86_64-fedora-gcc, r-patched-solaris-x86, r-release-osx-x86_64, r-oldrel-osx-x86_64