CRAN Package Check Results for Package bsam

Last updated on 2018-10-21 12:46:21 CEST.

Flavor Version Tinstall Tcheck Ttotal Status Flags
r-devel-linux-x86_64-debian-clang 1.1.2 7.92 84.30 92.22 OK
r-devel-linux-x86_64-debian-gcc 1.1.2 6.72 69.60 76.32 OK
r-devel-linux-x86_64-fedora-clang 1.1.2 107.33 NOTE
r-devel-linux-x86_64-fedora-gcc 1.1.2 103.69 NOTE
r-devel-windows-ix86+x86_64 1.1.2 19.00 124.00 143.00 OK
r-patched-linux-x86_64 1.1.2 6.40 67.55 73.95 OK
r-patched-solaris-x86 1.1.2 142.70 NOTE
r-release-linux-x86_64 1.1.2 6.18 67.00 73.18 OK
r-release-windows-ix86+x86_64 1.1.2 17.00 106.00 123.00 OK
r-release-osx-x86_64 1.1.2 NOTE
r-oldrel-windows-ix86+x86_64 1.1.2 10.00 113.00 123.00 OK
r-oldrel-osx-x86_64 1.1.2 NOTE

Check Details

Version: 1.1.2
Check: dependencies in R code
Result: NOTE
    Namespaces in Imports field not imported from:
     ‘rworldxtra’ ‘sp’
     All declared Imports should be used.
Flavors: r-devel-linux-x86_64-fedora-clang, r-devel-linux-x86_64-fedora-gcc, r-patched-solaris-x86, r-release-osx-x86_64, r-oldrel-osx-x86_64