CRAN Package Check Results for Package bsam

Last updated on 2018-07-22 23:47:54 CEST.

Flavor Version Tinstall Tcheck Ttotal Status Flags
r-devel-linux-x86_64-debian-clang 1.1.2 8.29 85.08 93.37 OK
r-devel-linux-x86_64-debian-gcc 1.1.2 6.62 68.45 75.07 OK
r-devel-linux-x86_64-fedora-clang 1.1.2 106.58 NOTE
r-devel-linux-x86_64-fedora-gcc 1.1.2 101.77 NOTE
r-devel-windows-ix86+x86_64 1.1.2 22.00 82.00 104.00 OK
r-patched-linux-x86_64 1.1.2 OK
r-patched-solaris-x86 1.1.2 145.70 NOTE
r-release-linux-x86_64 1.1.2 5.02 69.85 74.87 OK
r-release-windows-ix86+x86_64 1.1.2 12.00 79.00 91.00 OK
r-release-osx-x86_64 1.1.2 NOTE
r-oldrel-windows-ix86+x86_64 1.1.2 12.00 109.00 121.00 OK
r-oldrel-osx-x86_64 1.1.2 NOTE

Check Details

Version: 1.1.2
Check: dependencies in R code
Result: NOTE
    Namespaces in Imports field not imported from:
     ‘rworldxtra’ ‘sp’
     All declared Imports should be used.
Flavors: r-devel-linux-x86_64-fedora-clang, r-devel-linux-x86_64-fedora-gcc, r-patched-solaris-x86, r-release-osx-x86_64, r-oldrel-osx-x86_64