CRAN Package Check Results for Package bsam

Last updated on 2018-04-19 22:48:07 CEST.

Flavor Version Tinstall Tcheck Ttotal Status Flags
r-devel-linux-x86_64-debian-clang 1.1.2 8.15 60.33 68.48 OK
r-devel-linux-x86_64-debian-gcc 1.1.2 6.15 55.82 61.97 OK
r-devel-linux-x86_64-fedora-clang 1.1.2 85.80 NOTE
r-devel-linux-x86_64-fedora-gcc 1.1.2 85.71 NOTE
r-devel-windows-ix86+x86_64 1.1.2 20.00 112.00 132.00 OK
r-devel-osx-x86_64 1.1.2 NOTE
r-patched-linux-x86_64 1.1.2 6.57 65.06 71.63 OK
r-patched-solaris-x86 1.1.2 142.40 NOTE
r-release-linux-x86_64 1.1.2 5.73 67.86 73.59 OK
r-release-windows-ix86+x86_64 1.1.2 15.00 83.00 98.00 OK
r-release-osx-x86_64 1.1.2 NOTE
r-oldrel-windows-ix86+x86_64 1.1.2 10.00 111.00 121.00 OK

Check Details

Version: 1.1.2
Check: dependencies in R code
Result: NOTE
    Namespaces in Imports field not imported from:
     ‘rworldxtra’ ‘sp’
     All declared Imports should be used.
Flavors: r-devel-linux-x86_64-fedora-clang, r-devel-linux-x86_64-fedora-gcc, r-devel-osx-x86_64, r-patched-solaris-x86, r-release-osx-x86_64