CRAN Package Check Results for Package bsgof

Last updated on 2024-03-05 00:51:33 CET.

Flavor Version Tinstall Tcheck Ttotal Status Flags
r-devel-linux-x86_64-debian-clang 0.23.8 2.70 23.96 26.66 OK
r-devel-linux-x86_64-debian-gcc 0.23.8 1.85 18.41 20.26 OK
r-devel-linux-x86_64-fedora-clang 0.23.8 33.11 NOTE
r-devel-linux-x86_64-fedora-gcc 0.23.8 31.63 OK
r-devel-windows-x86_64 0.23.8 3.00 39.00 42.00 OK
r-patched-linux-x86_64 0.23.8 2.19 23.64 25.83 OK
r-release-linux-x86_64 0.23.8 2.79 23.67 26.46 OK
r-release-macos-arm64 0.23.8 19.00 OK
r-release-macos-x86_64 0.23.8 33.00 OK
r-release-windows-x86_64 0.23.8 7.00 39.00 46.00 OK
r-oldrel-macos-arm64 0.23.8 22.00 OK
r-oldrel-windows-x86_64 0.23.8 9.00 41.00 50.00 OK

Check Details

Version: 0.23.8
Check: Rd cross-references
Result: NOTE Undeclared package ‘weibullness’ in Rd xrefs Flavor: r-devel-linux-x86_64-fedora-clang