CRAN Package Check Results for Package bspec

Last updated on 2015-07-31 11:49:02.

Flavor Version Tinstall Tcheck Ttotal Status Flags
r-devel-linux-x86_64-debian-clang 1.5 0.64 12.19 12.83 NOTE
r-devel-linux-x86_64-debian-gcc 1.5 0.84 12.26 13.10 NOTE
r-devel-linux-x86_64-fedora-clang 1.5 24.59 NOTE
r-devel-linux-x86_64-fedora-gcc 1.5 23.22 NOTE
r-devel-osx-x86_64-clang 1.5 24.16 OK
r-devel-windows-ix86+x86_64 1.5 3.00 22.00 25.00 NOTE
r-patched-linux-x86_64 1.5 0.65 12.54 13.19 OK
r-patched-solaris-sparc 1.5 158.60 OK
r-patched-solaris-x86 1.5 34.60 OK
r-release-linux-x86_64 1.5 0.68 12.40 13.08 OK
r-release-osx-x86_64-mavericks 1.5 OK
r-release-windows-ix86+x86_64 1.5 3.00 22.00 25.00 OK
r-oldrel-windows-ix86+x86_64 1.5 3.00 24.00 27.00 OK

Check Details

Version: 1.5
Check: R code for possible problems
Result: NOTE
    plot.bspec: no visible global function definition for ‘par’
    plot.bspec: no visible global function definition for ‘plot’
    plot.bspec: no visible global function definition for ‘matlines’
    plot.bspec: no visible global function definition for ‘points’
    plot.bspec: no visible global function definition for ‘axis’
    plot.bspec: no visible global function definition for ‘mtext’
    plot.bspec: no visible global function definition for ‘axTicks’
    plot.bspec: no visible global function definition for ‘box’
    plot.bspecACF: no visible global function definition for ‘plot’
    plot.bspecACF: no visible global function definition for ‘abline’
    plot.bspecACF: no visible global function definition for ‘matlines’
    Undefined global functions or variables:
     abline axTicks axis box matlines mtext par plot points
    Consider adding
     importFrom("graphics", "abline", "axTicks", "axis", "box", "matlines",
     "mtext", "par", "plot", "points")
    to your NAMESPACE.
Flavors: r-devel-linux-x86_64-debian-clang, r-devel-linux-x86_64-debian-gcc, r-devel-linux-x86_64-fedora-clang, r-devel-linux-x86_64-fedora-gcc, r-devel-windows-ix86+x86_64