CRAN Package Check Results for Package bspec

Last updated on 2016-05-03 23:46:44.

Flavor Version Tinstall Tcheck Ttotal Status Flags
r-devel-linux-x86_64-debian-gcc 1.5 0.71 12.83 13.54 NOTE
r-devel-linux-x86_64-fedora-clang 1.5 22.56 NOTE
r-devel-linux-x86_64-fedora-gcc 1.5 20.98 NOTE
r-devel-osx-x86_64-clang 1.5 27.00 NOTE
r-devel-windows-ix86+x86_64 1.5 3.00 30.00 33.00 NOTE
r-patched-linux-x86_64 1.5 0.64 12.69 13.33 NOTE
r-patched-solaris-sparc 1.5 145.70 NOTE
r-patched-solaris-x86 1.5 31.80 NOTE
r-release-linux-x86_64 1.5 0.74 13.40 14.13 OK
r-release-osx-x86_64-mavericks 1.5 OK
r-release-windows-ix86+x86_64 1.5 3.00 23.00 26.00 OK
r-oldrel-windows-ix86+x86_64 1.5 3.00 24.00 27.00 OK

Check Details

Version: 1.5
Check: R code for possible problems
Result: NOTE
    plot.bspec: no visible global function definition for ‘par’
    plot.bspec: no visible global function definition for ‘plot’
    plot.bspec: no visible global function definition for ‘matlines’
    plot.bspec: no visible global function definition for ‘points’
    plot.bspec: no visible global function definition for ‘axis’
    plot.bspec: no visible global function definition for ‘mtext’
    plot.bspec: no visible global function definition for ‘axTicks’
    plot.bspec: no visible global function definition for ‘box’
    plot.bspecACF: no visible global function definition for ‘plot’
    plot.bspecACF: no visible global function definition for ‘abline’
    plot.bspecACF: no visible global function definition for ‘matlines’
    Undefined global functions or variables:
     abline axTicks axis box matlines mtext par plot points
    Consider adding
     importFrom("graphics", "abline", "axTicks", "axis", "box", "matlines",
     "mtext", "par", "plot", "points")
    to your NAMESPACE file.
Flavors: r-devel-linux-x86_64-debian-gcc, r-devel-linux-x86_64-fedora-clang, r-devel-linux-x86_64-fedora-gcc, r-devel-osx-x86_64-clang, r-devel-windows-ix86+x86_64, r-patched-linux-x86_64, r-patched-solaris-sparc, r-patched-solaris-x86