CRAN Package Check Results for Package bspec

Last updated on 2017-01-20 19:46:50.

Flavor Version Tinstall Tcheck Ttotal Status Flags
r-devel-linux-x86_64-debian-clang 1.5 0.82 15.11 15.93 NOTE
r-devel-linux-x86_64-debian-gcc 1.5 0.69 14.49 15.17 NOTE
r-devel-linux-x86_64-fedora-clang 1.5 26.23 NOTE --no-stop-on-test-error
r-devel-linux-x86_64-fedora-gcc 1.5 24.63 NOTE --no-stop-on-test-error
r-devel-macos-x86_64-clang 1.5 23.14 NOTE --no-stop-on-test-error
r-devel-windows-ix86+x86_64 1.5 5.00 33.00 38.00 NOTE
r-patched-linux-x86_64 1.5 0.66 12.86 13.52 NOTE
r-patched-solaris-sparc 1.5 150.60 NOTE
r-patched-solaris-x86 1.5 30.00 NOTE
r-release-linux-x86_64 1.5 0.74 12.79 13.53 NOTE
r-release-osx-x86_64-mavericks 1.5 NOTE
r-release-windows-ix86+x86_64 1.5 3.00 30.00 33.00 NOTE
r-oldrel-windows-ix86+x86_64 1.5 3.00 27.00 30.00 OK

Check Details

Version: 1.5
Check: R code for possible problems
Result: NOTE
    plot.bspec: no visible global function definition for ‘par’
    plot.bspec: no visible global function definition for ‘plot’
    plot.bspec: no visible global function definition for ‘matlines’
    plot.bspec: no visible global function definition for ‘points’
    plot.bspec: no visible global function definition for ‘axis’
    plot.bspec: no visible global function definition for ‘mtext’
    plot.bspec: no visible global function definition for ‘axTicks’
    plot.bspec: no visible global function definition for ‘box’
    plot.bspecACF: no visible global function definition for ‘plot’
    plot.bspecACF: no visible global function definition for ‘abline’
    plot.bspecACF: no visible global function definition for ‘matlines’
    Undefined global functions or variables:
     abline axTicks axis box matlines mtext par plot points
    Consider adding
     importFrom("graphics", "abline", "axTicks", "axis", "box", "matlines",
     "mtext", "par", "plot", "points")
    to your NAMESPACE file.
Flavors: r-devel-linux-x86_64-debian-clang, r-devel-linux-x86_64-debian-gcc, r-devel-windows-ix86+x86_64, r-patched-linux-x86_64, r-patched-solaris-sparc, r-patched-solaris-x86, r-release-linux-x86_64, r-release-osx-x86_64-mavericks, r-release-windows-ix86+x86_64

Version: 1.5
Flags: --no-stop-on-test-error
Check: R code for possible problems
Result: NOTE
    plot.bspec: no visible global function definition for ‘par’
    plot.bspec: no visible global function definition for ‘plot’
    plot.bspec: no visible global function definition for ‘matlines’
    plot.bspec: no visible global function definition for ‘points’
    plot.bspec: no visible global function definition for ‘axis’
    plot.bspec: no visible global function definition for ‘mtext’
    plot.bspec: no visible global function definition for ‘axTicks’
    plot.bspec: no visible global function definition for ‘box’
    plot.bspecACF: no visible global function definition for ‘plot’
    plot.bspecACF: no visible global function definition for ‘abline’
    plot.bspecACF: no visible global function definition for ‘matlines’
    Undefined global functions or variables:
     abline axTicks axis box matlines mtext par plot points
    Consider adding
     importFrom("graphics", "abline", "axTicks", "axis", "box", "matlines",
     "mtext", "par", "plot", "points")
    to your NAMESPACE file.
Flavors: r-devel-linux-x86_64-fedora-clang, r-devel-linux-x86_64-fedora-gcc, r-devel-macos-x86_64-clang