CRAN Package Check Results for Package bspec

Last updated on 2017-08-21 01:46:15.

Flavor Version Tinstall Tcheck Ttotal Status Flags
r-devel-linux-x86_64-debian-clang 1.5 0.78 15.46 16.24 NOTE
r-devel-linux-x86_64-debian-gcc 1.5 0.80 15.29 16.09 NOTE
r-devel-linux-x86_64-fedora-clang 1.5 26.71 NOTE
r-devel-linux-x86_64-fedora-gcc 1.5 28.17 NOTE
r-devel-windows-ix86+x86_64 1.5 3.00 33.00 36.00 NOTE
r-patched-linux-x86_64 1.5 0.72 15.58 16.30 NOTE
r-patched-solaris-x86 1.5 34.50 NOTE
r-release-linux-x86_64 1.5 0.79 15.26 16.05 NOTE
r-release-windows-ix86+x86_64 1.5 2.00 33.00 35.00 NOTE
r-release-osx-x86_64 1.5 NOTE
r-oldrel-windows-ix86+x86_64 1.5 3.00 30.00 33.00 NOTE
r-oldrel-osx-x86_64 1.5 NOTE

Check Details

Version: 1.5
Check: R code for possible problems
Result: NOTE
    plot.bspec: no visible global function definition for ‘par’
    plot.bspec: no visible global function definition for ‘plot’
    plot.bspec: no visible global function definition for ‘matlines’
    plot.bspec: no visible global function definition for ‘points’
    plot.bspec: no visible global function definition for ‘axis’
    plot.bspec: no visible global function definition for ‘mtext’
    plot.bspec: no visible global function definition for ‘axTicks’
    plot.bspec: no visible global function definition for ‘box’
    plot.bspecACF: no visible global function definition for ‘plot’
    plot.bspecACF: no visible global function definition for ‘abline’
    plot.bspecACF: no visible global function definition for ‘matlines’
    Undefined global functions or variables:
     abline axTicks axis box matlines mtext par plot points
    Consider adding
     importFrom("graphics", "abline", "axTicks", "axis", "box", "matlines",
     "mtext", "par", "plot", "points")
    to your NAMESPACE file.
Flavors: r-devel-linux-x86_64-debian-clang, r-devel-linux-x86_64-debian-gcc, r-devel-linux-x86_64-fedora-clang, r-devel-linux-x86_64-fedora-gcc, r-devel-windows-ix86+x86_64, r-patched-linux-x86_64, r-patched-solaris-x86, r-release-linux-x86_64, r-release-windows-ix86+x86_64, r-release-osx-x86_64, r-oldrel-windows-ix86+x86_64, r-oldrel-osx-x86_64