CRAN Package Check Results for Package bspec

Last updated on 2016-10-01 06:47:15.

Flavor Version Tinstall Tcheck Ttotal Status Flags
r-devel-linux-x86_64-debian-clang 1.5 0.70 14.45 15.15 NOTE
r-devel-linux-x86_64-debian-gcc 1.5 0.74 13.63 14.38 NOTE
r-devel-linux-x86_64-fedora-clang 1.5 24.83 NOTE
r-devel-linux-x86_64-fedora-gcc 1.5 22.01 NOTE
r-devel-macos-x86_64-clang 1.5 20.60 NOTE
r-devel-windows-ix86+x86_64 1.5 5.00 45.00 50.00 NOTE
r-patched-linux-x86_64 1.5 0.70 13.00 13.70 NOTE
r-patched-solaris-sparc 1.5 146.30 NOTE
r-patched-solaris-x86 1.5 30.60 NOTE
r-release-linux-x86_64 1.5 0.66 13.01 13.67 NOTE
r-release-osx-x86_64-mavericks 1.5 NOTE
r-release-windows-ix86+x86_64 1.5 3.00 51.00 54.00 NOTE
r-oldrel-windows-ix86+x86_64 1.5 3.00 23.00 26.00 OK

Check Details

Version: 1.5
Check: R code for possible problems
Result: NOTE
    plot.bspec: no visible global function definition for ‘par’
    plot.bspec: no visible global function definition for ‘plot’
    plot.bspec: no visible global function definition for ‘matlines’
    plot.bspec: no visible global function definition for ‘points’
    plot.bspec: no visible global function definition for ‘axis’
    plot.bspec: no visible global function definition for ‘mtext’
    plot.bspec: no visible global function definition for ‘axTicks’
    plot.bspec: no visible global function definition for ‘box’
    plot.bspecACF: no visible global function definition for ‘plot’
    plot.bspecACF: no visible global function definition for ‘abline’
    plot.bspecACF: no visible global function definition for ‘matlines’
    Undefined global functions or variables:
     abline axTicks axis box matlines mtext par plot points
    Consider adding
     importFrom("graphics", "abline", "axTicks", "axis", "box", "matlines",
     "mtext", "par", "plot", "points")
    to your NAMESPACE file.
Flavors: r-devel-linux-x86_64-debian-clang, r-devel-linux-x86_64-debian-gcc, r-devel-linux-x86_64-fedora-clang, r-devel-linux-x86_64-fedora-gcc, r-devel-macos-x86_64-clang, r-devel-windows-ix86+x86_64, r-patched-linux-x86_64, r-patched-solaris-sparc, r-patched-solaris-x86, r-release-linux-x86_64, r-release-osx-x86_64-mavericks, r-release-windows-ix86+x86_64