CRAN Package Check Results for Package bspmma

Last updated on 2015-09-04 14:46:52.

Flavor Version Tinstall Tcheck Ttotal Status Flags
r-devel-linux-x86_64-debian-clang 0.1-1 0.60 11.85 12.45 NOTE
r-devel-linux-x86_64-debian-gcc 0.1-1 0.62 11.27 11.89 NOTE
r-devel-linux-x86_64-fedora-clang 0.1-1 21.48 NOTE
r-devel-linux-x86_64-fedora-gcc 0.1-1 19.91 NOTE
r-devel-osx-x86_64-clang 0.1-1 21.92 NOTE
r-devel-windows-ix86+x86_64 0.1-1 3.00 23.00 26.00 NOTE
r-patched-linux-x86_64 0.1-1 0.67 11.48 12.15 NOTE
r-patched-solaris-sparc 0.1-1 146.80 NOTE
r-patched-solaris-x86 0.1-1 32.80 NOTE
r-release-linux-x86_64 0.1-1 0.68 12.56 13.24 NOTE
r-release-osx-x86_64-mavericks 0.1-1 NOTE
r-release-windows-ix86+x86_64 0.1-1 3.00 30.00 33.00 NOTE
r-oldrel-windows-ix86+x86_64 0.1-1 4.00 22.00 26.00 OK

Check Details

Version: 0.1-1
Check: DESCRIPTION meta-information
Result: NOTE
    Malformed Description field: should contain one or more complete sentences.
Flavors: r-devel-linux-x86_64-debian-clang, r-devel-linux-x86_64-debian-gcc, r-devel-linux-x86_64-fedora-clang, r-devel-linux-x86_64-fedora-gcc, r-devel-osx-x86_64-clang, r-devel-windows-ix86+x86_64, r-patched-linux-x86_64, r-patched-solaris-sparc, r-patched-solaris-x86, r-release-linux-x86_64, r-release-osx-x86_64-mavericks, r-release-windows-ix86+x86_64

Version: 0.1-1
Check: S3 generic/method consistency
Result: NOTE
    Found the following apparent S3 methods exported but not registered:
     print.dir.cond print.dir.ord
    See section ‘Registering S3 methods’ in the ‘Writing R Extensions’
    manual.
Flavors: r-devel-linux-x86_64-debian-clang, r-devel-linux-x86_64-debian-gcc, r-devel-linux-x86_64-fedora-clang, r-devel-linux-x86_64-fedora-gcc, r-devel-osx-x86_64-clang, r-patched-linux-x86_64, r-patched-solaris-sparc, r-patched-solaris-x86, r-release-linux-x86_64

Version: 0.1-1
Check: R code for possible problems
Result: NOTE
    dirichlet.c: no visible global function definition for ‘var’
    dirichlet.c: no visible global function definition for ‘dnorm’
    dirichlet.c: no visible global function definition for ‘pnorm’
    dirichlet.c: no visible global function definition for ‘qnorm’
    dirichlet.c: no visible global function definition for ‘runif’
    dirichlet.c: no visible global function definition for ‘rgamma’
    dirichlet.o: no visible global function definition for ‘var’
    dirichlet.o: no visible global function definition for ‘dnorm’
    dirichlet.o: no visible global function definition for ‘runif’
    dirichlet.o: no visible global function definition for ‘rnorm’
    dirichlet.o: no visible global function definition for ‘rgamma’
    dirichlet.o: no visible global function definition for ‘rbeta’
    draw.bf: no visible global function definition for ‘par’
    draw.bf: no visible global function definition for ‘plot’
    draw.bf: no visible global function definition for ‘axis’
    draw.bf: no visible global function definition for ‘title’
    draw.bf: no visible global function definition for ‘lines’
    draw.bf: no visible global function definition for ‘points’
    draw.post: no visible global function definition for ‘par’
    draw.post: no visible global function definition for ‘density’
    draw.post: no visible global function definition for ‘matplot’
    draw.post: no visible global function definition for ‘legend’
    draw.post: no visible global function definition for ‘title’
    pnew.pold: no visible global function definition for ‘dnorm’
    pnew.pold: no visible global function definition for ‘dt’
    pnew.pold.c.o: no visible global function definition for ‘dnorm’
    pnew.pold.c.o: no visible global function definition for ‘dt’
    rt.star.k: no visible global function definition for ‘pt’
    rt.star.k: no visible global function definition for ‘qt’
    rt.star.k: no visible global function definition for ‘runif’
    Undefined global functions or variables:
     axis density dnorm dt legend lines matplot par plot pnorm points pt
     qnorm qt rbeta rgamma rnorm runif title var
    Consider adding
     importFrom("graphics", "axis", "legend", "lines", "matplot", "par",
     "plot", "points", "title")
     importFrom("stats", "density", "dnorm", "dt", "pnorm", "pt", "qnorm",
     "qt", "rbeta", "rgamma", "rnorm", "runif", "var")
    to your NAMESPACE.
Flavors: r-devel-linux-x86_64-debian-clang, r-devel-linux-x86_64-debian-gcc, r-devel-linux-x86_64-fedora-clang, r-devel-linux-x86_64-fedora-gcc, r-devel-windows-ix86+x86_64