CRAN Package Check Results for Package bspmma

Last updated on 2015-04-21 03:49:22.

Flavor Version Tinstall Tcheck Ttotal Status Flags
r-devel-linux-x86_64-debian-clang 0.1-1 0.73 11.71 12.44 NOTE
r-devel-linux-x86_64-debian-gcc 0.1-1 0.66 11.70 12.36 NOTE
r-devel-linux-x86_64-fedora-clang 0.1-1 23.05 NOTE
r-devel-linux-x86_64-fedora-gcc 0.1-1 22.77 NOTE
r-devel-osx-x86_64-clang 0.1-1 27.55 NOTE
r-devel-windows-ix86+x86_64 0.1-1 3.00 29.00 32.00 NOTE
r-patched-linux-x86_64 0.1-1 0.65 12.04 12.70 NOTE
r-patched-solaris-sparc 0.1-1 160.30 NOTE
r-patched-solaris-x86 0.1-1 31.70 NOTE
r-release-linux-x86_64 0.1-1 0.65 11.99 12.64 NOTE
r-release-osx-x86_64-mavericks 0.1-1 NOTE
r-release-osx-x86_64-snowleopard 0.1-1 NOTE
r-release-windows-ix86+x86_64 0.1-1 2.00 21.00 23.00 NOTE
r-oldrel-windows-ix86+x86_64 0.1-1 4.00 22.00 26.00 OK

Check Details

Version: 0.1-1
Check: DESCRIPTION meta-information
Result: NOTE
    Malformed Description field: should contain one or more complete sentences.
Flavors: r-devel-linux-x86_64-debian-clang, r-devel-linux-x86_64-debian-gcc, r-devel-linux-x86_64-fedora-clang, r-devel-linux-x86_64-fedora-gcc, r-devel-osx-x86_64-clang, r-devel-windows-ix86+x86_64, r-patched-linux-x86_64, r-patched-solaris-sparc, r-patched-solaris-x86, r-release-linux-x86_64, r-release-osx-x86_64-mavericks, r-release-osx-x86_64-snowleopard, r-release-windows-ix86+x86_64

Version: 0.1-1
Check: S3 generic/method consistency
Result: NOTE
    Found the following apparent S3 methods exported but not registered:
     print.dir.cond print.dir.ord
    See section ‘Registering S3 methods’ in the ‘Writing R Extensions’
    manual.
Flavors: r-devel-linux-x86_64-debian-clang, r-devel-linux-x86_64-debian-gcc, r-devel-linux-x86_64-fedora-clang, r-devel-linux-x86_64-fedora-gcc, r-devel-osx-x86_64-clang, r-patched-linux-x86_64, r-release-linux-x86_64