CRAN Package Check Results for Package bspmma

Last updated on 2015-03-28 16:47:05.

Flavor Version Tinstall Tcheck Ttotal Status Flags
r-devel-linux-x86_64-debian-clang 0.1-1 0.64 11.42 12.06 NOTE
r-devel-linux-x86_64-debian-gcc 0.1-1 0.64 11.62 12.27 NOTE
r-devel-linux-x86_64-fedora-clang 0.1-1 23.26 NOTE
r-devel-linux-x86_64-fedora-gcc 0.1-1 21.58 NOTE
r-devel-osx-x86_64-clang 0.1-1 29.15 NOTE
r-prerel-windows-ix86+x86_64 0.1-1 3.00 20.00 23.00 NOTE
r-prerel-linux-x86_64 0.1-1 0.64 11.88 12.52 NOTE
r-prerel-solaris-sparc 0.1-1 160.30 NOTE
r-prerel-solaris-x86 0.1-1 31.30 NOTE
r-release-linux-x86_64 0.1-1 0.85 12.52 13.37 OK
r-release-osx-x86_64-mavericks 0.1-1 OK
r-release-windows-ix86+x86_64 0.1-1 4.00 22.00 26.00 OK
r-oldrel-windows-ix86+x86_64 0.1-1 2.00 22.00 24.00 OK

Check Details

Version: 0.1-1
Check: DESCRIPTION meta-information
Result: NOTE
    Malformed Description field: should contain one or more complete sentences.
Flavors: r-devel-linux-x86_64-debian-clang, r-devel-linux-x86_64-debian-gcc, r-devel-linux-x86_64-fedora-clang, r-devel-linux-x86_64-fedora-gcc, r-devel-osx-x86_64-clang, r-prerel-windows-ix86+x86_64, r-prerel-linux-x86_64, r-prerel-solaris-sparc, r-prerel-solaris-x86

Version: 0.1-1
Check: S3 generic/method consistency
Result: NOTE
    Found the following apparent S3 methods exported but not registered:
     print.dir.cond print.dir.ord
    See section ‘Registering S3 methods’ in the ‘Writing R Extensions’
    manual.
Flavors: r-devel-linux-x86_64-debian-clang, r-devel-linux-x86_64-debian-gcc, r-devel-linux-x86_64-fedora-clang, r-devel-linux-x86_64-fedora-gcc, r-devel-osx-x86_64-clang, r-prerel-linux-x86_64