CRAN Package Check Results for Package bspmma

Last updated on 2015-05-24 08:48:24.

Flavor Version Tinstall Tcheck Ttotal Status Flags
r-devel-linux-x86_64-debian-clang 0.1-1 0.64 11.96 12.60 NOTE
r-devel-linux-x86_64-debian-gcc 0.1-1 0.66 12.02 12.68 NOTE
r-devel-linux-x86_64-fedora-clang 0.1-1 23.16 NOTE
r-devel-linux-x86_64-fedora-gcc 0.1-1 21.35 NOTE
r-devel-osx-x86_64-clang 0.1-1 26.04 NOTE
r-devel-windows-ix86+x86_64 0.1-1 3.00 21.00 24.00 NOTE
r-patched-linux-x86_64 0.1-1 0.74 11.70 12.44 NOTE
r-patched-solaris-sparc 0.1-1 140.50 NOTE
r-patched-solaris-x86 0.1-1 32.30 NOTE
r-release-linux-x86_64 0.1-1 0.68 11.76 12.44 NOTE
r-release-osx-x86_64-mavericks 0.1-1 NOTE
r-release-osx-x86_64-snowleopard 0.1-1 NOTE
r-release-windows-ix86+x86_64 0.1-1 2.00 21.00 23.00 NOTE
r-oldrel-windows-ix86+x86_64 0.1-1 4.00 22.00 26.00 OK

Check Details

Version: 0.1-1
Check: DESCRIPTION meta-information
Result: NOTE
    Malformed Description field: should contain one or more complete sentences.
Flavors: r-devel-linux-x86_64-debian-clang, r-devel-linux-x86_64-debian-gcc, r-devel-linux-x86_64-fedora-clang, r-devel-linux-x86_64-fedora-gcc, r-devel-osx-x86_64-clang, r-devel-windows-ix86+x86_64, r-patched-linux-x86_64, r-patched-solaris-sparc, r-patched-solaris-x86, r-release-linux-x86_64, r-release-osx-x86_64-mavericks, r-release-osx-x86_64-snowleopard, r-release-windows-ix86+x86_64

Version: 0.1-1
Check: S3 generic/method consistency
Result: NOTE
    Found the following apparent S3 methods exported but not registered:
     print.dir.cond print.dir.ord
    See section ‘Registering S3 methods’ in the ‘Writing R Extensions’
    manual.
Flavors: r-devel-linux-x86_64-debian-clang, r-devel-linux-x86_64-debian-gcc, r-devel-linux-x86_64-fedora-clang, r-devel-linux-x86_64-fedora-gcc, r-devel-osx-x86_64-clang, r-patched-linux-x86_64, r-patched-solaris-sparc, r-patched-solaris-x86, r-release-linux-x86_64