CRAN Package Check Results for Package bspmma

Last updated on 2015-01-28 23:49:28.

Flavor Version Tinstall Tcheck Ttotal Status Flags
r-devel-linux-x86_64-debian-clang 0.1-1 0.73 12.08 12.81 NOTE
r-devel-linux-x86_64-debian-gcc 0.1-1 0.64 11.90 12.54 NOTE
r-devel-linux-x86_64-fedora-clang 0.1-1 26.66 NOTE
r-devel-linux-x86_64-fedora-gcc 0.1-1 24.53 NOTE
r-devel-osx-x86_64-clang 0.1-1 28.29 NOTE
r-devel-windows-ix86+x86_64 0.1-1 3.00 21.00 24.00 OK
r-patched-linux-x86_64 0.1-1 0.68 12.51 13.20 OK
r-patched-solaris-sparc 0.1-1 152.00 OK
r-patched-solaris-x86 0.1-1 36.80 OK
r-release-linux-ix86 0.1-1 0.97 17.50 18.46 OK
r-release-linux-x86_64 0.1-1 0.67 12.56 13.23 OK
r-release-osx-x86_64-mavericks 0.1-1 OK
r-release-windows-ix86+x86_64 0.1-1 2.00 20.00 22.00 OK
r-oldrel-windows-ix86+x86_64 0.1-1 2.00 22.00 24.00 OK

Check Details

Version: 0.1-1
Check: S3 generic/method consistency
Result: NOTE
    Found the following apparent S3 methods exported but not registered:
     print.dir.cond print.dir.ord
    See section ‘Registering S3 methods’ in the ‘Writing R Extensions’
    manual.
Flavors: r-devel-linux-x86_64-debian-clang, r-devel-linux-x86_64-debian-gcc, r-devel-linux-x86_64-fedora-clang, r-devel-linux-x86_64-fedora-gcc, r-devel-osx-x86_64-clang