CRAN Package Check Results for Package bst

Last updated on 2014-04-24 17:49:40.

Flavor Version Tinstall Tcheck Ttotal Status Flags
r-devel-linux-x86_64-debian-clang 0.3-3 0.94 21.34 22.28 NOTE
r-devel-linux-x86_64-debian-gcc 0.3-3 0.93 21.22 22.14 NOTE
r-devel-linux-x86_64-fedora-clang 0.3-3 43.26 NOTE
r-devel-linux-x86_64-fedora-gcc 0.3-3 40.39 NOTE
r-devel-osx-x86_64-clang 0.3-3 37.44 NOTE
r-devel-osx-x86_64-gcc 0.3-3 NOTE
r-devel-windows-ix86+x86_64 0.3-3 4.00 35.00 39.00 NOTE
r-patched-linux-x86_64 0.3-3 0.94 21.03 21.96 NOTE
r-patched-solaris-sparc 0.3-3 239.30 NOTE
r-patched-solaris-x86 0.3-3 53.80 NOTE
r-release-linux-ix86 0.3-3 2.00 38.00 40.00 NOTE
r-release-linux-x86_64 0.3-3 0.95 21.13 22.08 NOTE
r-release-osx-x86_64-mavericks 0.3-3 WARN
r-release-windows-ix86+x86_64 0.3-3 4.00 37.00 41.00 NOTE
r-oldrel-windows-ix86+x86_64 0.3-3 5.00 37.00 42.00 NOTE

Check Details

Version: 0.3-3
Check: dependencies in R code
Result: NOTE
    Packages in Depends field not imported from:
     ‘gbm’ ‘rpart’
     These packages need to be imported from (in the NAMESPACE file)
     for when this namespace is loaded but not attached.
    See the information on DESCRIPTION files in the chapter ‘Creating R
    packages’ of the ‘Writing R Extensions’ manual.
Flavors: r-devel-linux-x86_64-debian-clang, r-devel-linux-x86_64-debian-gcc, r-devel-linux-x86_64-fedora-clang, r-devel-linux-x86_64-fedora-gcc, r-devel-osx-x86_64-clang, r-devel-osx-x86_64-gcc, r-devel-windows-ix86+x86_64, r-patched-linux-x86_64, r-patched-solaris-sparc, r-patched-solaris-x86, r-release-linux-ix86, r-release-linux-x86_64, r-release-osx-x86_64-mavericks, r-release-windows-ix86+x86_64, r-oldrel-windows-ix86+x86_64

Version: 0.3-3
Check: PDF version of manual
Result: WARNING
    LaTeX errors when creating PDF version.
    This typically indicates Rd problems.
    LaTeX errors found:
    ! LaTeX Error: File `upquote.sty' not found.
    
    Type X to quit or <RETURN> to proceed,
    or enter new name. (Default extension: sty)
    
    2b91c20/Rd2.tex:8: ==> Fatal error occurred, no output PDF file produced!
Flavor: r-release-osx-x86_64-mavericks