CRAN Package Check Results for Package bst

Last updated on 2015-09-04 19:47:17.

Flavor Version Tinstall Tcheck Ttotal Status Flags
r-devel-linux-x86_64-debian-clang 0.3-4 0.70 15.11 15.81 NOTE
r-devel-linux-x86_64-debian-gcc 0.3-4 0.76 15.66 16.41 NOTE
r-devel-linux-x86_64-fedora-clang 0.3-4 29.36 NOTE
r-devel-linux-x86_64-fedora-gcc 0.3-4 28.12 NOTE
r-devel-osx-x86_64-clang 0.3-4 28.86 OK
r-devel-windows-ix86+x86_64 0.3-4 3.00 45.00 48.00 NOTE
r-patched-linux-x86_64 0.3-4 0.86 15.52 16.38 OK
r-patched-solaris-sparc 0.3-4 195.50 OK
r-patched-solaris-x86 0.3-4 42.60 OK
r-release-linux-x86_64 0.3-4 0.78 15.37 16.14 OK
r-release-osx-x86_64-mavericks 0.3-4 OK
r-release-windows-ix86+x86_64 0.3-4 6.00 46.00 52.00 OK
r-oldrel-windows-ix86+x86_64 0.3-4 5.00 49.00 54.00 OK

Check Details

Version: 0.3-4
Check: R code for possible problems
Result: NOTE
    bst: no visible global function definition for ‘combn’
    bst: no visible global function definition for ‘cov’
    bst: no visible global function definition for ‘lm’
    bst: no visible global function definition for ‘smooth.spline’
    bst: no visible global function definition for ‘fitted’
    bst: no visible global function definition for ‘predict’
    bst.sel: no visible global function definition for ‘coef’
    cv.bst : <anonymous>: no visible global function definition for
     ‘predict’
    cv.bst: no visible binding for global variable ‘var’
    cv.mada: no visible binding for global variable ‘var’
    cv.mhingebst: no visible binding for global variable ‘var’
    cv.mhingeova: no visible binding for global variable ‘var’
    error.bars: no visible global function definition for ‘segments’
    ex1data: no visible global function definition for ‘runif’
    fpartial.bst: no visible global function definition for ‘predict’
    fpartial.mhingebst: no visible global function definition for ‘predict’
    mhingebst: no visible global function definition for ‘combn’
    mhingebst_fit: no visible global function definition for ‘cov’
    mhingebst_fit: no visible global function definition for ‘lm’
    mhingebst_fit: no visible global function definition for
     ‘smooth.spline’
    mhingebst_fit: no visible global function definition for ‘fitted’
    mhingebst_fit: no visible global function definition for ‘predict’
    permute.rows: no visible global function definition for ‘runif’
    plot.bst: no visible global function definition for ‘matplot’
    plot.bst: no visible global function definition for ‘axis’
    plotCVbst: no visible global function definition for ‘plot’
    predict.bst: no visible global function definition for ‘predict’
    predict.bst: no visible global function definition for ‘fitted’
    predict.mhingebst: no visible global function definition for ‘predict’
    predict.mhingebst: no visible global function definition for ‘fitted’
    predict.mhingebst: no visible global function definition for ‘coef’
    print.bst: no visible global function definition for ‘show’
    print.bst: no visible global function definition for ‘coef’
    print.mhingebst: no visible global function definition for ‘show’
    print.mhingebst: no visible global function definition for ‘coef’
    Undefined global functions or variables:
     axis coef combn cov fitted lm matplot plot predict runif segments
     show smooth.spline var
    Consider adding
     importFrom("graphics", "axis", "matplot", "plot", "segments")
     importFrom("methods", "show")
     importFrom("stats", "coef", "cov", "fitted", "lm", "predict", "runif",
     "smooth.spline", "var")
     importFrom("utils", "combn")
    to your NAMESPACE (and ensure that your DESCRIPTION Imports field
    contains 'methods').
Flavors: r-devel-linux-x86_64-debian-clang, r-devel-linux-x86_64-debian-gcc, r-devel-linux-x86_64-fedora-clang, r-devel-linux-x86_64-fedora-gcc, r-devel-windows-ix86+x86_64