CRAN Package Check Results for Package bst

Last updated on 2016-06-28 12:46:39.

Flavor Version Tinstall Tcheck Ttotal Status Flags
r-devel-linux-x86_64-debian-gcc 0.3-13 2.90 73.75 76.65 OK
r-devel-linux-x86_64-fedora-clang 0.3-13 149.68 OK
r-devel-linux-x86_64-fedora-gcc 0.3-13 142.27 OK
r-devel-osx-x86_64-clang 0.3-13 118.38 OK
r-devel-windows-ix86+x86_64 0.3-13 4.00 5.00 9.00 ERROR
r-patched-linux-x86_64 0.3-13 3.14 75.68 78.82 OK
r-patched-solaris-sparc 0.3-13 887.10 OK
r-patched-solaris-x86 0.3-13 176.90 OK
r-release-linux-x86_64 0.3-13 3.14 71.83 74.98 OK
r-release-osx-x86_64-mavericks 0.3-13 OK
r-release-windows-ix86+x86_64 0.3-13 4.00 4.00 8.00 ERROR
r-oldrel-windows-ix86+x86_64 0.3-13 14.00 242.00 256.00 OK

Check Details

Version: 0.3-13
Check: whether package can be installed
Result: ERROR
    Installation failed.
Flavors: r-devel-windows-ix86+x86_64, r-release-windows-ix86+x86_64