CRAN Package Check Results for Package bubbleHeatmap

Last updated on 2024-03-05 14:49:19 CET.

Flavor Version Tinstall Tcheck Ttotal Status Flags
r-devel-linux-x86_64-debian-clang 0.1.1 4.92 42.16 47.08 NOTE
r-devel-linux-x86_64-debian-gcc 0.1.1 3.53 31.78 35.31 NOTE
r-devel-linux-x86_64-fedora-clang 0.1.1 57.90 NOTE
r-devel-linux-x86_64-fedora-gcc 0.1.1 67.56 NOTE
r-devel-windows-x86_64 0.1.1 5.00 54.00 59.00 NOTE
r-patched-linux-x86_64 0.1.1 5.41 41.00 46.41 OK
r-release-linux-x86_64 0.1.1 2.92 41.15 44.07 OK
r-release-macos-arm64 0.1.1 29.00 OK
r-release-macos-x86_64 0.1.1 89.00 OK
r-release-windows-x86_64 0.1.1 5.00 57.00 62.00 OK
r-oldrel-macos-arm64 0.1.1 24.00 OK
r-oldrel-windows-x86_64 0.1.1 6.00 59.00 65.00 OK

Check Details

Version: 0.1.1
Check: Rd files
Result: NOTE checkRd: (-1) bubbleHMLegends.Rd:42: Lost braces; missing escapes or markup? 42 | function. If {sizeBreaks} vector is supplied then this will be ignored and | ^ checkRd: (-1) bubbleHeatmap.Rd:96: Lost braces; missing escapes or markup? 96 | function. If {sizeBreaks} vector is supplied then this will be ignored and | ^ checkRd: (-1) multiPlotInput.Rd:117: Lost braces; missing escapes or markup? 117 | \code{unitBase}. This will be supplied to pretty function. If {sizeBreaks} is | ^ Flavors: r-devel-linux-x86_64-debian-clang, r-devel-linux-x86_64-debian-gcc, r-devel-linux-x86_64-fedora-clang, r-devel-linux-x86_64-fedora-gcc, r-devel-windows-x86_64