CRAN Package Check Results for Package bujar

Last updated on 2015-08-04 16:48:21.

Flavor Version Tinstall Tcheck Ttotal Status Flags
r-devel-linux-x86_64-debian-clang 0.1-4 4.10 47.58 51.68 NOTE
r-devel-linux-x86_64-debian-gcc 0.1-4 4.34 45.69 50.03 NOTE
r-devel-linux-x86_64-fedora-clang 0.1-4 106.88 NOTE
r-devel-linux-x86_64-fedora-gcc 0.1-4 101.11 NOTE
r-devel-osx-x86_64-clang 0.1-4 86.08 OK
r-devel-windows-ix86+x86_64 0.1-4 23.00 75.00 98.00 NOTE
r-patched-linux-x86_64 0.1-4 3.99 46.46 50.46 OK
r-patched-solaris-sparc 0.1-4 619.60 OK
r-patched-solaris-x86 0.1-4 144.30 OK
r-release-linux-x86_64 0.1-4 3.79 46.14 49.93 OK
r-release-osx-x86_64-mavericks 0.1-4 OK
r-release-windows-ix86+x86_64 0.1-4 19.00 76.00 95.00 OK
r-oldrel-windows-ix86+x86_64 0.1-4 34.00 169.00 203.00 OK

Check Details

Version: 0.1-4
Check: R code for possible problems
Result: NOTE
    bjboost.fit: no visible global function definition for ‘existsFunction’
    bjboost.fit: no visible global function definition for
     ‘getFromNamespace’
    bujar: no visible global function definition for ‘Quote’
    bujar: no visible global function definition for ‘predict’
    bujar: no visible global function definition for ‘AIC’
    bujar: no visible global function definition for ‘variable.names’
    bujar: no visible global function definition for ‘cor’
    bujar: no visible global function definition for ‘update’
    coef.bujar: no visible global function definition for ‘predict’
    convbujar: no visible global function definition for ‘plot’
    cvmboost: no visible global function definition for ‘postscript’
    cvmboost: no visible global function definition for ‘plot’
    cvmboost: no visible global function definition for ‘dev.off’
    fpartial: no visible global function definition for ‘predict’
    gamplot : pr: no visible global function definition for ‘fitted’
    gamplot : pr: no visible global function definition for ‘predict’
    gamplot.out: no visible global function definition for
     ‘dev.interactive’
    gamplot.out: no visible global function definition for ‘par’
    partialPlot: no visible global function definition for ‘predict’
    partialPlot: no visible global function definition for ‘weighted.mean’
    partialPlot: no visible global function definition for ‘points’
    partialPlot: no visible global function definition for ‘barplot’
    partialPlot: no visible global function definition for ‘lines’
    partialPlot: no visible global function definition for ‘quantile’
    plot.bujar: no visible global function definition for ‘plot’
    predict.bujar: no visible global function definition for ‘predict’
    rif: no visible global function definition for ‘var’
    vim.interactions: no visible global function definition for ‘predict’
    vim.interactions: no visible global function definition for ‘lm’
    vim.interactions: no visible global function definition for ‘resid’
    vimpint: no visible global function definition for ‘update’
    vimpint: no visible binding for global variable ‘sd’
    Undefined global functions or variables:
     AIC Quote barplot cor dev.interactive dev.off existsFunction fitted
     getFromNamespace lines lm par plot points postscript predict quantile
     resid sd update var variable.names weighted.mean
    Consider adding
     importFrom("grDevices", "dev.interactive", "dev.off", "postscript")
     importFrom("graphics", "barplot", "lines", "par", "plot", "points")
     importFrom("methods", "Quote", "existsFunction")
     importFrom("stats", "AIC", "cor", "fitted", "lm", "predict",
     "quantile", "resid", "sd", "update", "var",
     "variable.names", "weighted.mean")
     importFrom("utils", "getFromNamespace")
    to your NAMESPACE.
Flavors: r-devel-linux-x86_64-debian-clang, r-devel-linux-x86_64-debian-gcc, r-devel-linux-x86_64-fedora-clang, r-devel-linux-x86_64-fedora-gcc, r-devel-windows-ix86+x86_64