CRAN Package Check Results for Package bujar

Last updated on 2015-05-28 15:47:23.

Flavor Version Tinstall Tcheck Ttotal Status Flags
r-devel-linux-x86_64-debian-clang 0.1-4 4.46 46.64 51.10 OK
r-devel-linux-x86_64-debian-gcc 0.1-4 3.68 45.85 49.52 OK
r-devel-linux-x86_64-fedora-clang 0.1-4 102.96 OK
r-devel-linux-x86_64-fedora-gcc 0.1-4 101.65 OK
r-devel-osx-x86_64-clang 0.1-4 87.02 OK
r-devel-windows-ix86+x86_64 0.1-4 12.00 73.00 85.00 OK
r-patched-linux-x86_64 0.1-4 3.72 45.59 49.31 OK
r-patched-solaris-sparc 0.1-4 590.60 OK
r-patched-solaris-x86 0.1-4 143.30 OK
r-release-linux-x86_64 0.1-4 3.84 46.56 50.39 OK
r-release-osx-x86_64-mavericks 0.1-4 OK
r-release-osx-x86_64-snowleopard 0.1-4 ERROR
r-release-windows-ix86+x86_64 0.1-4 13.00 70.00 83.00 OK
r-oldrel-windows-ix86+x86_64 0.1-4 32.00 157.00 189.00 OK

Check Details

Version: 0.1-4
Check: package dependencies
Result: ERROR
    Packages required but not available: ‘mboost’ ‘rms’
    
    See section ‘The DESCRIPTION file’ in the ‘Writing R Extensions’
    manual.
Flavor: r-release-osx-x86_64-snowleopard