CRAN Package Check Results for Package bujar

Last updated on 2015-07-02 23:47:00.

Flavor Version Tinstall Tcheck Ttotal Status Flags
r-devel-linux-x86_64-debian-clang 0.1-4 4.11 47.43 51.54 NOTE
r-devel-linux-x86_64-debian-gcc 0.1-4 3.77 44.98 48.75 NOTE
r-devel-linux-x86_64-fedora-clang 0.1-4 102.33 NOTE
r-devel-linux-x86_64-fedora-gcc 0.1-4 96.98 NOTE
r-devel-osx-x86_64-clang 0.1-4 93.48 OK
r-devel-windows-ix86+x86_64 0.1-4 14.00 79.00 93.00 NOTE
r-patched-linux-x86_64 0.1-4 3.81 45.66 49.47 OK
r-patched-solaris-sparc 0.1-4 590.60 OK
r-patched-solaris-x86 0.1-4 145.40 OK
r-release-linux-x86_64 0.1-4 4.06 46.16 50.22 OK
r-release-osx-x86_64-mavericks 0.1-4 OK
r-release-windows-ix86+x86_64 0.1-4 12.00 77.00 89.00 OK
r-oldrel-windows-ix86+x86_64 0.1-4 35.00 148.00 183.00 OK

Check Details

Version: 0.1-4
Check: R code for possible problems
Result: NOTE
    bjboost.fit: no visible global function definition for ‘existsFunction’
    bjboost.fit: no visible global function definition for
     ‘getFromNamespace’
    bujar: Error while checking: invalid ‘envir’ argument
    coef.bujar: no visible global function definition for ‘predict’
    convbujar: no visible global function definition for ‘plot’
    cvmboost: no visible global function definition for ‘postscript’
    cvmboost: no visible global function definition for ‘plot’
    cvmboost: no visible global function definition for ‘dev.off’
    fpartial: no visible global function definition for ‘predict’
    gamplot : pr: no visible global function definition for ‘fitted’
    gamplot : pr: no visible global function definition for ‘predict’
    gamplot.out: no visible global function definition for
     ‘dev.interactive’
    gamplot.out: no visible global function definition for ‘par’
    partialPlot: no visible global function definition for ‘predict’
    partialPlot: no visible global function definition for ‘weighted.mean’
    partialPlot: no visible global function definition for ‘points’
    partialPlot: no visible global function definition for ‘barplot’
    partialPlot: no visible global function definition for ‘lines’
    partialPlot: no visible global function definition for ‘quantile’
    plot.bujar: no visible global function definition for ‘plot’
    predict.bujar: no visible global function definition for ‘predict’
    rif: no visible global function definition for ‘var’
    vim.interactions: no visible global function definition for ‘predict’
    vim.interactions: no visible global function definition for ‘lm’
    vim.interactions: no visible global function definition for ‘resid’
    vimpint: no visible global function definition for ‘update’
    vimpint: no visible binding for global variable ‘sd’
    Undefined global functions or variables:
     barplot dev.interactive dev.off existsFunction fitted
     getFromNamespace lines lm par plot points postscript predict quantile
     resid sd update var weighted.mean
Flavors: r-devel-linux-x86_64-debian-clang, r-devel-linux-x86_64-fedora-clang, r-devel-linux-x86_64-fedora-gcc, r-devel-windows-ix86+x86_64

Version: 0.1-4
Check: R code for possible problems
Result: NOTE
    bjboost.fit: no visible global function definition for ‘existsFunction’
    bjboost.fit: no visible global function definition for
     ‘getFromNamespace’
    bujar: Error while checking: invalid ‘envir’ argument
    coef.bujar: no visible global function definition for ‘predict’
    convbujar: no visible global function definition for ‘plot’
    cvmboost: no visible global function definition for ‘postscript’
    cvmboost: no visible global function definition for ‘plot’
    cvmboost: no visible global function definition for ‘dev.off’
    fpartial: no visible global function definition for ‘predict’
    gamplot : pr: no visible global function definition for ‘fitted’
    gamplot : pr: no visible global function definition for ‘predict’
    gamplot.out: no visible global function definition for
     ‘dev.interactive’
    gamplot.out: no visible global function definition for ‘par’
    partialPlot: no visible global function definition for ‘predict’
    partialPlot: no visible global function definition for ‘weighted.mean’
    partialPlot: no visible global function definition for ‘points’
    partialPlot: no visible global function definition for ‘barplot’
    partialPlot: no visible global function definition for ‘lines’
    partialPlot: no visible global function definition for ‘quantile’
    plot.bujar: no visible global function definition for ‘plot’
    predict.bujar: no visible global function definition for ‘predict’
    rif: no visible global function definition for ‘var’
    vim.interactions: no visible global function definition for ‘predict’
    vim.interactions: no visible global function definition for ‘lm’
    vim.interactions: no visible global function definition for ‘resid’
    vimpint: no visible global function definition for ‘update’
    vimpint: no visible binding for global variable ‘sd’
Flavor: r-devel-linux-x86_64-debian-gcc