CRAN Package Check Results for Package bumbl

Last updated on 2022-01-24 13:50:10 CET.

Flavor Version Tinstall Tcheck Ttotal Status Flags
r-devel-linux-x86_64-debian-clang 1.0.1 5.33 257.31 262.64 OK
r-devel-linux-x86_64-debian-gcc 1.0.1 3.71 172.28 175.99 OK
r-devel-linux-x86_64-fedora-clang 1.0.1 320.00 OK
r-devel-linux-x86_64-fedora-gcc 1.0.1 290.16 OK
r-devel-windows-x86_64-new-UL 1.0.1 15.00 251.00 266.00 OK
r-devel-windows-x86_64-new-TK 1.0.1 WARN
r-patched-linux-x86_64 1.0.1 3.81 242.31 246.12 OK
r-release-linux-x86_64 1.0.1 3.60 240.72 244.32 OK
r-release-macos-arm64 1.0.1 OK
r-release-macos-x86_64 1.0.1 OK
r-release-windows-ix86+x86_64 1.0.1 14.00 290.00 304.00 OK
r-oldrel-macos-x86_64 1.0.1 OK
r-oldrel-windows-ix86+x86_64 1.0.1 14.00 310.00 324.00 OK

Check Details

Version: 1.0.1
Check: package dependencies
Result: NOTE
    Packages suggested but not available for checking: 'car', 'rsq'
Flavor: r-devel-windows-x86_64-new-TK

Version: 1.0.1
Check: re-building of vignette outputs
Result: WARN
    Error(s) in re-building vignettes:
    --- re-building 'bumbl.Rmd' using rmarkdown
    Quitting from lines 19-21 (bumbl.Rmd)
    Error: processing vignette 'bumbl.Rmd' failed with diagnostics:
    there is no package called 'car'
    --- failed re-building 'bumbl.Rmd'
    
    SUMMARY: processing the following file failed:
     'bumbl.Rmd'
    
    Error: Vignette re-building failed.
    Execution halted
Flavor: r-devel-windows-x86_64-new-TK