CRAN Package Check Results for Package bupaR

Last updated on 2021-12-06 08:51:07 CET.

Flavor Version Tinstall Tcheck Ttotal Status Flags
r-devel-linux-x86_64-debian-clang 0.4.4 10.43 98.39 108.82 NOTE
r-devel-linux-x86_64-debian-gcc 0.4.4 8.54 74.19 82.73 NOTE
r-devel-linux-x86_64-fedora-clang 0.4.4 132.33 NOTE
r-devel-linux-x86_64-fedora-gcc 0.4.4 119.08 NOTE
r-devel-windows-x86_64-new-UL 0.4.4 29.00 131.00 160.00 NOTE
r-devel-windows-x86_64-new-TK 0.4.4 NOTE
r-devel-windows-x86_64-old 0.4.4 20.00 84.00 104.00 NOTE
r-patched-linux-x86_64 0.4.4 10.35 84.28 94.63 NOTE
r-release-linux-x86_64 0.4.4 10.09 90.52 100.61 NOTE
r-release-macos-arm64 0.4.4 NOTE
r-release-macos-x86_64 0.4.4 NOTE
r-release-windows-ix86+x86_64 0.4.4 27.00 116.00 143.00 NOTE
r-oldrel-macos-x86_64 0.4.4 OK
r-oldrel-windows-ix86+x86_64 0.4.4 28.00 108.00 136.00 OK

Check Details

Version: 0.4.4
Check: LazyData
Result: NOTE
     'LazyData' is specified without a 'data' directory
Flavors: r-devel-linux-x86_64-debian-clang, r-devel-linux-x86_64-debian-gcc, r-devel-linux-x86_64-fedora-clang, r-devel-linux-x86_64-fedora-gcc, r-devel-windows-x86_64-new-UL, r-devel-windows-x86_64-new-TK, r-devel-windows-x86_64-old, r-patched-linux-x86_64, r-release-linux-x86_64, r-release-macos-arm64, r-release-macos-x86_64, r-release-windows-ix86+x86_64