CRAN Package Check Results for Package bursts

Last updated on 2015-08-31 23:49:26.

Flavor Version Tinstall Tcheck Ttotal Status Flags
r-devel-linux-x86_64-debian-clang 1.0-1 0.46 7.77 8.23 NOTE
r-devel-linux-x86_64-debian-gcc 1.0-1 0.47 7.74 8.21 NOTE
r-devel-linux-x86_64-fedora-clang 1.0-1 15.42 NOTE
r-devel-linux-x86_64-fedora-gcc 1.0-1 14.72 NOTE
r-devel-osx-x86_64-clang 1.0-1 16.49 OK
r-devel-windows-ix86+x86_64 1.0-1 3.00 19.00 22.00 NOTE
r-patched-linux-x86_64 1.0-1 0.50 8.37 8.87 OK
r-patched-solaris-sparc 1.0-1 108.70 OK
r-patched-solaris-x86 1.0-1 26.00 OK
r-release-linux-x86_64 1.0-1 0.51 8.75 9.26 OK
r-release-osx-x86_64-mavericks 1.0-1 OK
r-release-windows-ix86+x86_64 1.0-1 2.00 23.00 25.00 OK
r-oldrel-windows-ix86+x86_64 1.0-1 3.00 16.00 19.00 OK

Check Details

Version: 1.0-1
Check: R code for possible problems
Result: NOTE
    plot.bursts: no visible global function definition for ‘plot’
    plot.bursts: no visible global function definition for ‘axis’
    plot.bursts: no visible global function definition for ‘arrows’
    Undefined global functions or variables:
     arrows axis plot
    Consider adding
     importFrom("graphics", "arrows", "axis", "plot")
    to your NAMESPACE.
Flavors: r-devel-linux-x86_64-debian-clang, r-devel-linux-x86_64-debian-gcc, r-devel-linux-x86_64-fedora-clang, r-devel-linux-x86_64-fedora-gcc, r-devel-windows-ix86+x86_64