CRAN Package Check Results for Package bursts

Last updated on 2016-02-10 08:47:04.

Flavor Version Tinstall Tcheck Ttotal Status Flags
r-devel-linux-x86_64-debian-gcc 1.0-1 0.58 7.70 8.29 NOTE
r-devel-linux-x86_64-fedora-clang 1.0-1 14.14 NOTE
r-devel-linux-x86_64-fedora-gcc 1.0-1 13.77 NOTE
r-devel-osx-x86_64-clang 1.0-1 18.50 NOTE
r-devel-windows-ix86+x86_64 1.0-1 3.00 25.00 28.00 NOTE
r-patched-linux-x86_64 1.0-1 0.58 7.98 8.56 OK
r-patched-solaris-sparc 1.0-1 92.60 OK
r-patched-solaris-x86 1.0-1 21.00 OK
r-release-linux-x86_64 1.0-1 0.56 7.98 8.54 OK
r-release-osx-x86_64-mavericks 1.0-1 OK
r-release-windows-ix86+x86_64 1.0-1 3.00 15.00 18.00 OK
r-oldrel-windows-ix86+x86_64 1.0-1 3.00 16.00 19.00 OK

Check Details

Version: 1.0-1
Check: R code for possible problems
Result: NOTE
    plot.bursts: no visible global function definition for ‘plot’
    plot.bursts: no visible global function definition for ‘axis’
    plot.bursts: no visible global function definition for ‘arrows’
    Undefined global functions or variables:
     arrows axis plot
    Consider adding
     importFrom("graphics", "arrows", "axis", "plot")
    to your NAMESPACE file.
Flavors: r-devel-linux-x86_64-debian-gcc, r-devel-linux-x86_64-fedora-clang, r-devel-linux-x86_64-fedora-gcc, r-devel-osx-x86_64-clang, r-devel-windows-ix86+x86_64