CRAN Package Check Results for Package bursts

Last updated on 2017-01-22 17:47:05.

Flavor Version Tinstall Tcheck Ttotal Status Flags
r-devel-linux-x86_64-debian-clang 1.0-1 0.53 11.25 11.78 NOTE
r-devel-linux-x86_64-debian-gcc 1.0-1 0.56 10.10 10.66 NOTE
r-devel-linux-x86_64-fedora-clang 1.0-1 17.29 NOTE --no-stop-on-test-error
r-devel-linux-x86_64-fedora-gcc 1.0-1 16.68 NOTE --no-stop-on-test-error
r-devel-macos-x86_64-clang 1.0-1 15.95 NOTE --no-stop-on-test-error
r-devel-windows-ix86+x86_64 1.0-1 2.00 25.00 27.00 NOTE
r-patched-linux-x86_64 1.0-1 0.54 8.15 8.69 NOTE
r-patched-solaris-sparc 1.0-1 98.50 NOTE
r-patched-solaris-x86 1.0-1 21.40 NOTE
r-release-linux-x86_64 1.0-1 0.58 8.72 9.29 NOTE
r-release-osx-x86_64-mavericks 1.0-1 NOTE
r-release-windows-ix86+x86_64 1.0-1 2.00 23.00 25.00 NOTE
r-oldrel-windows-ix86+x86_64 1.0-1 2.00 19.00 21.00 OK

Check Details

Version: 1.0-1
Check: R code for possible problems
Result: NOTE
    plot.bursts: no visible global function definition for ‘plot’
    plot.bursts: no visible global function definition for ‘axis’
    plot.bursts: no visible global function definition for ‘arrows’
    Undefined global functions or variables:
     arrows axis plot
    Consider adding
     importFrom("graphics", "arrows", "axis", "plot")
    to your NAMESPACE file.
Flavors: r-devel-linux-x86_64-debian-clang, r-devel-linux-x86_64-debian-gcc, r-devel-windows-ix86+x86_64, r-patched-linux-x86_64, r-patched-solaris-sparc, r-patched-solaris-x86, r-release-linux-x86_64, r-release-osx-x86_64-mavericks, r-release-windows-ix86+x86_64

Version: 1.0-1
Flags: --no-stop-on-test-error
Check: R code for possible problems
Result: NOTE
    plot.bursts: no visible global function definition for ‘plot’
    plot.bursts: no visible global function definition for ‘axis’
    plot.bursts: no visible global function definition for ‘arrows’
    Undefined global functions or variables:
     arrows axis plot
    Consider adding
     importFrom("graphics", "arrows", "axis", "plot")
    to your NAMESPACE file.
Flavors: r-devel-linux-x86_64-fedora-clang, r-devel-linux-x86_64-fedora-gcc, r-devel-macos-x86_64-clang