CRAN Package Check Results for Package bursts

Last updated on 2017-04-28 17:47:25.

Flavor Version Tinstall Tcheck Ttotal Status Flags
r-devel-linux-x86_64-debian-clang 1.0-1 0.67 10.55 11.22 NOTE
r-devel-linux-x86_64-debian-gcc 1.0-1 0.64 10.33 10.97 NOTE
r-devel-linux-x86_64-fedora-clang 1.0-1 17.92 NOTE --no-stop-on-test-error
r-devel-linux-x86_64-fedora-gcc 1.0-1 17.03 NOTE --no-stop-on-test-error
r-devel-windows-ix86+x86_64 1.0-1 4.00 24.00 28.00 NOTE
r-patched-linux-x86_64 1.0-1 0.60 10.71 11.31 NOTE
r-patched-solaris-sparc 1.0-1 108.20 NOTE
r-patched-solaris-x86 1.0-1 26.50 NOTE
r-release-linux-x86_64 1.0-1 0.62 10.99 11.61 NOTE
r-release-windows-ix86+x86_64 1.0-1 2.00 23.00 25.00 NOTE
r-release-osx-x86_64 1.0-1 NOTE
r-oldrel-windows-ix86+x86_64 1.0-1 2.00 23.00 25.00 NOTE
r-oldrel-osx-x86_64 1.0-1 NOTE

Check Details

Version: 1.0-1
Check: R code for possible problems
Result: NOTE
    plot.bursts: no visible global function definition for ‘plot’
    plot.bursts: no visible global function definition for ‘axis’
    plot.bursts: no visible global function definition for ‘arrows’
    Undefined global functions or variables:
     arrows axis plot
    Consider adding
     importFrom("graphics", "arrows", "axis", "plot")
    to your NAMESPACE file.
Flavors: r-devel-linux-x86_64-debian-clang, r-devel-linux-x86_64-debian-gcc, r-devel-windows-ix86+x86_64, r-patched-linux-x86_64, r-patched-solaris-sparc, r-patched-solaris-x86, r-release-linux-x86_64, r-release-windows-ix86+x86_64, r-release-osx-x86_64, r-oldrel-windows-ix86+x86_64, r-oldrel-osx-x86_64

Version: 1.0-1
Flags: --no-stop-on-test-error
Check: R code for possible problems
Result: NOTE
    plot.bursts: no visible global function definition for ‘plot’
    plot.bursts: no visible global function definition for ‘axis’
    plot.bursts: no visible global function definition for ‘arrows’
    Undefined global functions or variables:
     arrows axis plot
    Consider adding
     importFrom("graphics", "arrows", "axis", "plot")
    to your NAMESPACE file.
Flavors: r-devel-linux-x86_64-fedora-clang, r-devel-linux-x86_64-fedora-gcc