CRAN Package Check Results for Package bursts

Last updated on 2017-12-11 17:48:47 CET.

Flavor Version Tinstall Tcheck Ttotal Status Flags
r-devel-linux-x86_64-debian-clang 1.0-1 0.54 12.54 13.08 NOTE
r-devel-linux-x86_64-debian-gcc 1.0-1 0.55 11.76 12.31 NOTE
r-devel-linux-x86_64-fedora-clang 1.0-1 17.05 NOTE
r-devel-linux-x86_64-fedora-gcc 1.0-1 16.15 NOTE
r-devel-windows-ix86+x86_64 1.0-1 3.00 22.00 25.00 NOTE
r-patched-linux-x86_64 1.0-1 0.76 14.11 14.87 NOTE
r-patched-solaris-x86 1.0-1 27.00 NOTE
r-release-linux-x86_64 1.0-1 0.74 14.33 15.07 NOTE
r-release-windows-ix86+x86_64 1.0-1 2.00 25.00 27.00 NOTE
r-release-osx-x86_64 1.0-1 NOTE
r-oldrel-windows-ix86+x86_64 1.0-1 2.00 23.00 25.00 NOTE
r-oldrel-osx-x86_64 1.0-1 NOTE

Check Details

Version: 1.0-1
Check: R code for possible problems
Result: NOTE
    plot.bursts: no visible global function definition for ‘plot’
    plot.bursts: no visible global function definition for ‘axis’
    plot.bursts: no visible global function definition for ‘arrows’
    Undefined global functions or variables:
     arrows axis plot
    Consider adding
     importFrom("graphics", "arrows", "axis", "plot")
    to your NAMESPACE file.
Flavors: r-devel-linux-x86_64-debian-clang, r-devel-linux-x86_64-debian-gcc, r-devel-linux-x86_64-fedora-clang, r-devel-linux-x86_64-fedora-gcc, r-devel-windows-ix86+x86_64, r-patched-linux-x86_64, r-patched-solaris-x86, r-release-linux-x86_64, r-release-windows-ix86+x86_64, r-release-osx-x86_64, r-oldrel-windows-ix86+x86_64, r-oldrel-osx-x86_64