CRAN Package Check Results for Package bursts

Last updated on 2016-05-24 11:48:49.

Flavor Version Tinstall Tcheck Ttotal Status Flags
r-devel-linux-x86_64-debian-gcc 1.0-1 0.56 8.35 8.91 NOTE
r-devel-linux-x86_64-fedora-clang 1.0-1 15.65 NOTE
r-devel-linux-x86_64-fedora-gcc 1.0-1 13.71 NOTE
r-devel-osx-x86_64-clang 1.0-1 18.87 NOTE
r-devel-windows-ix86+x86_64 1.0-1 2.00 29.00 31.00 NOTE
r-patched-linux-x86_64 1.0-1 0.53 8.05 8.59 NOTE
r-patched-solaris-sparc 1.0-1 94.10 NOTE
r-patched-solaris-x86 1.0-1 22.70 NOTE
r-release-linux-x86_64 1.0-1 0.51 8.39 8.90 NOTE
r-release-osx-x86_64-mavericks 1.0-1 NOTE
r-release-windows-ix86+x86_64 1.0-1 2.00 29.00 31.00 NOTE
r-oldrel-windows-ix86+x86_64 1.0-1 3.00 15.00 18.00 OK

Check Details

Version: 1.0-1
Check: R code for possible problems
Result: NOTE
    plot.bursts: no visible global function definition for ‘plot’
    plot.bursts: no visible global function definition for ‘axis’
    plot.bursts: no visible global function definition for ‘arrows’
    Undefined global functions or variables:
     arrows axis plot
    Consider adding
     importFrom("graphics", "arrows", "axis", "plot")
    to your NAMESPACE file.
Flavors: r-devel-linux-x86_64-debian-gcc, r-devel-linux-x86_64-fedora-clang, r-devel-linux-x86_64-fedora-gcc, r-devel-osx-x86_64-clang, r-devel-windows-ix86+x86_64, r-patched-linux-x86_64, r-patched-solaris-sparc, r-patched-solaris-x86, r-release-linux-x86_64, r-release-osx-x86_64-mavericks, r-release-windows-ix86+x86_64