CRAN Package Check Results for Package bursts

Last updated on 2016-08-25 14:48:15.

Flavor Version Tinstall Tcheck Ttotal Status Flags
r-devel-linux-x86_64-debian-clang 1.0-1 0.48 8.51 8.99 NOTE
r-devel-linux-x86_64-debian-gcc 1.0-1 0.52 8.47 8.99 NOTE
r-devel-linux-x86_64-fedora-clang 1.0-1 15.16 NOTE
r-devel-linux-x86_64-fedora-gcc 1.0-1 14.56 NOTE
r-devel-osx-x86_64-clang 1.0-1 13.73 NOTE
r-devel-windows-ix86+x86_64 1.0-1 4.00 32.00 36.00 NOTE
r-patched-linux-x86_64 1.0-1 0.49 8.57 9.05 NOTE
r-patched-solaris-sparc 1.0-1 95.00 NOTE
r-patched-solaris-x86 1.0-1 22.00 NOTE
r-release-linux-x86_64 1.0-1 0.52 8.52 9.04 NOTE
r-release-osx-x86_64-mavericks 1.0-1 NOTE
r-release-windows-ix86+x86_64 1.0-1 2.00 29.00 31.00 NOTE
r-oldrel-windows-ix86+x86_64 1.0-1 3.00 15.00 18.00 OK

Check Details

Version: 1.0-1
Check: R code for possible problems
Result: NOTE
    plot.bursts: no visible global function definition for ‘plot’
    plot.bursts: no visible global function definition for ‘axis’
    plot.bursts: no visible global function definition for ‘arrows’
    Undefined global functions or variables:
     arrows axis plot
    Consider adding
     importFrom("graphics", "arrows", "axis", "plot")
    to your NAMESPACE file.
Flavors: r-devel-linux-x86_64-debian-clang, r-devel-linux-x86_64-debian-gcc, r-devel-linux-x86_64-fedora-clang, r-devel-linux-x86_64-fedora-gcc, r-devel-osx-x86_64-clang, r-devel-windows-ix86+x86_64, r-patched-linux-x86_64, r-patched-solaris-sparc, r-patched-solaris-x86, r-release-linux-x86_64, r-release-osx-x86_64-mavericks, r-release-windows-ix86+x86_64