CRAN Package Check Results for Package bursts

Last updated on 2016-12-09 17:53:48.

Flavor Version Tinstall Tcheck Ttotal Status Flags
r-devel-linux-x86_64-debian-clang 1.0-1 0.56 10.05 10.61 NOTE
r-devel-linux-x86_64-debian-gcc 1.0-1 0.54 9.82 10.36 NOTE
r-devel-linux-x86_64-fedora-clang 1.0-1 18.65 NOTE --no-stop-on-test-error
r-devel-linux-x86_64-fedora-gcc 1.0-1 17.12 NOTE --no-stop-on-test-error
r-devel-macos-x86_64-clang 1.0-1 16.24 NOTE --no-stop-on-test-error
r-devel-windows-ix86+x86_64 1.0-1 5.00 34.00 39.00 NOTE
r-patched-linux-x86_64 1.0-1 0.54 8.45 8.99 NOTE
r-patched-solaris-sparc 1.0-1 95.00 NOTE
r-patched-solaris-x86 1.0-1 22.10 NOTE
r-release-linux-x86_64 1.0-1 0.56 8.35 8.91 NOTE
r-release-osx-x86_64-mavericks 1.0-1 NOTE
r-release-windows-ix86+x86_64 1.0-1 2.00 23.00 25.00 NOTE
r-oldrel-windows-ix86+x86_64 1.0-1 2.00 19.00 21.00 OK

Check Details

Version: 1.0-1
Check: R code for possible problems
Result: NOTE
    plot.bursts: no visible global function definition for ‘plot’
    plot.bursts: no visible global function definition for ‘axis’
    plot.bursts: no visible global function definition for ‘arrows’
    Undefined global functions or variables:
     arrows axis plot
    Consider adding
     importFrom("graphics", "arrows", "axis", "plot")
    to your NAMESPACE file.
Flavors: r-devel-linux-x86_64-debian-clang, r-devel-linux-x86_64-debian-gcc, r-devel-windows-ix86+x86_64, r-patched-linux-x86_64, r-patched-solaris-sparc, r-patched-solaris-x86, r-release-linux-x86_64, r-release-osx-x86_64-mavericks, r-release-windows-ix86+x86_64

Version: 1.0-1
Flags: --no-stop-on-test-error
Check: R code for possible problems
Result: NOTE
    plot.bursts: no visible global function definition for ‘plot’
    plot.bursts: no visible global function definition for ‘axis’
    plot.bursts: no visible global function definition for ‘arrows’
    Undefined global functions or variables:
     arrows axis plot
    Consider adding
     importFrom("graphics", "arrows", "axis", "plot")
    to your NAMESPACE file.
Flavors: r-devel-linux-x86_64-fedora-clang, r-devel-linux-x86_64-fedora-gcc, r-devel-macos-x86_64-clang