CRAN Package Check Results for Package bursts

Last updated on 2017-06-25 16:51:52.

Flavor Version Tinstall Tcheck Ttotal Status Flags
r-devel-linux-x86_64-debian-clang 1.0-1 0.65 10.70 11.35 NOTE
r-devel-linux-x86_64-debian-gcc 1.0-1 0.58 10.56 11.14 NOTE
r-devel-linux-x86_64-fedora-clang 1.0-1 18.10 NOTE
r-devel-linux-x86_64-fedora-gcc 1.0-1 17.47 NOTE
r-devel-windows-ix86+x86_64 1.0-1 3.00 34.00 37.00 NOTE
r-patched-linux-x86_64 1.0-1 0.65 10.46 11.11 NOTE
r-patched-solaris-sparc 1.0-1 108.20 NOTE
r-patched-solaris-x86 1.0-1 26.70 NOTE
r-release-linux-x86_64 1.0-1 0.60 10.45 11.04 NOTE
r-release-windows-ix86+x86_64 1.0-1 2.00 23.00 25.00 NOTE
r-release-osx-x86_64 1.0-1 NOTE
r-oldrel-windows-ix86+x86_64 1.0-1 2.00 23.00 25.00 NOTE
r-oldrel-osx-x86_64 1.0-1 NOTE

Check Details

Version: 1.0-1
Check: R code for possible problems
Result: NOTE
    plot.bursts: no visible global function definition for ‘plot’
    plot.bursts: no visible global function definition for ‘axis’
    plot.bursts: no visible global function definition for ‘arrows’
    Undefined global functions or variables:
     arrows axis plot
    Consider adding
     importFrom("graphics", "arrows", "axis", "plot")
    to your NAMESPACE file.
Flavors: r-devel-linux-x86_64-debian-clang, r-devel-linux-x86_64-debian-gcc, r-devel-linux-x86_64-fedora-clang, r-devel-linux-x86_64-fedora-gcc, r-devel-windows-ix86+x86_64, r-patched-linux-x86_64, r-patched-solaris-sparc, r-patched-solaris-x86, r-release-linux-x86_64, r-release-windows-ix86+x86_64, r-release-osx-x86_64, r-oldrel-windows-ix86+x86_64, r-oldrel-osx-x86_64