CRAN Package Check Results for Package bursts

Last updated on 2019-06-25 20:46:50 CEST.

Flavor Version Tinstall Tcheck Ttotal Status Flags
r-devel-linux-x86_64-debian-clang 1.0-1 1.62 16.85 18.47 NOTE
r-devel-linux-x86_64-debian-gcc 1.0-1 1.34 13.75 15.09 NOTE
r-devel-linux-x86_64-fedora-clang 1.0-1 22.72 NOTE
r-devel-linux-x86_64-fedora-gcc 1.0-1 21.65 NOTE
r-devel-windows-ix86+x86_64 1.0-1 7.00 30.00 37.00 NOTE
r-patched-linux-x86_64 1.0-1 1.66 16.62 18.28 NOTE
r-patched-solaris-x86 1.0-1 38.50 NOTE
r-release-linux-x86_64 1.0-1 1.68 16.68 18.36 NOTE
r-release-windows-ix86+x86_64 1.0-1 4.00 38.00 42.00 NOTE
r-release-osx-x86_64 1.0-1 NOTE
r-oldrel-windows-ix86+x86_64 1.0-1 2.00 26.00 28.00 NOTE
r-oldrel-osx-x86_64 1.0-1 NOTE

Check Details

Version: 1.0-1
Check: R code for possible problems
Result: NOTE
    plot.bursts: no visible global function definition for 'plot'
    plot.bursts: no visible global function definition for 'axis'
    plot.bursts: no visible global function definition for 'arrows'
    Undefined global functions or variables:
     arrows axis plot
    Consider adding
     importFrom("graphics", "arrows", "axis", "plot")
    to your NAMESPACE file.
Flavors: r-devel-linux-x86_64-debian-clang, r-devel-linux-x86_64-debian-gcc, r-devel-linux-x86_64-fedora-clang, r-devel-linux-x86_64-fedora-gcc, r-devel-windows-ix86+x86_64, r-patched-linux-x86_64, r-patched-solaris-x86, r-release-linux-x86_64, r-release-windows-ix86+x86_64, r-release-osx-x86_64, r-oldrel-windows-ix86+x86_64, r-oldrel-osx-x86_64