CRAN Package Check Results for Package bursts

Last updated on 2016-09-25 03:47:02.

Flavor Version Tinstall Tcheck Ttotal Status Flags
r-devel-linux-x86_64-debian-clang 1.0-1 0.52 8.69 9.21 NOTE
r-devel-linux-x86_64-debian-gcc 1.0-1 0.49 8.54 9.03 NOTE
r-devel-linux-x86_64-fedora-clang 1.0-1 14.58 NOTE
r-devel-linux-x86_64-fedora-gcc 1.0-1 13.97 NOTE
r-devel-macos-x86_64-clang 1.0-1 13.83 NOTE
r-devel-windows-ix86+x86_64 1.0-1 3.00 24.00 27.00 NOTE
r-patched-linux-x86_64 1.0-1 0.49 8.52 9.01 NOTE
r-patched-solaris-sparc 1.0-1 95.00 NOTE
r-patched-solaris-x86 1.0-1 22.10 NOTE
r-release-linux-x86_64 1.0-1 0.52 8.57 9.09 NOTE
r-release-osx-x86_64-mavericks 1.0-1 NOTE
r-release-windows-ix86+x86_64 1.0-1 2.00 20.00 22.00 NOTE
r-oldrel-windows-ix86+x86_64 1.0-1 3.00 15.00 18.00 OK

Check Details

Version: 1.0-1
Check: R code for possible problems
Result: NOTE
    plot.bursts: no visible global function definition for ‘plot’
    plot.bursts: no visible global function definition for ‘axis’
    plot.bursts: no visible global function definition for ‘arrows’
    Undefined global functions or variables:
     arrows axis plot
    Consider adding
     importFrom("graphics", "arrows", "axis", "plot")
    to your NAMESPACE file.
Flavors: r-devel-linux-x86_64-debian-clang, r-devel-linux-x86_64-debian-gcc, r-devel-linux-x86_64-fedora-clang, r-devel-linux-x86_64-fedora-gcc, r-devel-macos-x86_64-clang, r-devel-windows-ix86+x86_64, r-patched-linux-x86_64, r-patched-solaris-sparc, r-patched-solaris-x86, r-release-linux-x86_64, r-release-osx-x86_64-mavericks, r-release-windows-ix86+x86_64