CRAN Package Check Results for Package bursts

Last updated on 2019-03-24 04:46:38 CET.

Flavor Version Tinstall Tcheck Ttotal Status Flags
r-devel-linux-x86_64-debian-clang 1.0-1 1.58 16.78 18.36 NOTE
r-devel-linux-x86_64-debian-gcc 1.0-1 1.33 13.89 15.22 NOTE
r-devel-linux-x86_64-fedora-clang 1.0-1 22.42 NOTE
r-devel-linux-x86_64-fedora-gcc 1.0-1 21.45 NOTE
r-devel-windows-ix86+x86_64 1.0-1 6.00 34.00 40.00 NOTE
r-patched-linux-x86_64 1.0-1 0.66 15.79 16.45 NOTE
r-patched-solaris-x86 1.0-1 33.20 NOTE
r-release-linux-x86_64 1.0-1 0.28 1.72 2.00 ERROR
r-release-windows-ix86+x86_64 1.0-1 2.00 26.00 28.00 NOTE
r-release-osx-x86_64 1.0-1 NOTE
r-oldrel-windows-ix86+x86_64 1.0-1 2.00 25.00 27.00 NOTE
r-oldrel-osx-x86_64 1.0-1 NOTE

Check Details

Version: 1.0-1
Check: R code for possible problems
Result: NOTE
    plot.bursts: no visible global function definition for 'plot'
    plot.bursts: no visible global function definition for 'axis'
    plot.bursts: no visible global function definition for 'arrows'
    Undefined global functions or variables:
     arrows axis plot
    Consider adding
     importFrom("graphics", "arrows", "axis", "plot")
    to your NAMESPACE file.
Flavors: r-devel-linux-x86_64-debian-clang, r-devel-linux-x86_64-debian-gcc, r-devel-linux-x86_64-fedora-clang, r-devel-linux-x86_64-fedora-gcc, r-devel-windows-ix86+x86_64, r-patched-linux-x86_64, r-patched-solaris-x86, r-release-windows-ix86+x86_64, r-release-osx-x86_64, r-oldrel-windows-ix86+x86_64, r-oldrel-osx-x86_64

Version: 1.0-1
Check: whether package can be installed
Result: ERROR
    Installation failed.
Flavor: r-release-linux-x86_64