CRAN Package Check Results for Package bursts

Last updated on 2015-07-03 09:46:48.

Flavor Version Tinstall Tcheck Ttotal Status Flags
r-devel-linux-x86_64-debian-clang 1.0-1 0.51 8.31 8.82 NOTE
r-devel-linux-x86_64-debian-gcc 1.0-1 0.47 8.55 9.02 NOTE
r-devel-linux-x86_64-fedora-clang 1.0-1 15.56 NOTE
r-devel-linux-x86_64-fedora-gcc 1.0-1 14.84 NOTE
r-devel-osx-x86_64-clang 1.0-1 17.86 OK
r-devel-windows-ix86+x86_64 1.0-1 5.00 15.00 20.00 OK
r-patched-linux-x86_64 1.0-1 0.50 8.34 8.84 OK
r-patched-solaris-sparc 1.0-1 102.30 OK
r-patched-solaris-x86 1.0-1 25.20 OK
r-release-linux-x86_64 1.0-1 0.49 8.65 9.14 OK
r-release-osx-x86_64-mavericks 1.0-1 OK
r-release-windows-ix86+x86_64 1.0-1 2.00 15.00 17.00 OK
r-oldrel-windows-ix86+x86_64 1.0-1 3.00 16.00 19.00 OK

Check Details

Version: 1.0-1
Check: R code for possible problems
Result: NOTE
    plot.bursts: no visible global function definition for ‘plot’
    plot.bursts: no visible global function definition for ‘axis’
    plot.bursts: no visible global function definition for ‘arrows’
    Undefined global functions or variables:
     arrows axis plot
Flavors: r-devel-linux-x86_64-debian-clang, r-devel-linux-x86_64-debian-gcc, r-devel-linux-x86_64-fedora-clang, r-devel-linux-x86_64-fedora-gcc