CRAN Package Check Results for Package bursts

Last updated on 2017-10-18 23:47:38.

Flavor Version Tinstall Tcheck Ttotal Status Flags
r-devel-linux-x86_64-debian-clang 1.0-1 0.61 11.07 11.69 NOTE
r-devel-linux-x86_64-debian-gcc 1.0-1 0.67 11.35 12.02 NOTE
r-devel-linux-x86_64-fedora-clang 1.0-1 18.71 NOTE
r-devel-linux-x86_64-fedora-gcc 1.0-1 17.93 NOTE
r-devel-windows-ix86+x86_64 1.0-1 3.00 25.00 28.00 NOTE
r-patched-linux-x86_64 1.0-1 0.67 10.53 11.21 NOTE
r-patched-solaris-x86 1.0-1 26.00 NOTE
r-release-linux-x86_64 1.0-1 0.55 10.92 11.47 NOTE
r-release-windows-ix86+x86_64 1.0-1 2.00 25.00 27.00 NOTE
r-release-osx-x86_64 1.0-1 NOTE
r-oldrel-windows-ix86+x86_64 1.0-1 2.00 23.00 25.00 NOTE
r-oldrel-osx-x86_64 1.0-1 NOTE

Check Details

Version: 1.0-1
Check: R code for possible problems
Result: NOTE
    plot.bursts: no visible global function definition for ‘plot’
    plot.bursts: no visible global function definition for ‘axis’
    plot.bursts: no visible global function definition for ‘arrows’
    Undefined global functions or variables:
     arrows axis plot
    Consider adding
     importFrom("graphics", "arrows", "axis", "plot")
    to your NAMESPACE file.
Flavors: r-devel-linux-x86_64-debian-clang, r-devel-linux-x86_64-debian-gcc, r-devel-linux-x86_64-fedora-clang, r-devel-linux-x86_64-fedora-gcc, r-devel-windows-ix86+x86_64, r-patched-linux-x86_64, r-patched-solaris-x86, r-release-linux-x86_64, r-release-windows-ix86+x86_64, r-release-osx-x86_64, r-oldrel-windows-ix86+x86_64, r-oldrel-osx-x86_64