CRAN Package Check Results for Package busdater

Last updated on 2021-12-05 21:48:35 CET.

Flavor Version Tinstall Tcheck Ttotal Status Flags
r-devel-linux-x86_64-debian-clang 0.2.0 3.01 41.10 44.11 NOTE
r-devel-linux-x86_64-debian-gcc 0.2.0 2.27 32.98 35.25 NOTE
r-devel-linux-x86_64-fedora-clang 0.2.0 56.55 NOTE
r-devel-linux-x86_64-fedora-gcc 0.2.0 47.67 NOTE
r-devel-windows-x86_64-new-UL 0.2.0 7.00 75.00 82.00 NOTE
r-devel-windows-x86_64-new-TK 0.2.0 NOTE
r-devel-windows-x86_64-old 0.2.0 5.00 41.00 46.00 NOTE
r-patched-linux-x86_64 0.2.0 2.41 34.05 36.46 NOTE
r-release-linux-x86_64 0.2.0 2.71 41.24 43.95 NOTE
r-release-macos-arm64 0.2.0 NOTE
r-release-macos-x86_64 0.2.0 NOTE
r-release-windows-ix86+x86_64 0.2.0 7.00 59.00 66.00 NOTE
r-oldrel-macos-x86_64 0.2.0 OK
r-oldrel-windows-ix86+x86_64 0.2.0 7.00 52.00 59.00 OK

Check Details

Version: 0.2.0
Check: LazyData
Result: NOTE
     'LazyData' is specified without a 'data' directory
Flavors: r-devel-linux-x86_64-debian-clang, r-devel-linux-x86_64-debian-gcc, r-devel-linux-x86_64-fedora-clang, r-devel-linux-x86_64-fedora-gcc, r-devel-windows-x86_64-new-UL, r-devel-windows-x86_64-new-TK, r-devel-windows-x86_64-old, r-patched-linux-x86_64, r-release-linux-x86_64, r-release-macos-arm64, r-release-macos-x86_64, r-release-windows-ix86+x86_64