CRAN Package Check Results for Package bvarsv

Last updated on 2022-12-05 11:51:35 CET.

Flavor Version Tinstall Tcheck Ttotal Status Flags
r-devel-linux-x86_64-debian-clang 1.1 36.84 35.31 72.15 OK
r-devel-linux-x86_64-debian-gcc 1.1 35.16 27.72 62.88 OK
r-devel-linux-x86_64-fedora-clang 1.1 125.35 NOTE
r-devel-linux-x86_64-fedora-gcc 1.1 110.17 NOTE
r-devel-windows-x86_64 1.1 36.00 80.00 116.00 OK
r-patched-linux-x86_64 1.1 36.06 33.19 69.25 OK
r-release-linux-x86_64 1.1 39.03 33.06 72.09 OK
r-release-macos-arm64 1.1 30.00 OK
r-release-macos-x86_64 1.1 43.00 OK
r-release-windows-x86_64 1.1 40.00 85.00 125.00 OK
r-oldrel-macos-arm64 1.1 43.00 OK
r-oldrel-macos-x86_64 1.1 54.00 OK
r-oldrel-windows-ix86+x86_64 1.1 98.00 102.00 200.00 OK

Check Details

Version: 1.1
Check: compiled code
Result: NOTE
    File ‘bvarsv/libs/bvarsv.so’:
     Found no calls to: ‘R_registerRoutines’, ‘R_useDynamicSymbols’
    
    It is good practice to register native routines and to disable symbol
    search.
    
    See ‘Writing portable packages’ in the ‘Writing R Extensions’ manual.
Flavors: r-devel-linux-x86_64-fedora-clang, r-devel-linux-x86_64-fedora-gcc