CRAN Package Check Results for Package bvenn

Last updated on 2017-12-18 07:46:54 CET.

Flavor Version Tinstall Tcheck Ttotal Status Flags
r-devel-linux-x86_64-debian-clang 0.1 0.71 14.65 15.36 NOTE
r-devel-linux-x86_64-debian-gcc NOTE
r-devel-linux-x86_64-fedora-clang 0.1 19.57 NOTE
r-devel-linux-x86_64-fedora-gcc 0.1 19.29 NOTE
r-devel-windows-ix86+x86_64 0.1 2.00 22.00 24.00 OK
r-patched-linux-x86_64 0.1 0.79 14.63 15.42 NOTE
r-patched-solaris-x86 0.1 25.80 OK
r-release-linux-x86_64 0.1 0.72 14.69 15.41 NOTE
r-release-windows-ix86+x86_64 0.1 2.00 25.00 27.00 OK
r-release-osx-x86_64 0.1 OK
r-oldrel-windows-ix86+x86_64 0.1 2.00 25.00 27.00 OK
r-oldrel-osx-x86_64 0.1 OK

Check Details

Version: 0.1
Check: Rd line widths
Result: NOTE
    Rd file 'bvenn.Rd':
     \examples lines wider than 100 characters:
     bvenn(list(Set1 = sample(letters, 16), Set2 = sample(letters, 3+ 3*j), Set3 = sample(letters, 7)), add = TRUE, fontsize ... [TRUNCATED]
    
    These lines will be truncated in the PDF manual.
Flavors: r-devel-linux-x86_64-debian-clang, r-devel-linux-x86_64-debian-gcc, r-devel-linux-x86_64-fedora-clang, r-devel-linux-x86_64-fedora-gcc, r-patched-linux-x86_64, r-release-linux-x86_64