CRAN Package Check Results for Package bvenn

Last updated on 2018-10-17 09:48:54 CEST.

Flavor Version Tinstall Tcheck Ttotal Status Flags
r-devel-linux-x86_64-debian-clang 0.1 1.01 17.57 18.58 NOTE
r-devel-linux-x86_64-debian-gcc 0.1 0.84 14.35 15.19 NOTE
r-devel-linux-x86_64-fedora-clang 0.1 22.31 NOTE
r-devel-linux-x86_64-fedora-gcc 0.1 21.69 NOTE
r-devel-windows-ix86+x86_64 0.1 4.00 37.00 41.00 OK
r-patched-linux-x86_64 0.1 0.92 16.09 17.01 NOTE
r-patched-solaris-x86 0.1 34.00 OK
r-release-linux-x86_64 0.1 0.95 16.16 17.11 NOTE
r-release-windows-ix86+x86_64 0.1 3.00 26.00 29.00 OK
r-release-osx-x86_64 0.1 OK
r-oldrel-windows-ix86+x86_64 0.1 2.00 25.00 27.00 OK
r-oldrel-osx-x86_64 0.1 OK

Check Details

Version: 0.1
Check: Rd line widths
Result: NOTE
    Rd file 'bvenn.Rd':
     \examples lines wider than 100 characters:
     bvenn(list(Set1 = sample(letters, 16), Set2 = sample(letters, 3+ 3*j), Set3 = sample(letters, 7)), add = TRUE, fontsize ... [TRUNCATED]
    
    These lines will be truncated in the PDF manual.
Flavors: r-devel-linux-x86_64-debian-clang, r-devel-linux-x86_64-debian-gcc, r-devel-linux-x86_64-fedora-clang, r-devel-linux-x86_64-fedora-gcc, r-patched-linux-x86_64, r-release-linux-x86_64