CRAN Package Check Results for Package bvenn

Last updated on 2018-07-18 15:48:02 CEST.

Flavor Version Tinstall Tcheck Ttotal Status Flags
r-devel-linux-x86_64-debian-clang 0.1 0.96 17.17 18.13 NOTE
r-devel-linux-x86_64-debian-gcc 0.1 0.76 13.75 14.51 NOTE
r-devel-linux-x86_64-fedora-clang 0.1 21.72 NOTE
r-devel-linux-x86_64-fedora-gcc 0.1 19.93 NOTE
r-devel-windows-ix86+x86_64 0.1 4.00 30.00 34.00 OK
r-patched-linux-x86_64 0.1 0.87 16.12 16.99 NOTE
r-patched-solaris-x86 0.1 34.80 OK
r-release-linux-x86_64 0.1 0.98 16.20 17.18 NOTE
r-release-windows-ix86+x86_64 0.1 3.00 26.00 29.00 OK
r-release-osx-x86_64 0.1 OK
r-oldrel-windows-ix86+x86_64 0.1 2.00 25.00 27.00 OK
r-oldrel-osx-x86_64 0.1 OK

Check Details

Version: 0.1
Check: Rd line widths
Result: NOTE
    Rd file 'bvenn.Rd':
     \examples lines wider than 100 characters:
     bvenn(list(Set1 = sample(letters, 16), Set2 = sample(letters, 3+ 3*j), Set3 = sample(letters, 7)), add = TRUE, fontsize ... [TRUNCATED]
    
    These lines will be truncated in the PDF manual.
Flavors: r-devel-linux-x86_64-debian-clang, r-devel-linux-x86_64-debian-gcc, r-devel-linux-x86_64-fedora-clang, r-devel-linux-x86_64-fedora-gcc, r-patched-linux-x86_64, r-release-linux-x86_64