CRAN Package Check Results for Package bvls

Last updated on 2015-07-29 17:47:52.

Flavor Version Tinstall Tcheck Ttotal Status Flags
r-devel-linux-x86_64-debian-clang 1.4 1.10 8.09 9.19 NOTE
r-devel-linux-x86_64-debian-gcc 1.4 1.08 7.87 8.95 NOTE
r-devel-linux-x86_64-fedora-clang 1.4 16.37 NOTE
r-devel-linux-x86_64-fedora-gcc 1.4 16.25 NOTE
r-devel-osx-x86_64-clang 1.4 17.92 NOTE
r-devel-windows-ix86+x86_64 1.4 6.00 19.00 25.00 NOTE
r-patched-linux-x86_64 1.4 1.12 8.23 9.36 NOTE
r-patched-solaris-sparc 1.4 115.40 NOTE
r-patched-solaris-x86 1.4 27.50 NOTE
r-release-linux-x86_64 1.4 1.11 8.20 9.30 NOTE
r-release-osx-x86_64-mavericks 1.4 NOTE
r-release-windows-ix86+x86_64 1.4 6.00 20.00 26.00 NOTE
r-oldrel-windows-ix86+x86_64 1.4 7.00 21.00 28.00 OK

Check Details

Version: 1.4
Check: DESCRIPTION meta-information
Result: NOTE
    Malformed Description field: should contain one or more complete sentences.
Flavors: r-devel-linux-x86_64-debian-clang, r-devel-linux-x86_64-debian-gcc, r-devel-linux-x86_64-fedora-clang, r-devel-linux-x86_64-fedora-gcc, r-devel-osx-x86_64-clang, r-devel-windows-ix86+x86_64, r-patched-linux-x86_64, r-patched-solaris-sparc, r-patched-solaris-x86, r-release-linux-x86_64, r-release-osx-x86_64-mavericks, r-release-windows-ix86+x86_64