CRAN Package Check Results for Package bvls

Last updated on 2017-06-29 17:49:58.

Flavor Version Tinstall Tcheck Ttotal Status Flags
r-devel-linux-x86_64-debian-clang 1.4 1.36 10.06 11.41 NOTE
r-devel-linux-x86_64-debian-gcc 1.4 1.23 9.81 11.04 NOTE
r-devel-linux-x86_64-fedora-clang 1.4 18.33 NOTE
r-devel-linux-x86_64-fedora-gcc 1.4 17.60 NOTE
r-devel-windows-ix86+x86_64 1.4 10.00 40.00 50.00 NOTE
r-patched-linux-x86_64 1.4 1.24 9.81 11.05 NOTE
r-patched-solaris-sparc 1.4 109.20 NOTE
r-patched-solaris-x86 1.4 29.50 NOTE
r-release-linux-x86_64 1.4 1.22 9.81 11.03 NOTE
r-release-windows-ix86+x86_64 1.4 6.00 28.00 34.00 NOTE
r-release-osx-x86_64 1.4 NOTE
r-oldrel-windows-ix86+x86_64 1.4 5.00 26.00 31.00 NOTE
r-oldrel-osx-x86_64 1.4 NOTE

Check Details

Version: 1.4
Check: DESCRIPTION meta-information
Result: NOTE
    Malformed Description field: should contain one or more complete sentences.
Flavors: r-devel-linux-x86_64-debian-clang, r-devel-linux-x86_64-debian-gcc, r-devel-linux-x86_64-fedora-clang, r-devel-linux-x86_64-fedora-gcc, r-devel-windows-ix86+x86_64, r-patched-linux-x86_64, r-patched-solaris-sparc, r-patched-solaris-x86, r-release-linux-x86_64, r-release-windows-ix86+x86_64, r-release-osx-x86_64, r-oldrel-windows-ix86+x86_64, r-oldrel-osx-x86_64

Version: 1.4
Check: compiled code
Result: NOTE
    File ‘bvls/libs/bvls.so’:
     Found no calls to: ‘R_registerRoutines’, ‘R_useDynamicSymbols’
    
    It is good practice to register native routines and to disable symbol
    search.
    
    See ‘Writing portable packages’ in the ‘Writing R Extensions’ manual.
Flavors: r-devel-linux-x86_64-debian-clang, r-devel-linux-x86_64-debian-gcc, r-devel-linux-x86_64-fedora-clang, r-devel-linux-x86_64-fedora-gcc, r-patched-linux-x86_64, r-release-linux-x86_64