CRAN Package Check Results for Package bvls

Last updated on 2016-12-03 23:47:31.

Flavor Version Tinstall Tcheck Ttotal Status Flags
r-devel-linux-x86_64-debian-clang 1.4 1.23 9.82 11.05 NOTE
r-devel-linux-x86_64-debian-gcc 1.4 1.36 9.50 10.86 NOTE
r-devel-linux-x86_64-fedora-clang 1.4 18.99 NOTE
r-devel-linux-x86_64-fedora-gcc 1.4 17.61 NOTE
r-devel-macos-x86_64-clang 1.4 16.80 NOTE
r-devel-windows-ix86+x86_64 1.4 13.00 35.00 48.00 NOTE
r-patched-linux-x86_64 1.4 1.22 8.18 9.40 NOTE
r-patched-solaris-sparc 1.4 90.90 NOTE
r-patched-solaris-x86 1.4 22.20 NOTE
r-release-linux-x86_64 1.4 1.12 8.14 9.26 NOTE
r-release-osx-x86_64-mavericks 1.4 NOTE
r-release-windows-ix86+x86_64 1.4 5.00 26.00 31.00 NOTE
r-oldrel-windows-ix86+x86_64 1.4 5.00 24.00 29.00 NOTE

Check Details

Version: 1.4
Check: DESCRIPTION meta-information
Result: NOTE
    Malformed Description field: should contain one or more complete sentences.
Flavors: r-devel-linux-x86_64-debian-clang, r-devel-linux-x86_64-debian-gcc, r-devel-linux-x86_64-fedora-clang, r-devel-linux-x86_64-fedora-gcc, r-devel-macos-x86_64-clang, r-devel-windows-ix86+x86_64, r-patched-linux-x86_64, r-patched-solaris-sparc, r-patched-solaris-x86, r-release-linux-x86_64, r-release-osx-x86_64-mavericks, r-release-windows-ix86+x86_64, r-oldrel-windows-ix86+x86_64