CRAN Package Check Results for Package bvls

Last updated on 2016-02-08 03:46:42.

Flavor Version Tinstall Tcheck Ttotal Status Flags
r-devel-linux-x86_64-debian-gcc 1.4 1.14 7.47 8.61 NOTE
r-devel-linux-x86_64-fedora-clang 1.4 14.45 NOTE
r-devel-linux-x86_64-fedora-gcc 1.4 14.12 NOTE
r-devel-osx-x86_64-clang 1.4 20.14 NOTE
r-devel-windows-ix86+x86_64 1.4 8.00 28.00 36.00 NOTE
r-patched-linux-x86_64 1.4 1.16 7.98 9.14 NOTE
r-patched-solaris-sparc 1.4 98.30 NOTE
r-patched-solaris-x86 1.4 22.80 NOTE
r-release-linux-x86_64 1.4 1.28 8.06 9.34 NOTE
r-release-osx-x86_64-mavericks 1.4 NOTE
r-release-windows-ix86+x86_64 1.4 5.00 19.00 24.00 NOTE
r-oldrel-windows-ix86+x86_64 1.4 7.00 21.00 28.00 OK

Check Details

Version: 1.4
Check: DESCRIPTION meta-information
Result: NOTE
    Malformed Description field: should contain one or more complete sentences.
Flavors: r-devel-linux-x86_64-debian-gcc, r-devel-linux-x86_64-fedora-clang, r-devel-linux-x86_64-fedora-gcc, r-devel-osx-x86_64-clang, r-devel-windows-ix86+x86_64, r-patched-linux-x86_64, r-patched-solaris-sparc, r-patched-solaris-x86, r-release-linux-x86_64, r-release-osx-x86_64-mavericks, r-release-windows-ix86+x86_64