CRAN Package Check Results for Package bvls

Last updated on 2024-02-27 06:50:26 CET.

Flavor Version Tinstall Tcheck Ttotal Status Flags
r-devel-linux-x86_64-debian-clang 1.4 3.26 21.13 24.39 NOTE
r-devel-linux-x86_64-debian-gcc 1.4 2.52 16.60 19.12 NOTE
r-devel-linux-x86_64-fedora-clang 1.4 30.66 NOTE
r-devel-linux-x86_64-fedora-gcc 1.4 29.74 NOTE
r-devel-windows-x86_64 1.4 4.00 36.00 40.00 NOTE
r-patched-linux-x86_64 1.4 2.59 20.89 23.48 NOTE
r-release-linux-x86_64 1.4 3.14 21.19 24.33 NOTE
r-release-macos-arm64 1.4 15.00 NOTE
r-release-macos-x86_64 1.4 21.00 NOTE
r-release-windows-x86_64 1.4 5.00 38.00 43.00 NOTE
r-oldrel-macos-arm64 1.4 16.00 NOTE
r-oldrel-windows-x86_64 1.4 7.00 50.00 57.00 NOTE

Check Details

Version: 1.4
Check: DESCRIPTION meta-information
Result: NOTE Malformed Description field: should contain one or more complete sentences. Flavors: r-devel-linux-x86_64-debian-clang, r-devel-linux-x86_64-debian-gcc, r-devel-linux-x86_64-fedora-clang, r-devel-linux-x86_64-fedora-gcc, r-devel-windows-x86_64, r-patched-linux-x86_64, r-release-linux-x86_64, r-release-macos-arm64, r-release-macos-x86_64, r-release-windows-x86_64, r-oldrel-macos-arm64, r-oldrel-windows-x86_64

Version: 1.4
Check: Rd cross-references
Result: NOTE Undeclared packages ‘quadprog’, ‘nnls’ in Rd xrefs Flavor: r-devel-linux-x86_64-fedora-clang

Version: 1.4
Check: compiled code
Result: NOTE File ‘bvls/libs/bvls.so’: Found no calls to: ‘R_registerRoutines’, ‘R_useDynamicSymbols’ It is good practice to register native routines and to disable symbol search. See ‘Writing portable packages’ in the ‘Writing R Extensions’ manual. Flavors: r-devel-linux-x86_64-fedora-clang, r-devel-linux-x86_64-fedora-gcc