CRAN Package Check Results for Package bvls

Last updated on 2015-03-27 05:47:38.

Flavor Version Tinstall Tcheck Ttotal Status Flags
r-devel-linux-x86_64-debian-clang 1.4 1.13 8.30 9.43 NOTE
r-devel-linux-x86_64-debian-gcc 1.4 1.13 8.38 9.52 NOTE
r-devel-linux-x86_64-fedora-clang 1.4 17.82 NOTE
r-devel-linux-x86_64-fedora-gcc 1.4 15.99 NOTE
r-devel-osx-x86_64-clang 1.4 24.78 NOTE
r-prerel-windows-ix86+x86_64 1.4 5.00 19.00 24.00 NOTE
r-prerel-linux-x86_64 1.4 1.17 8.33 9.50 NOTE
r-prerel-solaris-sparc 1.4 125.70 NOTE
r-prerel-solaris-x86 1.4 26.20 NOTE
r-release-linux-x86_64 1.4 1.18 9.06 10.24 OK
r-release-osx-x86_64-mavericks 1.4 OK
r-release-osx-x86_64-snowleopard 1.4 OK
r-release-windows-ix86+x86_64 1.4 7.00 21.00 28.00 OK
r-oldrel-windows-ix86+x86_64 1.4 5.00 19.00 24.00 OK

Check Details

Version: 1.4
Check: DESCRIPTION meta-information
Result: NOTE
    Malformed Description field: should contain one or more complete sentences.
Flavors: r-devel-linux-x86_64-debian-clang, r-devel-linux-x86_64-debian-gcc, r-devel-linux-x86_64-fedora-clang, r-devel-linux-x86_64-fedora-gcc, r-devel-osx-x86_64-clang, r-prerel-windows-ix86+x86_64, r-prerel-linux-x86_64, r-prerel-solaris-sparc, r-prerel-solaris-x86