CRAN Package Check Results for Package bvls

Last updated on 2017-10-22 20:47:06.

Flavor Version Tinstall Tcheck Ttotal Status Flags
r-devel-linux-x86_64-debian-clang 1.4 1.10 9.86 10.95 NOTE
r-devel-linux-x86_64-debian-gcc 1.4 1.33 10.71 12.04 NOTE
r-devel-linux-x86_64-fedora-clang 1.4 18.74 NOTE
r-devel-linux-x86_64-fedora-gcc 1.4 18.84 NOTE
r-devel-windows-ix86+x86_64 1.4 14.00 29.00 43.00 NOTE
r-patched-linux-x86_64 1.4 0.98 10.13 11.11 NOTE
r-patched-solaris-x86 1.4 28.30 NOTE
r-release-linux-x86_64 1.4 1.05 10.06 11.11 NOTE
r-release-windows-ix86+x86_64 1.4 5.00 26.00 31.00 NOTE
r-release-osx-x86_64 1.4 NOTE
r-oldrel-windows-ix86+x86_64 1.4 5.00 26.00 31.00 NOTE
r-oldrel-osx-x86_64 1.4 NOTE

Check Details

Version: 1.4
Check: DESCRIPTION meta-information
Result: NOTE
    Malformed Description field: should contain one or more complete sentences.
Flavors: r-devel-linux-x86_64-debian-clang, r-devel-linux-x86_64-debian-gcc, r-devel-linux-x86_64-fedora-clang, r-devel-linux-x86_64-fedora-gcc, r-devel-windows-ix86+x86_64, r-patched-linux-x86_64, r-patched-solaris-x86, r-release-linux-x86_64, r-release-windows-ix86+x86_64, r-release-osx-x86_64, r-oldrel-windows-ix86+x86_64, r-oldrel-osx-x86_64

Version: 1.4
Check: compiled code
Result: NOTE
    File ‘bvls/libs/bvls.so’:
     Found no calls to: ‘R_registerRoutines’, ‘R_useDynamicSymbols’
    
    It is good practice to register native routines and to disable symbol
    search.
    
    See ‘Writing portable packages’ in the ‘Writing R Extensions’ manual.
Flavors: r-devel-linux-x86_64-debian-clang, r-devel-linux-x86_64-debian-gcc, r-devel-linux-x86_64-fedora-clang, r-devel-linux-x86_64-fedora-gcc, r-patched-linux-x86_64, r-release-linux-x86_64