CRAN Package Check Results for Package bvls

Last updated on 2017-03-29 23:52:56.

Flavor Version Tinstall Tcheck Ttotal Status Flags
r-devel-linux-x86_64-debian-clang 1.4 1.26 10.24 11.50 NOTE
r-devel-linux-x86_64-debian-gcc 1.4 1.26 10.37 11.63 NOTE
r-devel-linux-x86_64-fedora-clang 1.4 19.75 NOTE --no-stop-on-test-error
r-devel-linux-x86_64-fedora-gcc 1.4 17.38 NOTE --no-stop-on-test-error
r-devel-macos-x86_64-clang 1.4 16.59 NOTE --no-stop-on-test-error
r-devel-windows-ix86+x86_64 1.4 6.00 26.00 32.00 NOTE
r-patched-linux-x86_64 1.4 1.23 10.06 11.29 NOTE
r-patched-solaris-sparc 1.4 109.20 NOTE
r-patched-solaris-x86 1.4 26.90 NOTE
r-release-linux-x86_64 1.4 1.18 8.03 9.21 NOTE
r-release-osx-x86_64-mavericks 1.4 NOTE
r-release-windows-ix86+x86_64 1.4 5.00 26.00 31.00 NOTE
r-oldrel-windows-ix86+x86_64 1.4 5.00 24.00 29.00 NOTE

Check Details

Version: 1.4
Check: DESCRIPTION meta-information
Result: NOTE
    Malformed Description field: should contain one or more complete sentences.
Flavors: r-devel-linux-x86_64-debian-clang, r-devel-linux-x86_64-debian-gcc, r-devel-windows-ix86+x86_64, r-patched-linux-x86_64, r-patched-solaris-sparc, r-patched-solaris-x86, r-release-linux-x86_64, r-release-osx-x86_64-mavericks, r-release-windows-ix86+x86_64, r-oldrel-windows-ix86+x86_64

Version: 1.4
Check: compiled code
Result: NOTE
    File ‘bvls/libs/bvls.so’:
     Found no calls to: ‘R_registerRoutines’, ‘R_useDynamicSymbols’
    
    It is good practice to register native routines and to disable symbol
    search.
    
    See ‘Writing portable packages’ in the ‘Writing R Extensions’ manual.
Flavors: r-devel-linux-x86_64-debian-clang, r-devel-linux-x86_64-debian-gcc, r-patched-linux-x86_64

Version: 1.4
Flags: --no-stop-on-test-error
Check: DESCRIPTION meta-information
Result: NOTE
    Malformed Description field: should contain one or more complete sentences.
Flavors: r-devel-linux-x86_64-fedora-clang, r-devel-linux-x86_64-fedora-gcc, r-devel-macos-x86_64-clang

Version: 1.4
Flags: --no-stop-on-test-error
Check: compiled code
Result: NOTE
    File ‘bvls/libs/bvls.so’:
     Found no calls to: ‘R_registerRoutines’, ‘R_useDynamicSymbols’
    
    It is good practice to register native routines and to disable symbol
    search.
    
    See ‘Writing portable packages’ in the ‘Writing R Extensions’ manual.
Flavors: r-devel-linux-x86_64-fedora-clang, r-devel-linux-x86_64-fedora-gcc, r-devel-macos-x86_64-clang