CRAN Package Check Results for Package bvls

Last updated on 2016-04-29 19:49:41.

Flavor Version Tinstall Tcheck Ttotal Status Flags
r-devel-linux-x86_64-debian-gcc 1.4 1.25 8.42 9.67 NOTE
r-devel-linux-x86_64-fedora-clang 1.4 14.82 NOTE
r-devel-linux-x86_64-fedora-gcc 1.4 14.88 NOTE
r-devel-osx-x86_64-clang 1.4 18.66 NOTE
r-devel-windows-ix86+x86_64 1.4 5.00 25.00 30.00 NOTE
r-patched-linux-x86_64 1.4 1.20 8.42 9.63 NOTE
r-patched-solaris-sparc 1.4 88.00 NOTE
r-patched-solaris-x86 1.4 21.60 NOTE
r-release-linux-x86_64 1.4 1.15 8.82 9.97 NOTE
r-release-osx-x86_64-mavericks 1.4 NOTE
r-release-windows-ix86+x86_64 1.4 5.00 19.00 24.00 NOTE
r-oldrel-windows-ix86+x86_64 1.4 7.00 21.00 28.00 OK

Check Details

Version: 1.4
Check: DESCRIPTION meta-information
Result: NOTE
    Malformed Description field: should contain one or more complete sentences.
Flavors: r-devel-linux-x86_64-debian-gcc, r-devel-linux-x86_64-fedora-clang, r-devel-linux-x86_64-fedora-gcc, r-devel-osx-x86_64-clang, r-devel-windows-ix86+x86_64, r-patched-linux-x86_64, r-patched-solaris-sparc, r-patched-solaris-x86, r-release-linux-x86_64, r-release-osx-x86_64-mavericks, r-release-windows-ix86+x86_64