CRAN Package Check Results for Package bvls

Last updated on 2015-05-03 19:47:01.

Flavor Version Tinstall Tcheck Ttotal Status Flags
r-devel-linux-x86_64-debian-clang 1.4 1.15 8.40 9.55 NOTE
r-devel-linux-x86_64-debian-gcc 1.4 1.11 8.64 9.76 NOTE
r-devel-linux-x86_64-fedora-clang 1.4 17.74 NOTE
r-devel-linux-x86_64-fedora-gcc 1.4 16.19 NOTE
r-devel-osx-x86_64-clang 1.4 21.63 NOTE
r-devel-windows-ix86+x86_64 1.4 5.00 19.00 24.00 NOTE
r-patched-linux-x86_64 1.4 1.20 8.70 9.90 NOTE
r-patched-solaris-sparc 1.4 125.70 NOTE
r-patched-solaris-x86 1.4 26.70 NOTE
r-release-linux-x86_64 1.4 1.21 8.63 9.84 NOTE
r-release-osx-x86_64-mavericks 1.4 NOTE
r-release-osx-x86_64-snowleopard 1.4 NOTE
r-release-windows-ix86+x86_64 1.4 4.00 19.00 23.00 NOTE
r-oldrel-windows-ix86+x86_64 1.4 7.00 21.00 28.00 OK

Check Details

Version: 1.4
Check: DESCRIPTION meta-information
Result: NOTE
    Malformed Description field: should contain one or more complete sentences.
Flavors: r-devel-linux-x86_64-debian-clang, r-devel-linux-x86_64-debian-gcc, r-devel-linux-x86_64-fedora-clang, r-devel-linux-x86_64-fedora-gcc, r-devel-osx-x86_64-clang, r-devel-windows-ix86+x86_64, r-patched-linux-x86_64, r-patched-solaris-sparc, r-patched-solaris-x86, r-release-linux-x86_64, r-release-osx-x86_64-mavericks, r-release-osx-x86_64-snowleopard, r-release-windows-ix86+x86_64