CRAN Package Check Results for Package bvls

Last updated on 2016-05-25 06:47:08.

Flavor Version Tinstall Tcheck Ttotal Status Flags
r-devel-linux-x86_64-debian-gcc 1.4 1.15 8.37 9.53 NOTE
r-devel-linux-x86_64-fedora-clang 1.4 16.18 NOTE
r-devel-linux-x86_64-fedora-gcc 1.4 14.18 NOTE
r-devel-osx-x86_64-clang 1.4 18.27 NOTE
r-devel-windows-ix86+x86_64 1.4 5.00 32.00 37.00 NOTE
r-patched-linux-x86_64 1.4 1.10 7.95 9.05 NOTE
r-patched-solaris-sparc 1.4 89.80 NOTE
r-patched-solaris-x86 1.4 22.00 NOTE
r-release-linux-x86_64 1.4 1.17 8.09 9.26 NOTE
r-release-osx-x86_64-mavericks 1.4 NOTE
r-release-windows-ix86+x86_64 1.4 5.00 32.00 37.00 NOTE
r-oldrel-windows-ix86+x86_64 1.4 5.00 19.00 24.00 NOTE

Check Details

Version: 1.4
Check: DESCRIPTION meta-information
Result: NOTE
    Malformed Description field: should contain one or more complete sentences.
Flavors: r-devel-linux-x86_64-debian-gcc, r-devel-linux-x86_64-fedora-clang, r-devel-linux-x86_64-fedora-gcc, r-devel-osx-x86_64-clang, r-devel-windows-ix86+x86_64, r-patched-linux-x86_64, r-patched-solaris-sparc, r-patched-solaris-x86, r-release-linux-x86_64, r-release-osx-x86_64-mavericks, r-release-windows-ix86+x86_64, r-oldrel-windows-ix86+x86_64