CRAN Package Check Results for Package bvpSolve

Last updated on 2017-06-29 06:52:45.

Flavor Version Tinstall Tcheck Ttotal Status Flags
r-devel-linux-x86_64-debian-clang 1.3.3 18.71 437.20 455.91 NOTE
r-devel-linux-x86_64-debian-gcc 1.3.3 20.09 54.94 75.02 NOTE
r-devel-linux-x86_64-fedora-clang 1.3.3 136.11 NOTE
r-devel-linux-x86_64-fedora-gcc 1.3.3 132.47 NOTE
r-devel-windows-ix86+x86_64 1.3.3 93.00 161.00 254.00 OK
r-patched-linux-x86_64 1.3.3 18.65 57.24 75.89 NOTE
r-patched-solaris-sparc 1.3.3 836.60 OK
r-patched-solaris-x86 1.3.3 153.20 OK
r-release-linux-x86_64 1.3.3 18.63 54.42 73.05 NOTE
r-release-windows-ix86+x86_64 1.3.3 60.00 128.00 188.00 OK
r-release-osx-x86_64 1.3.3 OK
r-oldrel-windows-ix86+x86_64 1.3.3 62.00 167.00 229.00 OK
r-oldrel-osx-x86_64 1.3.3 OK

Additional issues

rchk

Check Details

Version: 1.3.3
Check: compiled code
Result: NOTE
    File ‘bvpSolve/libs/bvpSolve.so’:
     Found no calls to: ‘R_registerRoutines’, ‘R_useDynamicSymbols’
    
    It is good practice to register native routines and to disable symbol
    search.
    
    See ‘Writing portable packages’ in the ‘Writing R Extensions’ manual.
Flavors: r-devel-linux-x86_64-debian-clang, r-devel-linux-x86_64-debian-gcc, r-devel-linux-x86_64-fedora-clang, r-devel-linux-x86_64-fedora-gcc, r-patched-linux-x86_64, r-release-linux-x86_64