CRAN Package Check Results for Package bvpSolve

Last updated on 2014-10-20 11:48:28.

Flavor Version Tinstall Tcheck Ttotal Status Flags
r-devel-linux-x86_64-debian-clang 1.2.4 15.77 103.72 119.48 NOTE
r-devel-linux-x86_64-debian-gcc 1.2.4 17.17 106.47 123.64 NOTE
r-devel-linux-x86_64-fedora-clang 1.2.4 261.63 NOTE
r-devel-linux-x86_64-fedora-gcc 1.2.4 259.51 NOTE
r-devel-osx-x86_64-clang 1.2.4 200.69 NOTE
r-devel-windows-ix86+x86_64 1.2.4 49.00 174.00 223.00 NOTE
r-patched-linux-x86_64 1.2.4 16.26 106.49 122.74 NOTE
r-patched-solaris-sparc 1.2.4 1529.30 NOTE
r-patched-solaris-x86 1.2.4 268.40 NOTE
r-release-linux-ix86 1.2.4 23.38 122.73 146.11 NOTE
r-release-linux-x86_64 1.2.4 16.06 105.55 121.61 NOTE
r-release-osx-x86_64-mavericks 1.2.4 NOTE
r-release-osx-x86_64-snowleopard 1.2.4 NOTE
r-release-windows-ix86+x86_64 1.2.4 63.00 181.00 244.00 NOTE
r-oldrel-windows-ix86+x86_64 1.2.4 47.00 229.00 276.00 NOTE

Memtest notes: valgrind

Check Details

Version: 1.2.4
Check: dependencies in R code
Result: NOTE
    Package in Depends field not imported from: ‘rootSolve’
     These packages need to be imported from (in the NAMESPACE file)
     for when this namespace is loaded but not attached.
    See the information on DESCRIPTION files in the chapter ‘Creating R
    packages’ of the ‘Writing R Extensions’ manual.
Flavors: r-devel-linux-x86_64-debian-clang, r-devel-linux-x86_64-debian-gcc, r-devel-linux-x86_64-fedora-clang, r-devel-linux-x86_64-fedora-gcc, r-devel-osx-x86_64-clang, r-devel-windows-ix86+x86_64, r-patched-linux-x86_64, r-patched-solaris-sparc, r-patched-solaris-x86, r-release-linux-ix86, r-release-linux-x86_64, r-release-osx-x86_64-mavericks, r-release-windows-ix86+x86_64, r-oldrel-windows-ix86+x86_64

Version: 1.2.4
Check: R code for possible problems
Result: NOTE
    bvpshoot : Ode: no visible global function definition for ‘ode’
    bvpshoot: no visible global function definition for ‘multiroot’
    diagnostics.bvpSolve: no visible global function definition for
     ‘diagnostics.deSolve’
Flavors: r-devel-linux-x86_64-debian-clang, r-devel-linux-x86_64-debian-gcc, r-devel-linux-x86_64-fedora-clang, r-devel-linux-x86_64-fedora-gcc, r-devel-osx-x86_64-clang, r-devel-windows-ix86+x86_64, r-patched-linux-x86_64, r-patched-solaris-sparc, r-patched-solaris-x86

Version: 1.2.4
Check: dependencies in R code
Result: NOTE
    Package in Depends field not imported from: 'rootSolve'
     These packages need to be imported from for the case when
     this namespace is loaded but not attached.
    See the information on DESCRIPTION files in the chapter 'Creating R
    packages' of the 'Writing R Extensions' manual.
Flavor: r-release-osx-x86_64-snowleopard