CRAN Package Check Results for Package bvpSolve

Last updated on 2017-02-21 15:50:12.

Flavor Version Tinstall Tcheck Ttotal Status Flags
r-devel-linux-x86_64-debian-clang 1.3.3 18.57 56.50 75.08 NOTE
r-devel-linux-x86_64-debian-gcc 1.3.3 21.04 54.20 75.24 NOTE
r-devel-linux-x86_64-fedora-clang 1.3.3 134.56 NOTE --no-stop-on-test-error
r-devel-linux-x86_64-fedora-gcc 1.3.3 133.80 NOTE --no-stop-on-test-error
r-devel-macos-x86_64-clang 1.3.3 108.08 NOTE --no-stop-on-test-error
r-devel-windows-ix86+x86_64 1.3.3 70.00 165.00 235.00 OK
r-patched-linux-x86_64 1.3.3 16.88 56.40 73.27 OK
r-patched-solaris-sparc 1.3.3 848.10 OK
r-patched-solaris-x86 1.3.3 158.00 OK
r-release-linux-x86_64 1.3.3 16.97 59.46 76.43 OK
r-release-osx-x86_64-mavericks 1.3.3 OK
r-release-windows-ix86+x86_64 1.3.3 57.00 110.00 167.00 OK
r-oldrel-windows-ix86+x86_64 1.3.3 67.00 214.00 281.00 OK

Check Details

Version: 1.3.3
Check: compiled code
Result: NOTE
    File ‘bvpSolve/libs/bvpSolve.so’:
     Found no calls to: ‘R_registerRoutines’, ‘R_useDynamicSymbols’
    
    It is good practice to register native routines and to disable symbol
    search.
    
    See ‘Writing portable packages’ in the ‘Writing R Extensions’ manual.
Flavors: r-devel-linux-x86_64-debian-clang, r-devel-linux-x86_64-debian-gcc

Version: 1.3.3
Flags: --no-stop-on-test-error
Check: compiled code
Result: NOTE
    File ‘bvpSolve/libs/bvpSolve.so’:
     Found no calls to: ‘R_registerRoutines’, ‘R_useDynamicSymbols’
    
    It is good practice to register native routines and to disable symbol
    search.
    
    See ‘Writing portable packages’ in the ‘Writing R Extensions’ manual.
Flavors: r-devel-linux-x86_64-fedora-clang, r-devel-linux-x86_64-fedora-gcc, r-devel-macos-x86_64-clang