CRAN Package Check Results for Package bvpSolve

Last updated on 2016-08-30 23:47:24.

Flavor Version Tinstall Tcheck Ttotal Status Flags
r-devel-linux-x86_64-debian-clang 1.3.2 18.29 57.21 75.49 WARN
r-devel-linux-x86_64-debian-gcc 1.3.2 18.51 53.97 72.48 WARN
r-devel-linux-x86_64-fedora-clang 1.3.2 137.80 WARN
r-devel-linux-x86_64-fedora-gcc 1.3.2 133.85 WARN
r-devel-osx-x86_64-clang 1.3.2 108.99 WARN
r-devel-windows-ix86+x86_64 1.3.2 73.00 169.00 242.00 OK
r-patched-linux-x86_64 1.3.2 16.87 56.54 73.42 OK
r-patched-solaris-sparc 1.3.2 841.10 OK
r-patched-solaris-x86 1.3.2 152.30 OK
r-release-linux-x86_64 1.3.2 18.97 55.99 74.97 OK
r-release-osx-x86_64-mavericks 1.3.2 OK
r-release-windows-ix86+x86_64 1.3.2 100.00 120.00 220.00 OK
r-oldrel-windows-ix86+x86_64 1.3.2 50.00 163.00 213.00 OK

Check Details

Version: 1.3.2
Check: whether package can be installed
Result: WARN
    Found the following significant warnings:
     Warning: Type specified for intrinsic function ‘sign’ at (1) is ignored [-Wsurprising]
     Warning: GNU Extension: Nonstandard type declaration REAL*8 at (1)
     Warning: Type specified for intrinsic function ‘abs’ at (1) is ignored [-Wsurprising]
Flavors: r-devel-linux-x86_64-debian-clang, r-devel-linux-x86_64-debian-gcc, r-devel-linux-x86_64-fedora-clang, r-devel-linux-x86_64-fedora-gcc, r-devel-osx-x86_64-clang