CRAN Package Check Results for Package bvpSolve

Last updated on 2017-04-28 06:48:31.

Flavor Version Tinstall Tcheck Ttotal Status Flags
r-devel-linux-x86_64-debian-clang 1.3.3 18.52 55.07 73.59 NOTE
r-devel-linux-x86_64-debian-gcc 1.3.3 18.56 55.77 74.33 NOTE
r-devel-linux-x86_64-fedora-clang 1.3.3 137.05 NOTE --no-stop-on-test-error
r-devel-linux-x86_64-fedora-gcc 1.3.3 134.60 NOTE --no-stop-on-test-error
r-devel-windows-ix86+x86_64 1.3.3 96.00 126.00 222.00 OK
r-patched-linux-x86_64 1.3.3 17.26 53.74 71.00 NOTE
r-patched-solaris-sparc 1.3.3 836.60 OK
r-patched-solaris-x86 1.3.3 156.30 OK
r-release-linux-x86_64 1.3.3 17.16 56.42 73.58 NOTE
r-release-windows-ix86+x86_64 1.3.3 60.00 128.00 188.00 OK
r-release-osx-x86_64 1.3.3 OK
r-oldrel-windows-ix86+x86_64 1.3.3 62.00 167.00 229.00 OK
r-oldrel-osx-x86_64 1.3.3 OK

Check Details

Version: 1.3.3
Check: compiled code
Result: NOTE
    File ‘bvpSolve/libs/bvpSolve.so’:
     Found no calls to: ‘R_registerRoutines’, ‘R_useDynamicSymbols’
    
    It is good practice to register native routines and to disable symbol
    search.
    
    See ‘Writing portable packages’ in the ‘Writing R Extensions’ manual.
Flavors: r-devel-linux-x86_64-debian-clang, r-devel-linux-x86_64-debian-gcc, r-patched-linux-x86_64, r-release-linux-x86_64

Version: 1.3.3
Flags: --no-stop-on-test-error
Check: compiled code
Result: NOTE
    File ‘bvpSolve/libs/bvpSolve.so’:
     Found no calls to: ‘R_registerRoutines’, ‘R_useDynamicSymbols’
    
    It is good practice to register native routines and to disable symbol
    search.
    
    See ‘Writing portable packages’ in the ‘Writing R Extensions’ manual.
Flavors: r-devel-linux-x86_64-fedora-clang, r-devel-linux-x86_64-fedora-gcc