CRAN Package Check Results for Package bvpSolve

Last updated on 2015-03-03 03:48:49.

Flavor Version Tinstall Tcheck Ttotal Status Flags
r-devel-linux-x86_64-debian-clang 1.2.4 15.75 101.14 116.88 NOTE
r-devel-linux-x86_64-debian-gcc 1.2.4 16.18 102.09 118.27 NOTE
r-devel-linux-x86_64-fedora-clang 1.2.4 240.49 NOTE
r-devel-linux-x86_64-fedora-gcc 1.2.4 228.73 NOTE
r-devel-osx-x86_64-clang 1.2.4 200.90 NOTE
r-devel-windows-ix86+x86_64 1.2.4 52.00 188.00 240.00 NOTE
r-patched-linux-x86_64 1.2.4 16.16 110.14 126.30 NOTE
r-patched-solaris-sparc 1.2.4 1566.30 NOTE
r-patched-solaris-x86 1.2.4 269.40 NOTE
r-release-linux-ix86 1.2.4 22.62 125.66 148.27 NOTE
r-release-linux-x86_64 1.2.4 16.13 109.76 125.89 NOTE
r-release-osx-x86_64-mavericks 1.2.4 NOTE
r-release-osx-x86_64-snowleopard 1.2.4 NOTE
r-release-windows-ix86+x86_64 1.2.4 51.00 190.00 241.00 NOTE
r-oldrel-windows-ix86+x86_64 1.2.4 44.00 207.00 251.00 NOTE

Memtest notes: valgrind valgrind

Check Details

Version: 1.2.4
Check: dependencies in R code
Result: NOTE
    Package in Depends field not imported from: ‘rootSolve’
     These packages need to be imported from (in the NAMESPACE file)
     for when this namespace is loaded but not attached.
Flavors: r-devel-linux-x86_64-debian-clang, r-devel-linux-x86_64-debian-gcc, r-devel-linux-x86_64-fedora-clang, r-devel-linux-x86_64-fedora-gcc, r-devel-osx-x86_64-clang, r-devel-windows-ix86+x86_64, r-patched-linux-x86_64, r-patched-solaris-x86

Version: 1.2.4
Check: R code for possible problems
Result: NOTE
    bvpshoot : Ode: no visible global function definition for ‘ode’
    bvpshoot: no visible global function definition for ‘multiroot’
    diagnostics.bvpSolve: no visible global function definition for
     ‘diagnostics.deSolve’
Flavors: r-devel-linux-x86_64-debian-clang, r-devel-linux-x86_64-debian-gcc, r-devel-linux-x86_64-fedora-clang, r-devel-linux-x86_64-fedora-gcc, r-devel-osx-x86_64-clang, r-devel-windows-ix86+x86_64, r-patched-linux-x86_64, r-patched-solaris-sparc, r-patched-solaris-x86, r-release-linux-ix86, r-release-linux-x86_64, r-release-osx-x86_64-mavericks, r-release-windows-ix86+x86_64

Version: 1.2.4
Check: dependencies in R code
Result: NOTE
    Package in Depends field not imported from: ‘rootSolve’
     These packages need to be imported from (in the NAMESPACE file)
     for when this namespace is loaded but not attached.
    See the information on DESCRIPTION files in the chapter ‘Creating R
    packages’ of the ‘Writing R Extensions’ manual.
Flavors: r-patched-solaris-sparc, r-release-linux-ix86, r-release-linux-x86_64, r-release-osx-x86_64-mavericks, r-release-windows-ix86+x86_64, r-oldrel-windows-ix86+x86_64

Version: 1.2.4
Check: dependencies in R code
Result: NOTE
    Package in Depends field not imported from: 'rootSolve'
     These packages need to be imported from for the case when
     this namespace is loaded but not attached.
    See the information on DESCRIPTION files in the chapter 'Creating R
    packages' of the 'Writing R Extensions' manual.
Flavor: r-release-osx-x86_64-snowleopard