CRAN Package Check Results for Package bvpSolve

Last updated on 2017-08-17 00:56:10.

Flavor Version Tinstall Tcheck Ttotal Status Flags
r-devel-linux-x86_64-debian-clang 1.3.3 14.76 56.39 71.15 NOTE
r-devel-linux-x86_64-debian-gcc 1.3.3 15.45 53.38 68.83 NOTE
r-devel-linux-x86_64-fedora-clang 1.3.3 138.77 NOTE
r-devel-linux-x86_64-fedora-gcc 1.3.3 134.01 NOTE
r-devel-windows-ix86+x86_64 1.3.3 96.00 161.00 257.00 OK
r-patched-linux-x86_64 1.3.3 15.06 55.40 70.47 NOTE
r-patched-solaris-x86 1.3.3 155.10 OK
r-release-linux-x86_64 1.3.3 15.14 56.08 71.22 NOTE
r-release-windows-ix86+x86_64 1.3.3 64.00 121.00 185.00 OK
r-release-osx-x86_64 1.3.3 OK
r-oldrel-windows-ix86+x86_64 1.3.3 62.00 130.00 192.00 OK
r-oldrel-osx-x86_64 1.3.3 OK

Additional issues

rchk

Check Details

Version: 1.3.3
Check: compiled code
Result: NOTE
    File ‘bvpSolve/libs/bvpSolve.so’:
     Found no calls to: ‘R_registerRoutines’, ‘R_useDynamicSymbols’
    
    It is good practice to register native routines and to disable symbol
    search.
    
    See ‘Writing portable packages’ in the ‘Writing R Extensions’ manual.
Flavors: r-devel-linux-x86_64-debian-clang, r-devel-linux-x86_64-debian-gcc, r-devel-linux-x86_64-fedora-clang, r-devel-linux-x86_64-fedora-gcc, r-patched-linux-x86_64, r-release-linux-x86_64