CRAN Package Check Results for Package bvpSolve

Last updated on 2014-04-20 22:46:55.

Flavor Version Tinstall Tcheck Ttotal Status Flags
r-devel-linux-x86_64-debian-clang 1.2.4 16.16 103.14 119.29 NOTE
r-devel-linux-x86_64-debian-gcc 1.2.4 16.62 105.62 122.24 NOTE
r-devel-linux-x86_64-fedora-clang 1.2.4 266.64 NOTE
r-devel-linux-x86_64-fedora-gcc 1.2.4 256.67 NOTE
r-devel-macosx-x86_64-clang 1.2.4 181.79 NOTE
r-devel-macosx-x86_64-gcc 1.2.4 NOTE
r-devel-windows-ix86+x86_64 1.2.4 48.00 183.00 231.00 NOTE
r-patched-linux-x86_64 1.2.4 16.60 104.31 120.91 NOTE
r-patched-solaris-sparc 1.2.4 1523.60 NOTE
r-patched-solaris-x86 1.2.4 265.70 NOTE
r-release-linux-ix86 NOTE
r-release-linux-x86_64 1.2.4 16.50 104.12 120.61 NOTE
r-release-macosx-x86_64 1.2.4 NOTE
r-release-windows-ix86+x86_64 1.2.4 71.00 246.00 317.00 NOTE
r-oldrel-windows-ix86+x86_64 1.2.4 47.00 229.00 276.00 NOTE

Memtest notes: valgrind

Check Details

Version: 1.2.4
Check: dependencies in R code
Result: NOTE
    Package in Depends field not imported from: ‘rootSolve’
     These packages need to be imported from (in the NAMESPACE file)
     for when this namespace is loaded but not attached.
    See the information on DESCRIPTION files in the chapter ‘Creating R
    packages’ of the ‘Writing R Extensions’ manual.
Flavors: r-devel-linux-x86_64-debian-clang, r-devel-linux-x86_64-debian-gcc, r-devel-linux-x86_64-fedora-clang, r-devel-linux-x86_64-fedora-gcc, r-devel-macosx-x86_64-clang, r-devel-macosx-x86_64-gcc, r-devel-windows-ix86+x86_64, r-patched-linux-x86_64, r-patched-solaris-sparc, r-patched-solaris-x86, r-release-linux-ix86, r-release-linux-x86_64, r-release-windows-ix86+x86_64, r-oldrel-windows-ix86+x86_64

Version: 1.2.4
Check: dependencies in R code
Result: NOTE
    Package in Depends field not imported from: 'rootSolve'
     These packages need to be imported from for the case when
     this namespace is loaded but not attached.
    See the information on DESCRIPTION files in the chapter 'Creating R
    packages' of the 'Writing R Extensions' manual.
Flavor: r-release-macosx-x86_64