CRAN Package Check Results for Package bvpSolve

Last updated on 2017-03-24 04:47:17.

Flavor Version Tinstall Tcheck Ttotal Status Flags
r-devel-linux-x86_64-debian-clang 1.3.3 18.55 55.88 74.43 NOTE
r-devel-linux-x86_64-debian-gcc 1.3.3 18.51 54.87 73.38 NOTE
r-devel-linux-x86_64-fedora-clang 1.3.3 147.56 NOTE --no-stop-on-test-error
r-devel-linux-x86_64-fedora-gcc 1.3.3 133.34 NOTE --no-stop-on-test-error
r-devel-macos-x86_64-clang 1.3.3 106.66 NOTE --no-stop-on-test-error
r-devel-windows-ix86+x86_64 1.3.3 77.00 112.00 189.00 OK
r-patched-linux-x86_64 1.3.3 16.91 58.94 75.84 OK
r-patched-solaris-sparc 1.3.3 836.60 OK
r-patched-solaris-x86 1.3.3 172.30 OK
r-release-linux-x86_64 1.3.3 17.67 59.78 77.44 OK
r-release-osx-x86_64-mavericks 1.3.3 OK
r-release-windows-ix86+x86_64 1.3.3 57.00 110.00 167.00 OK
r-oldrel-windows-ix86+x86_64 1.3.3 67.00 214.00 281.00 OK

Check Details

Version: 1.3.3
Check: compiled code
Result: NOTE
    File ‘bvpSolve/libs/bvpSolve.so’:
     Found no calls to: ‘R_registerRoutines’, ‘R_useDynamicSymbols’
    
    It is good practice to register native routines and to disable symbol
    search.
    
    See ‘Writing portable packages’ in the ‘Writing R Extensions’ manual.
Flavors: r-devel-linux-x86_64-debian-clang, r-devel-linux-x86_64-debian-gcc

Version: 1.3.3
Flags: --no-stop-on-test-error
Check: compiled code
Result: NOTE
    File ‘bvpSolve/libs/bvpSolve.so’:
     Found no calls to: ‘R_registerRoutines’, ‘R_useDynamicSymbols’
    
    It is good practice to register native routines and to disable symbol
    search.
    
    See ‘Writing portable packages’ in the ‘Writing R Extensions’ manual.
Flavors: r-devel-linux-x86_64-fedora-clang, r-devel-linux-x86_64-fedora-gcc, r-devel-macos-x86_64-clang