CRAN Package Check Results for Package bvpSolve

Last updated on 2015-05-28 05:46:45.

Flavor Version Tinstall Tcheck Ttotal Status Flags
r-devel-linux-x86_64-debian-clang 1.2.4 15.89 100.05 115.94 NOTE
r-devel-linux-x86_64-debian-gcc 1.2.4 17.01 97.98 114.99 NOTE
r-devel-linux-x86_64-fedora-clang 1.2.4 236.66 NOTE
r-devel-linux-x86_64-fedora-gcc 1.2.4 231.92 NOTE
r-devel-osx-x86_64-clang 1.2.4 198.37 NOTE
r-devel-windows-ix86+x86_64 1.2.4 51.00 193.00 244.00 NOTE
r-patched-linux-x86_64 1.2.4 15.98 98.08 114.06 NOTE
r-patched-solaris-sparc 1.2.4 1519.40 NOTE
r-patched-solaris-x86 1.2.4 260.90 NOTE
r-release-linux-x86_64 1.2.4 16.44 103.22 119.65 NOTE
r-release-osx-x86_64-mavericks 1.2.4 NOTE
r-release-osx-x86_64-snowleopard 1.2.4 NOTE
r-release-windows-ix86+x86_64 1.2.4 46.00 233.00 279.00 NOTE
r-oldrel-windows-ix86+x86_64 1.2.4 62.00 202.00 264.00 NOTE

Memtest notes: valgrind valgrind

Check Details

Version: 1.2.4
Check: dependencies in R code
Result: NOTE
    Package in Depends field not imported from: ‘rootSolve’
     These packages need to be imported from (in the NAMESPACE file)
     for when this namespace is loaded but not attached.
Flavors: r-devel-linux-x86_64-debian-clang, r-devel-linux-x86_64-debian-gcc, r-devel-linux-x86_64-fedora-clang, r-devel-linux-x86_64-fedora-gcc, r-devel-osx-x86_64-clang, r-devel-windows-ix86+x86_64, r-patched-linux-x86_64, r-patched-solaris-sparc, r-patched-solaris-x86, r-release-linux-x86_64, r-release-osx-x86_64-mavericks, r-release-osx-x86_64-snowleopard, r-release-windows-ix86+x86_64, r-oldrel-windows-ix86+x86_64

Version: 1.2.4
Check: R code for possible problems
Result: NOTE
    bvpshoot : Ode: no visible global function definition for ‘ode’
    bvpshoot: no visible global function definition for ‘multiroot’
    diagnostics.bvpSolve: no visible global function definition for
     ‘diagnostics.deSolve’
Flavors: r-devel-linux-x86_64-debian-clang, r-devel-linux-x86_64-debian-gcc, r-devel-linux-x86_64-fedora-clang, r-devel-linux-x86_64-fedora-gcc, r-devel-osx-x86_64-clang, r-devel-windows-ix86+x86_64, r-patched-linux-x86_64, r-patched-solaris-sparc, r-patched-solaris-x86, r-release-linux-x86_64, r-release-osx-x86_64-mavericks, r-release-osx-x86_64-snowleopard, r-release-windows-ix86+x86_64, r-oldrel-windows-ix86+x86_64