CRAN Package Check Results for Package bvpSolve

Last updated on 2014-08-30 04:48:08.

Flavor Version Tinstall Tcheck Ttotal Status Flags
r-devel-linux-x86_64-debian-clang 1.2.4 15.59 96.95 112.54 NOTE
r-devel-linux-x86_64-debian-gcc 1.2.4 16.34 95.18 111.52 NOTE
r-devel-linux-x86_64-fedora-clang 1.2.4 260.58 NOTE
r-devel-linux-x86_64-fedora-gcc 1.2.4 252.98 NOTE
r-devel-osx-x86_64-clang 1.2.4 193.86 NOTE
r-devel-windows-ix86+x86_64 1.2.4 47.00 177.00 224.00 NOTE
r-patched-linux-x86_64 1.2.4 15.95 103.50 119.45 NOTE
r-patched-solaris-sparc 1.2.4 1549.70 NOTE
r-patched-solaris-x86 1.2.4 285.90 NOTE
r-release-linux-ix86 1.2.4 23.69 122.71 146.40 NOTE
r-release-linux-x86_64 1.2.4 16.56 100.53 117.09 NOTE
r-release-osx-x86_64-mavericks 1.2.4 NOTE
r-release-osx-x86_64-snowleopard 1.2.4 NOTE
r-release-windows-ix86+x86_64 1.2.4 63.00 181.00 244.00 NOTE
r-oldrel-windows-ix86+x86_64 1.2.4 47.00 229.00 276.00 NOTE

Memtest notes: valgrind

Check Details

Version: 1.2.4
Check: dependencies in R code
Result: NOTE
    Package in Depends field not imported from: ‘rootSolve’
     These packages need to be imported from (in the NAMESPACE file)
     for when this namespace is loaded but not attached.
    See the information on DESCRIPTION files in the chapter ‘Creating R
    packages’ of the ‘Writing R Extensions’ manual.
Flavors: r-devel-linux-x86_64-debian-clang, r-devel-linux-x86_64-debian-gcc, r-devel-linux-x86_64-fedora-clang, r-devel-linux-x86_64-fedora-gcc, r-devel-osx-x86_64-clang, r-devel-windows-ix86+x86_64, r-patched-linux-x86_64, r-patched-solaris-sparc, r-patched-solaris-x86, r-release-linux-ix86, r-release-linux-x86_64, r-release-osx-x86_64-mavericks, r-release-windows-ix86+x86_64, r-oldrel-windows-ix86+x86_64

Version: 1.2.4
Check: R code for possible problems
Result: NOTE
    bvpshoot : Ode: no visible global function definition for ‘ode’
    bvpshoot: no visible global function definition for ‘multiroot’
    diagnostics.bvpSolve: no visible global function definition for
     ‘diagnostics.deSolve’
Flavors: r-devel-linux-x86_64-debian-clang, r-devel-linux-x86_64-debian-gcc, r-devel-linux-x86_64-fedora-clang, r-devel-linux-x86_64-fedora-gcc, r-devel-osx-x86_64-clang, r-devel-windows-ix86+x86_64

Version: 1.2.4
Check: dependencies in R code
Result: NOTE
    Package in Depends field not imported from: 'rootSolve'
     These packages need to be imported from for the case when
     this namespace is loaded but not attached.
    See the information on DESCRIPTION files in the chapter 'Creating R
    packages' of the 'Writing R Extensions' manual.
Flavor: r-release-osx-x86_64-snowleopard