CRAN Package Check Results for Package bvpSolve

Last updated on 2014-11-24 12:47:41.

Flavor Version Tinstall Tcheck Ttotal Status Flags
r-devel-linux-x86_64-debian-clang 1.2.4 15.87 107.37 123.24 NOTE
r-devel-linux-x86_64-debian-gcc 1.2.4 16.36 102.30 118.66 NOTE
r-devel-linux-x86_64-fedora-clang 1.2.4 242.00 NOTE
r-devel-linux-x86_64-fedora-gcc 1.2.4 232.68 NOTE
r-devel-osx-x86_64-clang 1.2.4 194.45 NOTE
r-devel-windows-ix86+x86_64 1.2.4 48.00 179.00 227.00 NOTE
r-patched-linux-x86_64 1.2.4 16.16 105.56 121.72 NOTE
r-patched-solaris-sparc 1.2.4 1529.30 NOTE
r-patched-solaris-x86 1.2.4 264.30 NOTE
r-release-linux-ix86 1.2.4 23.42 117.56 140.98 NOTE
r-release-linux-x86_64 1.2.4 16.23 113.94 130.18 NOTE
r-release-osx-x86_64-mavericks 1.2.4 NOTE
r-release-osx-x86_64-snowleopard 1.2.4 NOTE
r-release-windows-ix86+x86_64 1.2.4 51.00 190.00 241.00 NOTE
r-oldrel-windows-ix86+x86_64 1.2.4 44.00 207.00 251.00 NOTE

Memtest notes: valgrind

Check Details

Version: 1.2.4
Check: dependencies in R code
Result: NOTE
    Package in Depends field not imported from: ‘rootSolve’
     These packages need to be imported from (in the NAMESPACE file)
     for when this namespace is loaded but not attached.
    See the information on DESCRIPTION files in the chapter ‘Creating R
    packages’ of the ‘Writing R Extensions’ manual.
Flavors: r-devel-linux-x86_64-debian-clang, r-devel-linux-x86_64-debian-gcc, r-devel-linux-x86_64-fedora-clang, r-devel-linux-x86_64-fedora-gcc, r-devel-osx-x86_64-clang, r-devel-windows-ix86+x86_64, r-patched-linux-x86_64, r-patched-solaris-sparc, r-patched-solaris-x86, r-release-linux-ix86, r-release-linux-x86_64, r-release-osx-x86_64-mavericks, r-release-windows-ix86+x86_64, r-oldrel-windows-ix86+x86_64

Version: 1.2.4
Check: R code for possible problems
Result: NOTE
    bvpshoot : Ode: no visible global function definition for ‘ode’
    bvpshoot: no visible global function definition for ‘multiroot’
    diagnostics.bvpSolve: no visible global function definition for
     ‘diagnostics.deSolve’
Flavors: r-devel-linux-x86_64-debian-clang, r-devel-linux-x86_64-debian-gcc, r-devel-linux-x86_64-fedora-clang, r-devel-linux-x86_64-fedora-gcc, r-devel-osx-x86_64-clang, r-devel-windows-ix86+x86_64, r-patched-linux-x86_64, r-patched-solaris-sparc, r-patched-solaris-x86, r-release-linux-ix86, r-release-linux-x86_64, r-release-windows-ix86+x86_64

Version: 1.2.4
Check: dependencies in R code
Result: NOTE
    Package in Depends field not imported from: 'rootSolve'
     These packages need to be imported from for the case when
     this namespace is loaded but not attached.
    See the information on DESCRIPTION files in the chapter 'Creating R
    packages' of the 'Writing R Extensions' manual.
Flavor: r-release-osx-x86_64-snowleopard