CRAN Package Check Results for Package bvpSolve

Last updated on 2015-01-29 16:48:21.

Flavor Version Tinstall Tcheck Ttotal Status Flags
r-devel-linux-x86_64-debian-clang 1.2.4 15.91 104.29 120.20 NOTE
r-devel-linux-x86_64-debian-gcc 1.2.4 16.28 102.17 118.45 NOTE
r-devel-linux-x86_64-fedora-clang 1.2.4 231.98 NOTE
r-devel-linux-x86_64-fedora-gcc 1.2.4 233.16 NOTE
r-devel-osx-x86_64-clang 1.2.4 204.93 NOTE
r-devel-windows-ix86+x86_64 1.2.4 53.00 179.00 232.00 NOTE
r-patched-linux-x86_64 1.2.4 16.24 105.82 122.07 NOTE
r-patched-solaris-sparc 1.2.4 1566.30 NOTE
r-patched-solaris-x86 1.2.4 272.10 NOTE
r-release-linux-ix86 1.2.4 22.27 118.35 140.62 NOTE
r-release-linux-x86_64 1.2.4 16.22 105.21 121.43 NOTE
r-release-osx-x86_64-mavericks 1.2.4 NOTE
r-release-osx-x86_64-snowleopard 1.2.4 NOTE
r-release-windows-ix86+x86_64 1.2.4 51.00 190.00 241.00 NOTE
r-oldrel-windows-ix86+x86_64 1.2.4 44.00 207.00 251.00 NOTE

Memtest notes: valgrind valgrind

Check Details

Version: 1.2.4
Check: dependencies in R code
Result: NOTE
    Package in Depends field not imported from: ‘rootSolve’
     These packages need to be imported from (in the NAMESPACE file)
     for when this namespace is loaded but not attached.
Flavors: r-devel-linux-x86_64-debian-clang, r-devel-linux-x86_64-debian-gcc, r-devel-linux-x86_64-fedora-clang, r-devel-linux-x86_64-fedora-gcc, r-devel-osx-x86_64-clang, r-devel-windows-ix86+x86_64

Version: 1.2.4
Check: R code for possible problems
Result: NOTE
    bvpshoot : Ode: no visible global function definition for ‘ode’
    bvpshoot: no visible global function definition for ‘multiroot’
    diagnostics.bvpSolve: no visible global function definition for
     ‘diagnostics.deSolve’
Flavors: r-devel-linux-x86_64-debian-clang, r-devel-linux-x86_64-debian-gcc, r-devel-linux-x86_64-fedora-clang, r-devel-linux-x86_64-fedora-gcc, r-devel-osx-x86_64-clang, r-devel-windows-ix86+x86_64, r-patched-linux-x86_64, r-patched-solaris-sparc, r-patched-solaris-x86, r-release-linux-ix86, r-release-linux-x86_64, r-release-osx-x86_64-mavericks, r-release-windows-ix86+x86_64

Version: 1.2.4
Check: dependencies in R code
Result: NOTE
    Package in Depends field not imported from: ‘rootSolve’
     These packages need to be imported from (in the NAMESPACE file)
     for when this namespace is loaded but not attached.
    See the information on DESCRIPTION files in the chapter ‘Creating R
    packages’ of the ‘Writing R Extensions’ manual.
Flavors: r-patched-linux-x86_64, r-patched-solaris-sparc, r-patched-solaris-x86, r-release-linux-ix86, r-release-linux-x86_64, r-release-osx-x86_64-mavericks, r-release-windows-ix86+x86_64, r-oldrel-windows-ix86+x86_64

Version: 1.2.4
Check: dependencies in R code
Result: NOTE
    Package in Depends field not imported from: 'rootSolve'
     These packages need to be imported from for the case when
     this namespace is loaded but not attached.
    See the information on DESCRIPTION files in the chapter 'Creating R
    packages' of the 'Writing R Extensions' manual.
Flavor: r-release-osx-x86_64-snowleopard