CRAN Package Check Results for Package bvpSolve

Last updated on 2016-09-27 23:48:57.

Flavor Version Tinstall Tcheck Ttotal Status Flags
r-devel-linux-x86_64-debian-clang 1.3.2 18.40 56.49 74.89 WARN
r-devel-linux-x86_64-debian-gcc 1.3.2 19.31 60.38 79.68 WARN
r-devel-linux-x86_64-fedora-clang 1.3.2 138.74 WARN
r-devel-linux-x86_64-fedora-gcc 1.3.2 135.17 WARN
r-devel-macos-x86_64-clang 1.3.2 107.32 WARN
r-devel-windows-ix86+x86_64 1.3.2 85.00 171.00 256.00 WARN
r-patched-linux-x86_64 1.3.2 16.93 56.53 73.46 OK
r-patched-solaris-sparc 1.3.2 841.10 OK
r-patched-solaris-x86 1.3.2 151.10 OK
r-release-linux-x86_64 1.3.2 17.31 56.17 73.49 OK
r-release-osx-x86_64-mavericks 1.3.2 OK
r-release-windows-ix86+x86_64 1.3.2 53.00 112.00 165.00 OK
r-oldrel-windows-ix86+x86_64 1.3.2 59.00 217.00 276.00 OK

Check Details

Version: 1.3.2
Check: whether package can be installed
Result: WARN
    Found the following significant warnings:
     Warning: Type specified for intrinsic function ‘sign’ at (1) is ignored [-Wsurprising]
     Warning: GNU Extension: Nonstandard type declaration REAL*8 at (1)
     Warning: Type specified for intrinsic function ‘abs’ at (1) is ignored [-Wsurprising]
Flavors: r-devel-linux-x86_64-debian-clang, r-devel-linux-x86_64-debian-gcc, r-devel-linux-x86_64-fedora-clang, r-devel-linux-x86_64-fedora-gcc, r-devel-macos-x86_64-clang

Version: 1.3.2
Check: whether package can be installed
Result: WARN
    Found the following significant warnings:
     Warning: GNU Extension: Nonstandard type declaration REAL*8 at (1)
Flavor: r-devel-windows-ix86+x86_64