CRAN Package Check Results for Package bvpSolve

Last updated on 2014-07-25 12:47:29.

Flavor Version Tinstall Tcheck Ttotal Status Flags
r-devel-linux-x86_64-debian-clang 1.2.4 15.80 103.51 119.32 NOTE
r-devel-linux-x86_64-debian-gcc 1.2.4 16.08 100.14 116.22 NOTE
r-devel-linux-x86_64-fedora-clang 1.2.4 267.39 NOTE
r-devel-linux-x86_64-fedora-gcc 1.2.4 255.78 NOTE
r-devel-osx-x86_64-clang 1.2.4 203.13 NOTE
r-devel-windows-ix86+x86_64 1.2.4 49.00 170.00 219.00 NOTE
r-patched-linux-x86_64 1.2.4 15.97 97.94 113.91 NOTE
r-patched-solaris-sparc 1.2.4 1523.60 NOTE
r-patched-solaris-x86 1.2.4 291.40 NOTE
r-release-linux-ix86 1.2.4 23.71 123.36 147.08 NOTE
r-release-linux-x86_64 1.2.4 16.10 102.80 118.91 NOTE
r-release-osx-x86_64-mavericks 1.2.4 NOTE
r-release-osx-x86_64-snowleopard 1.2.4 NOTE
r-release-windows-ix86+x86_64 1.2.4 63.00 181.00 244.00 NOTE
r-oldrel-windows-ix86+x86_64 1.2.4 47.00 229.00 276.00 NOTE

Memtest notes: valgrind

Check Details

Version: 1.2.4
Check: dependencies in R code
Result: NOTE
    Package in Depends field not imported from: ‘rootSolve’
     These packages need to be imported from (in the NAMESPACE file)
     for when this namespace is loaded but not attached.
    See the information on DESCRIPTION files in the chapter ‘Creating R
    packages’ of the ‘Writing R Extensions’ manual.
Flavors: r-devel-linux-x86_64-debian-clang, r-devel-linux-x86_64-debian-gcc, r-devel-linux-x86_64-fedora-clang, r-devel-linux-x86_64-fedora-gcc, r-devel-osx-x86_64-clang, r-devel-windows-ix86+x86_64, r-patched-linux-x86_64, r-patched-solaris-sparc, r-patched-solaris-x86, r-release-linux-ix86, r-release-linux-x86_64, r-release-osx-x86_64-mavericks, r-release-windows-ix86+x86_64, r-oldrel-windows-ix86+x86_64

Version: 1.2.4
Check: dependencies in R code
Result: NOTE
    Package in Depends field not imported from: 'rootSolve'
     These packages need to be imported from for the case when
     this namespace is loaded but not attached.
    See the information on DESCRIPTION files in the chapter 'Creating R
    packages' of the 'Writing R Extensions' manual.
Flavor: r-release-osx-x86_64-snowleopard