CRAN Package Check Results for Package bvpSolve

Last updated on 2015-09-04 19:47:17.

Flavor Version Tinstall Tcheck Ttotal Status Flags
r-devel-linux-x86_64-debian-clang 1.2.4 17.01 101.38 118.40 NOTE
r-devel-linux-x86_64-debian-gcc 1.2.4 17.20 102.50 119.70 NOTE
r-devel-linux-x86_64-fedora-clang 1.2.4 234.75 NOTE
r-devel-linux-x86_64-fedora-gcc 1.2.4 231.71 NOTE
r-devel-osx-x86_64-clang 1.2.4 193.55 NOTE
r-devel-windows-ix86+x86_64 1.2.4 52.00 201.00 253.00 NOTE
r-patched-linux-x86_64 1.2.4 17.00 103.11 120.11 NOTE
r-patched-solaris-sparc 1.2.4 1568.00 NOTE
r-patched-solaris-x86 1.2.4 261.40 NOTE
r-release-linux-x86_64 1.2.4 17.16 101.66 118.81 NOTE
r-release-osx-x86_64-mavericks 1.2.4 NOTE
r-release-windows-ix86+x86_64 1.2.4 51.00 260.00 311.00 NOTE
r-oldrel-windows-ix86+x86_64 1.2.4 50.00 206.00 256.00 NOTE

Memtest notes: valgrind valgrind

Check Details

Version: 1.2.4
Check: dependencies in R code
Result: NOTE
    Package in Depends field not imported from: ‘rootSolve’
     These packages need to be imported from (in the NAMESPACE file)
     for when this namespace is loaded but not attached.
Flavors: r-devel-linux-x86_64-debian-clang, r-devel-linux-x86_64-debian-gcc, r-devel-linux-x86_64-fedora-clang, r-devel-linux-x86_64-fedora-gcc, r-devel-osx-x86_64-clang, r-devel-windows-ix86+x86_64, r-patched-linux-x86_64, r-patched-solaris-sparc, r-patched-solaris-x86, r-release-linux-x86_64, r-release-osx-x86_64-mavericks, r-release-windows-ix86+x86_64, r-oldrel-windows-ix86+x86_64

Version: 1.2.4
Check: R code for possible problems
Result: NOTE
    bvpshoot : Ode: no visible global function definition for ‘ode’
    bvpshoot: no visible global function definition for ‘multiroot’
    bvpsolver: no visible global function definition for ‘runif’
    diagnostics.bvpSolve: no visible global function definition for
     ‘diagnostics.deSolve’
    plot.bvpSolve: no visible global function definition for
     ‘devAskNewPage’
    setplotpar: no visible global function definition for ‘par’
    setplotpar: no visible global function definition for ‘dev.interactive’
    Undefined global functions or variables:
     dev.interactive devAskNewPage diagnostics.deSolve multiroot ode par
     runif
    Consider adding
     importFrom("grDevices", "dev.interactive", "devAskNewPage")
     importFrom("graphics", "par")
     importFrom("stats", "runif")
    to your NAMESPACE.
Flavors: r-devel-linux-x86_64-debian-clang, r-devel-linux-x86_64-debian-gcc, r-devel-linux-x86_64-fedora-clang, r-devel-linux-x86_64-fedora-gcc, r-devel-windows-ix86+x86_64

Version: 1.2.4
Check: R code for possible problems
Result: NOTE
    bvpshoot : Ode: no visible global function definition for ‘ode’
    bvpshoot: no visible global function definition for ‘multiroot’
    diagnostics.bvpSolve: no visible global function definition for
     ‘diagnostics.deSolve’
    Undefined global functions or variables:
     diagnostics.deSolve multiroot ode
Flavor: r-devel-osx-x86_64-clang

Version: 1.2.4
Check: R code for possible problems
Result: NOTE
    bvpshoot : Ode: no visible global function definition for ‘ode’
    bvpshoot: no visible global function definition for ‘multiroot’
    diagnostics.bvpSolve: no visible global function definition for
     ‘diagnostics.deSolve’
Flavors: r-patched-linux-x86_64, r-patched-solaris-sparc, r-patched-solaris-x86, r-release-linux-x86_64, r-release-osx-x86_64-mavericks, r-release-windows-ix86+x86_64, r-oldrel-windows-ix86+x86_64