CRAN Package Check Results for Package bvpSolve

Last updated on 2018-05-27 00:46:22 CEST.

Flavor Version Tinstall Tcheck Ttotal Status Flags
r-devel-linux-x86_64-debian-clang 1.3.3 23.92 88.13 112.05 NOTE
r-devel-linux-x86_64-debian-gcc 1.3.3 20.72 64.88 85.60 NOTE
r-devel-linux-x86_64-fedora-clang 1.3.3 137.12 NOTE
r-devel-linux-x86_64-fedora-gcc 1.3.3 135.80 NOTE
r-devel-windows-ix86+x86_64 1.3.3 97.00 117.00 214.00 OK
r-patched-linux-x86_64 1.3.3 23.16 86.57 109.73 NOTE
r-patched-solaris-x86 1.3.3 169.90 OK
r-release-linux-x86_64 1.3.3 23.64 87.36 111.00 NOTE
r-release-windows-ix86+x86_64 1.3.3 63.00 181.00 244.00 OK
r-release-osx-x86_64 1.3.3 OK
r-oldrel-windows-ix86+x86_64 1.3.3 77.00 126.00 203.00 OK
r-oldrel-osx-x86_64 1.3.3 OK

Additional issues

rchk

Check Details

Version: 1.3.3
Check: compiled code
Result: NOTE
    File ‘bvpSolve/libs/bvpSolve.so’:
     Found no calls to: ‘R_registerRoutines’, ‘R_useDynamicSymbols’
    
    It is good practice to register native routines and to disable symbol
    search.
    
    See ‘Writing portable packages’ in the ‘Writing R Extensions’ manual.
Flavors: r-devel-linux-x86_64-debian-clang, r-devel-linux-x86_64-debian-gcc, r-devel-linux-x86_64-fedora-clang, r-devel-linux-x86_64-fedora-gcc, r-patched-linux-x86_64, r-release-linux-x86_64