CRAN Package Check Results for Package c3net

Last updated on 2020-09-20 07:51:23 CEST.

Flavor Version Tinstall Tcheck Ttotal Status Flags
r-devel-linux-x86_64-debian-clang 1.1.1 2.83 48.21 51.04 NOTE
r-devel-linux-x86_64-debian-gcc 1.1.1 2.20 38.51 40.71 NOTE
r-devel-linux-x86_64-fedora-clang 1.1.1 71.07 NOTE
r-devel-linux-x86_64-fedora-gcc 1.1.1 62.40 NOTE
r-devel-windows-ix86+x86_64 1.1.1 6.00 77.00 83.00 NOTE
r-patched-linux-x86_64 1.1.1 2.84 48.14 50.98 NOTE
r-patched-solaris-x86 1.1.1 118.10 NOTE
r-release-linux-x86_64 1.1.1 2.92 48.63 51.55 NOTE
r-release-macos-x86_64 1.1.1 NOTE
r-release-windows-ix86+x86_64 1.1.1 5.00 69.00 74.00 NOTE
r-oldrel-macos-x86_64 1.1.1 NOTE
r-oldrel-windows-ix86+x86_64 1.1.1 3.00 86.00 89.00 NOTE

Check Details

Version: 1.1.1
Check: R code for possible problems
Result: NOTE
    makemim: no visible global function definition for 'cor'
    sigtestMTC: no visible global function definition for 'p.adjust'
    Undefined global functions or variables:
     cor p.adjust
    Consider adding
     importFrom("stats", "cor", "p.adjust")
    to your NAMESPACE file.
Flavors: r-devel-linux-x86_64-debian-clang, r-devel-linux-x86_64-debian-gcc, r-devel-linux-x86_64-fedora-clang, r-devel-linux-x86_64-fedora-gcc, r-devel-windows-ix86+x86_64, r-patched-linux-x86_64, r-patched-solaris-x86, r-release-linux-x86_64, r-release-macos-x86_64, r-release-windows-ix86+x86_64, r-oldrel-macos-x86_64, r-oldrel-windows-ix86+x86_64