CRAN Package Check Results for Package c3net

Last updated on 2017-03-29 03:50:19.

Flavor Version Tinstall Tcheck Ttotal Status Flags
r-devel-linux-x86_64-debian-clang 1.1.1 0.98 37.78 38.75 NOTE
r-devel-linux-x86_64-debian-gcc 1.1.1 0.94 31.92 32.86 NOTE
r-devel-linux-x86_64-fedora-clang 1.1.1 70.27 NOTE --no-stop-on-test-error
r-devel-linux-x86_64-fedora-gcc 1.1.1 54.17 NOTE --no-stop-on-test-error
r-devel-macos-x86_64-clang 1.1.1 47.55 NOTE --no-stop-on-test-error
r-devel-windows-ix86+x86_64 1.1.1 4.00 64.00 68.00 NOTE
r-patched-linux-x86_64 1.1.1 0.96 32.73 33.68 NOTE
r-patched-solaris-sparc 1.1.1 456.90 NOTE
r-patched-solaris-x86 1.1.1 94.80 NOTE
r-release-linux-x86_64 1.1.1 0.87 30.43 31.30 NOTE
r-release-osx-x86_64-mavericks 1.1.1 ERROR
r-release-windows-ix86+x86_64 1.1.1 6.00 100.00 106.00 NOTE
r-oldrel-windows-ix86+x86_64 1.1.1 5.00 91.00 96.00 OK

Check Details

Version: 1.1.1
Check: R code for possible problems
Result: NOTE
    makemim: no visible global function definition for ‘cor’
    sigtestMTC: no visible global function definition for ‘p.adjust’
    Undefined global functions or variables:
     cor p.adjust
    Consider adding
     importFrom("stats", "cor", "p.adjust")
    to your NAMESPACE file.
Flavors: r-devel-linux-x86_64-debian-clang, r-devel-linux-x86_64-debian-gcc, r-devel-windows-ix86+x86_64, r-patched-linux-x86_64, r-patched-solaris-sparc, r-patched-solaris-x86, r-release-linux-x86_64, r-release-osx-x86_64-mavericks, r-release-windows-ix86+x86_64

Version: 1.1.1
Flags: --no-stop-on-test-error
Check: R code for possible problems
Result: NOTE
    makemim: no visible global function definition for ‘cor’
    sigtestMTC: no visible global function definition for ‘p.adjust’
    Undefined global functions or variables:
     cor p.adjust
    Consider adding
     importFrom("stats", "cor", "p.adjust")
    to your NAMESPACE file.
Flavors: r-devel-linux-x86_64-fedora-clang, r-devel-linux-x86_64-fedora-gcc, r-devel-macos-x86_64-clang

Version: 1.1.1
Check: examples
Result: ERROR
    Running examples in ‘c3net-Ex.R’ failed
    The error most likely occurred in:
    
    > ### Name: c3net
    > ### Title: All in one function to infer network with C3NET
    > ### Aliases: c3net
    > ### Keywords: misc
    >
    > ### ** Examples
    >
    > data(expdata)
    > data(truenet)
    >
    > net <- c3net(expdata, network=TRUE)
    Invalid MIT-MAGIC-COOKIE-1 keyWarning in fun(libname, pkgname) : couldn't connect to display ":0"
    Error in structure(.External(.C_dotTclObjv, objv), class = "tclObj") :
     [tcl] invalid command name "font".
    Calls: c3net ... .tkplot.convert.font -> <Anonymous> -> tcl -> .Tcl.objv -> structure
    Execution halted
Flavor: r-release-osx-x86_64-mavericks