CRAN Package Check Results for Package c3net

Last updated on 2017-09-21 18:46:56.

Flavor Version Tinstall Tcheck Ttotal Status Flags
r-devel-linux-x86_64-debian-clang 1.1.1 1.00 37.85 38.85 NOTE
r-devel-linux-x86_64-debian-gcc 1.1.1 0.96 32.48 33.44 NOTE
r-devel-linux-x86_64-fedora-clang 1.1.1 65.61 NOTE
r-devel-linux-x86_64-fedora-gcc 1.1.1 55.12 NOTE
r-devel-windows-ix86+x86_64 1.1.1 3.00 68.00 71.00 NOTE
r-patched-linux-x86_64 1.1.1 0.98 32.04 33.03 NOTE
r-patched-solaris-x86 1.1.1 92.40 NOTE
r-release-linux-x86_64 1.1.1 0.90 32.95 33.85 NOTE
r-release-windows-ix86+x86_64 1.1.1 3.00 70.00 73.00 NOTE
r-release-osx-x86_64 1.1.1 NOTE
r-oldrel-windows-ix86+x86_64 1.1.1 3.00 65.00 68.00 NOTE
r-oldrel-osx-x86_64 1.1.1 ERROR

Check Details

Version: 1.1.1
Check: R code for possible problems
Result: NOTE
    makemim: no visible global function definition for ‘cor’
    sigtestMTC: no visible global function definition for ‘p.adjust’
    Undefined global functions or variables:
     cor p.adjust
    Consider adding
     importFrom("stats", "cor", "p.adjust")
    to your NAMESPACE file.
Flavors: r-devel-linux-x86_64-debian-clang, r-devel-linux-x86_64-debian-gcc, r-devel-linux-x86_64-fedora-clang, r-devel-linux-x86_64-fedora-gcc, r-devel-windows-ix86+x86_64, r-patched-linux-x86_64, r-patched-solaris-x86, r-release-linux-x86_64, r-release-windows-ix86+x86_64, r-release-osx-x86_64, r-oldrel-windows-ix86+x86_64, r-oldrel-osx-x86_64

Version: 1.1.1
Check: examples
Result: ERROR
    Running examples in ‘c3net-Ex.R’ failed
    The error most likely occurred in:
    
    > ### Name: c3net
    > ### Title: All in one function to infer network with C3NET
    > ### Aliases: c3net
    > ### Keywords: misc
    >
    > ### ** Examples
    >
    > data(expdata)
    > data(truenet)
    >
    > net <- c3net(expdata, network=TRUE)
    Invalid MIT-MAGIC-COOKIE-1 keyWarning in fun(libname, pkgname) : couldn't connect to display ":0"
    Error in structure(.External(.C_dotTclObjv, objv), class = "tclObj") :
     [tcl] invalid command name "font".
    Calls: c3net ... .tkplot.convert.font -> <Anonymous> -> tcl -> .Tcl.objv -> structure
    Execution halted
Flavor: r-oldrel-osx-x86_64