CRAN Package Check Results for Package c3net

Last updated on 2016-07-26 05:48:50.

Flavor Version Tinstall Tcheck Ttotal Status Flags
r-devel-linux-x86_64-debian-clang 1.1.1 1.04 42.73 43.77 NOTE
r-devel-linux-x86_64-debian-gcc 1.1.1 1.28 36.70 37.97 NOTE
r-devel-linux-x86_64-fedora-clang 1.1.1 62.75 NOTE
r-devel-linux-x86_64-fedora-gcc 1.1.1 64.19 NOTE
r-devel-osx-x86_64-clang 1.1.1 45.81 NOTE
r-devel-windows-ix86+x86_64 1.1.1 6.00 91.00 97.00 NOTE
r-patched-linux-x86_64 1.1.1 0.89 36.21 37.10 NOTE
r-patched-solaris-sparc 1.1.1 452.10 NOTE
r-patched-solaris-x86 1.1.1 85.60 NOTE
r-release-linux-x86_64 1.1.1 1.12 37.02 38.14 NOTE
r-release-osx-x86_64-mavericks 1.1.1 ERROR
r-release-windows-ix86+x86_64 1.1.1 6.00 93.00 99.00 NOTE
r-oldrel-windows-ix86+x86_64 1.1.1 5.00 98.00 103.00 OK

Check Details

Version: 1.1.1
Check: R code for possible problems
Result: NOTE
    makemim: no visible global function definition for ‘cor’
    sigtestMTC: no visible global function definition for ‘p.adjust’
    Undefined global functions or variables:
     cor p.adjust
    Consider adding
     importFrom("stats", "cor", "p.adjust")
    to your NAMESPACE file.
Flavors: r-devel-linux-x86_64-debian-clang, r-devel-linux-x86_64-debian-gcc, r-devel-linux-x86_64-fedora-clang, r-devel-linux-x86_64-fedora-gcc, r-devel-osx-x86_64-clang, r-devel-windows-ix86+x86_64, r-patched-linux-x86_64, r-patched-solaris-sparc, r-patched-solaris-x86, r-release-linux-x86_64, r-release-osx-x86_64-mavericks, r-release-windows-ix86+x86_64

Version: 1.1.1
Check: examples
Result: ERROR
    Running examples in ‘c3net-Ex.R’ failed
    The error most likely occurred in:
    
    > ### Name: c3net
    > ### Title: All in one function to infer network with C3NET
    > ### Aliases: c3net
    > ### Keywords: misc
    >
    > ### ** Examples
    >
    > data(expdata)
    > data(truenet)
    >
    > net <- c3net(expdata, network=TRUE)
    Invalid MIT-MAGIC-COOKIE-1 keyWarning in fun(libname, pkgname) : couldn't connect to display ":0"
    Error in structure(.External(.C_dotTclObjv, objv), class = "tclObj") :
     [tcl] invalid command name "font".
    Calls: c3net ... .tkplot.convert.font -> <Anonymous> -> tcl -> .Tcl.objv -> structure
    Execution halted
Flavor: r-release-osx-x86_64-mavericks