CRAN Package Check Results for Package c3net

Last updated on 2016-02-09 21:46:57.

Flavor Version Tinstall Tcheck Ttotal Status Flags
r-devel-linux-x86_64-debian-gcc 1.1.1 0.85 34.38 35.23 NOTE
r-devel-linux-x86_64-fedora-clang 1.1.1 62.87 NOTE
r-devel-linux-x86_64-fedora-gcc 1.1.1 63.67 NOTE
r-devel-osx-x86_64-clang 1.1.1 65.76 NOTE
r-devel-windows-ix86+x86_64 1.1.1 5.00 65.00 70.00 NOTE
r-patched-linux-x86_64 1.1.1 0.86 37.52 38.38 OK
r-patched-solaris-sparc 1.1.1 460.50 OK
r-patched-solaris-x86 1.1.1 86.60 OK
r-release-linux-x86_64 1.1.1 1.07 36.79 37.86 OK
r-release-osx-x86_64-mavericks 1.1.1 OK
r-release-windows-ix86+x86_64 1.1.1 4.00 65.00 69.00 OK
r-oldrel-windows-ix86+x86_64 1.1.1 7.00 71.00 78.00 OK

Check Details

Version: 1.1.1
Check: R code for possible problems
Result: NOTE
    makemim: no visible global function definition for ‘cor’
    sigtestMTC: no visible global function definition for ‘p.adjust’
    Undefined global functions or variables:
     cor p.adjust
    Consider adding
     importFrom("stats", "cor", "p.adjust")
    to your NAMESPACE file.
Flavors: r-devel-linux-x86_64-debian-gcc, r-devel-linux-x86_64-fedora-clang, r-devel-linux-x86_64-fedora-gcc, r-devel-osx-x86_64-clang, r-devel-windows-ix86+x86_64