CRAN Package Check Results for Package c3net

Last updated on 2018-04-21 16:46:24 CEST.

Flavor Version Tinstall Tcheck Ttotal Status Flags
r-devel-linux-x86_64-debian-clang 1.1.1 1.39 52.44 53.83 NOTE
r-devel-linux-x86_64-debian-gcc 1.1.1 1.22 36.22 37.44 NOTE
r-devel-linux-x86_64-fedora-clang 1.1.1 64.42 NOTE
r-devel-linux-x86_64-fedora-gcc 1.1.1 52.35 NOTE
r-devel-windows-ix86+x86_64 1.1.1 4.00 92.00 96.00 NOTE
r-devel-osx-x86_64 1.1.1 NOTE
r-patched-linux-x86_64 1.1.1 1.56 46.22 47.78 NOTE
r-patched-solaris-x86 1.1.1 96.90 NOTE
r-release-linux-x86_64 1.1.1 1.34 46.51 47.85 NOTE
r-release-windows-ix86+x86_64 1.1.1 3.00 106.00 109.00 NOTE
r-release-osx-x86_64 1.1.1 NOTE
r-oldrel-windows-ix86+x86_64 1.1.1 4.00 72.00 76.00 NOTE

Check Details

Version: 1.1.1
Check: R code for possible problems
Result: NOTE
    makemim: no visible global function definition for ‘cor’
    sigtestMTC: no visible global function definition for ‘p.adjust’
    Undefined global functions or variables:
     cor p.adjust
    Consider adding
     importFrom("stats", "cor", "p.adjust")
    to your NAMESPACE file.
Flavors: r-devel-linux-x86_64-debian-clang, r-devel-linux-x86_64-debian-gcc, r-devel-linux-x86_64-fedora-clang, r-devel-linux-x86_64-fedora-gcc, r-devel-windows-ix86+x86_64, r-devel-osx-x86_64, r-patched-linux-x86_64, r-patched-solaris-x86, r-release-linux-x86_64, r-release-windows-ix86+x86_64, r-release-osx-x86_64, r-oldrel-windows-ix86+x86_64