CRAN Package Check Results for Package c3net

Last updated on 2015-08-29 10:46:40.

Flavor Version Tinstall Tcheck Ttotal Status Flags
r-devel-linux-x86_64-debian-clang 1.1.1 0.79 33.25 34.04 NOTE
r-devel-linux-x86_64-debian-gcc 1.1.1 0.83 34.08 34.91 NOTE
r-devel-linux-x86_64-fedora-clang 1.1.1 64.72 NOTE
r-devel-linux-x86_64-fedora-gcc 1.1.1 64.94 NOTE
r-devel-osx-x86_64-clang 1.1.1 59.24 OK
r-devel-windows-ix86+x86_64 1.1.1 5.00 71.00 76.00 NOTE
r-patched-linux-x86_64 1.1.1 0.81 34.68 35.50 OK
r-patched-solaris-sparc 1.1.1 484.30 OK
r-patched-solaris-x86 1.1.1 100.40 OK
r-release-linux-x86_64 1.1.1 0.86 35.48 36.33 OK
r-release-osx-x86_64-mavericks 1.1.1 OK
r-release-windows-ix86+x86_64 1.1.1 4.00 82.00 86.00 OK
r-oldrel-windows-ix86+x86_64 1.1.1 7.00 75.00 82.00 OK

Check Details

Version: 1.1.1
Check: R code for possible problems
Result: NOTE
    makemim: no visible global function definition for ‘cor’
    sigtestMTC: no visible global function definition for ‘p.adjust’
    Undefined global functions or variables:
     cor p.adjust
    Consider adding
     importFrom("stats", "cor", "p.adjust")
    to your NAMESPACE.
Flavors: r-devel-linux-x86_64-debian-clang, r-devel-linux-x86_64-debian-gcc, r-devel-linux-x86_64-fedora-clang, r-devel-linux-x86_64-fedora-gcc, r-devel-windows-ix86+x86_64