CRAN Package Check Results for Package c3net

Last updated on 2016-05-26 03:48:22.

Flavor Version Tinstall Tcheck Ttotal Status Flags
r-devel-linux-x86_64-debian-gcc 1.1.1 0.85 36.83 37.68 NOTE
r-devel-linux-x86_64-fedora-clang 1.1.1 69.57 NOTE
r-devel-linux-x86_64-fedora-gcc 1.1.1 66.81 NOTE
r-devel-osx-x86_64-clang 1.1.1 68.89 NOTE
r-devel-windows-ix86+x86_64 1.1.1 3.00 73.00 76.00 NOTE
r-patched-linux-x86_64 1.1.1 0.92 35.37 36.28 NOTE
r-patched-solaris-sparc 1.1.1 450.40 NOTE
r-patched-solaris-x86 1.1.1 82.10 NOTE
r-release-linux-x86_64 1.1.1 0.92 35.11 36.03 NOTE
r-release-osx-x86_64-mavericks 1.1.1 ERROR
r-release-windows-ix86+x86_64 1.1.1 4.00 69.00 73.00 NOTE
r-oldrel-windows-ix86+x86_64 1.1.1 3.00 71.00 74.00 OK

Check Details

Version: 1.1.1
Check: R code for possible problems
Result: NOTE
    makemim: no visible global function definition for ‘cor’
    sigtestMTC: no visible global function definition for ‘p.adjust’
    Undefined global functions or variables:
     cor p.adjust
    Consider adding
     importFrom("stats", "cor", "p.adjust")
    to your NAMESPACE file.
Flavors: r-devel-linux-x86_64-debian-gcc, r-devel-linux-x86_64-fedora-clang, r-devel-linux-x86_64-fedora-gcc, r-devel-osx-x86_64-clang, r-devel-windows-ix86+x86_64, r-patched-linux-x86_64, r-patched-solaris-sparc, r-patched-solaris-x86, r-release-linux-x86_64, r-release-osx-x86_64-mavericks, r-release-windows-ix86+x86_64

Version: 1.1.1
Check: examples
Result: ERROR
    Running examples in ‘c3net-Ex.R’ failed
    The error most likely occurred in:
    
    > ### Name: c3net
    > ### Title: All in one function to infer network with C3NET
    > ### Aliases: c3net
    > ### Keywords: misc
    >
    > ### ** Examples
    >
    > data(expdata)
    > data(truenet)
    >
    > net <- c3net(expdata, network=TRUE)
    Invalid MIT-MAGIC-COOKIE-1 keyWarning in fun(libname, pkgname) : couldn't connect to display ":0"
    Error in structure(.External(.C_dotTclObjv, objv), class = "tclObj") :
     [tcl] invalid command name "font".
    Calls: c3net ... .tkplot.convert.font -> <Anonymous> -> tcl -> .Tcl.objv -> structure
    Execution halted
Flavor: r-release-osx-x86_64-mavericks