CRAN Package Check Results for Package cOde

Last updated on 2022-01-29 10:55:25 CET.

Flavor Version Tinstall Tcheck Ttotal Status Flags
r-devel-linux-x86_64-debian-clang 1.0.0 3.52 38.52 42.04 NOTE
r-devel-linux-x86_64-debian-gcc 1.0.0 3.01 30.27 33.28 NOTE
r-devel-linux-x86_64-fedora-clang 1.0.0 55.28 NOTE
r-devel-linux-x86_64-fedora-gcc 1.0.0 41.11 NOTE
r-devel-windows-x86_64-new-UL 1.0.0 31.00 62.00 93.00 OK
r-devel-windows-x86_64-new-TK 1.0.0 OK
r-patched-linux-x86_64 1.0.0 NOTE
r-release-linux-x86_64 1.0.0 3.10 37.04 40.14 NOTE
r-release-macos-arm64 1.0.0 OK
r-release-macos-x86_64 1.0.0 OK
r-release-windows-ix86+x86_64 1.0.0 7.00 45.00 52.00 OK
r-oldrel-macos-x86_64 1.0.0 OK
r-oldrel-windows-ix86+x86_64 1.0.0 8.00 47.00 55.00 OK

Check Details

Version: 1.0.0
Check: for non-standard things in the check directory
Result: NOTE
    Found the following files/directories:
     'fda7wnr6u.c' 'fda7wnr6u.o' 'fda7wnr6u.so' 'symbols.rds'
Flavors: r-devel-linux-x86_64-debian-clang, r-devel-linux-x86_64-debian-gcc, r-devel-linux-x86_64-fedora-clang, r-devel-linux-x86_64-fedora-gcc, r-patched-linux-x86_64, r-release-linux-x86_64