CRAN Package Check Results for Package cSEM

Last updated on 2023-06-10 09:57:12 CEST.

Flavor Version Tinstall Tcheck Ttotal Status Flags
r-devel-linux-x86_64-debian-clang 0.5.0 24.68 192.48 217.16 OK
r-devel-linux-x86_64-debian-gcc 0.5.0 18.24 143.76 162.00 OK
r-devel-linux-x86_64-fedora-clang 0.5.0 277.92 NOTE
r-devel-linux-x86_64-fedora-gcc 0.5.0 260.73 NOTE
r-devel-windows-x86_64 0.5.0 17.00 161.00 178.00 OK
r-patched-linux-x86_64 0.5.0 30.16 183.79 213.95 OK
r-release-linux-x86_64 0.5.0 18.01 183.95 201.96 OK
r-release-macos-arm64 0.5.0 78.00 OK
r-release-macos-x86_64 0.5.0 132.00 OK
r-release-windows-x86_64 0.5.0 23.00 206.00 229.00 OK
r-oldrel-macos-arm64 0.5.0 78.00 NOTE
r-oldrel-macos-x86_64 0.5.0 83.00 NOTE
r-oldrel-windows-x86_64 0.5.0 24.00 179.00 203.00 OK

Check Details

Version: 0.5.0
Check: package dependencies
Result: NOTE
    Imports includes 21 non-default packages.
    Importing from so many packages makes the package vulnerable to any of
    them becoming unavailable. Move as many as possible to Suggests and
    use conditionally.
Flavor: r-devel-linux-x86_64-fedora-clang

Version: 0.5.0
Check: dependencies in R code
Result: NOTE
    Namespace in Imports field not imported from: ‘Rdpack’
     All declared Imports should be used.
Flavors: r-devel-linux-x86_64-fedora-clang, r-devel-linux-x86_64-fedora-gcc, r-oldrel-macos-arm64, r-oldrel-macos-x86_64