CRAN Package Check Results for Package ca

Last updated on 2014-09-17 21:46:30.

Flavor Version Tinstall Tcheck Ttotal Status Flags
r-devel-linux-x86_64-debian-clang 0.55 0.69 17.26 17.94 NOTE
r-devel-linux-x86_64-debian-gcc 0.55 0.92 16.89 17.81 NOTE
r-devel-linux-x86_64-fedora-clang 0.55 34.87 NOTE
r-devel-linux-x86_64-fedora-gcc 0.55 32.46 NOTE
r-devel-osx-x86_64-clang 0.55 33.19 NOTE
r-devel-windows-ix86+x86_64 0.55 3.00 26.00 29.00 NOTE
r-patched-linux-x86_64 0.55 0.85 17.36 18.20 OK
r-patched-solaris-sparc 0.55 215.40 OK
r-patched-solaris-x86 0.55 45.20 OK
r-release-linux-ix86 0.55 1.04 24.78 25.82 OK
r-release-linux-x86_64 0.55 0.72 18.49 19.22 OK
r-release-osx-x86_64-mavericks 0.55 OK
r-release-osx-x86_64-snowleopard 0.55 OK
r-release-windows-ix86+x86_64 0.55 3.00 27.00 30.00 OK
r-oldrel-windows-ix86+x86_64 0.55 2.00 27.00 29.00 OK

Check Details

Version: 0.55
Check: R code for possible problems
Result: NOTE
    plot3d.ca : rglarrows0: no visible global function definition for
     ‘rgl.lines’
    plot3d.ca: no visible global function definition for ‘rgl.clear’
    plot3d.ca: no visible global function definition for ‘rgl.bg’
    plot3d.ca: no visible global function definition for ‘rgl.lines’
    plot3d.ca: no visible global function definition for ‘rgl.texts’
Flavors: r-devel-linux-x86_64-debian-clang, r-devel-linux-x86_64-debian-gcc, r-devel-linux-x86_64-fedora-clang, r-devel-linux-x86_64-fedora-gcc, r-devel-osx-x86_64-clang, r-devel-windows-ix86+x86_64