CRAN Package Check Results for Package ca

Last updated on 2016-12-03 12:48:12.

Flavor Version Tinstall Tcheck Ttotal Status Flags
r-devel-linux-x86_64-debian-clang 0.64 0.91 22.92 23.83 OK
r-devel-linux-x86_64-debian-gcc 0.64 0.88 23.82 24.70 OK
r-devel-linux-x86_64-fedora-clang 0.64 42.66 OK
r-devel-linux-x86_64-fedora-gcc 0.64 40.72 OK
r-devel-macos-x86_64-clang 0.64 34.91 OK
r-devel-windows-ix86+x86_64 0.64 2.00 41.00 43.00 OK
r-patched-linux-x86_64 0.64 0.72 20.10 20.82 OK
r-patched-solaris-sparc 0.64 219.60 OK
r-patched-solaris-x86 0.64 43.70 OK
r-release-linux-x86_64 0.64 0.92 20.01 20.94 OK
r-release-osx-x86_64-mavericks 0.64 NOTE
r-release-windows-ix86+x86_64 0.64 7.00 62.00 69.00 OK
r-oldrel-windows-ix86+x86_64 0.64 8.00 53.00 61.00 OK

Check Details

Version: 0.64
Check: dependencies in R code
Result: NOTE
    Invalid MIT-MAGIC-COOKIE-1 key
Flavor: r-release-osx-x86_64-mavericks