CRAN Package Check Results for Package ca

Last updated on 2016-06-24 23:47:24.

Flavor Version Tinstall Tcheck Ttotal Status Flags
r-devel-linux-x86_64-debian-gcc 0.64 0.90 20.05 20.95 OK
r-devel-linux-x86_64-fedora-clang 0.64 34.59 OK
r-devel-linux-x86_64-fedora-gcc 0.64 31.44 OK
r-devel-osx-x86_64-clang 0.64 30.07 OK
r-devel-windows-ix86+x86_64 0.64 6.00 39.00 45.00 OK
r-patched-linux-x86_64 0.64 0.77 20.11 20.87 OK
r-patched-solaris-x86 0.64 42.50 OK
r-release-linux-x86_64 0.64 0.96 19.92 20.88 OK
r-release-osx-x86_64-mavericks 0.64 NOTE
r-release-windows-ix86+x86_64 0.64 5.00 37.00 42.00 OK
r-oldrel-windows-ix86+x86_64 0.64 5.00 38.00 43.00 OK

Check Details

Version: 0.64
Check: dependencies in R code
Result: NOTE
    Invalid MIT-MAGIC-COOKIE-1 key
Flavor: r-release-osx-x86_64-mavericks