CRAN Package Check Results for Package ca

Last updated on 2016-08-26 23:48:46.

Flavor Version Tinstall Tcheck Ttotal Status Flags
r-devel-linux-x86_64-debian-clang 0.64 0.71 19.64 20.35 OK
r-devel-linux-x86_64-debian-gcc 0.64 0.96 25.75 26.71 OK
r-devel-linux-x86_64-fedora-clang 0.64 35.42 OK
r-devel-linux-x86_64-fedora-gcc 0.64 31.53 OK
r-devel-osx-x86_64-clang 0.64 30.15 OK
r-devel-windows-ix86+x86_64 0.64 3.00 37.00 40.00 OK
r-patched-linux-x86_64 0.64 0.74 18.69 19.43 OK
r-patched-solaris-sparc 0.64 219.60 OK
r-patched-solaris-x86 0.64 41.70 OK
r-release-linux-x86_64 0.64 0.81 20.63 21.44 OK
r-release-osx-x86_64-mavericks 0.64 NOTE
r-release-windows-ix86+x86_64 0.64 3.00 50.00 53.00 OK
r-oldrel-windows-ix86+x86_64 0.64 3.00 39.00 42.00 OK

Check Details

Version: 0.64
Check: dependencies in R code
Result: NOTE
    Invalid MIT-MAGIC-COOKIE-1 key
Flavor: r-release-osx-x86_64-mavericks