CRAN Package Check Results for Package ca

Last updated on 2015-01-28 05:48:40.

Flavor Version Tinstall Tcheck Ttotal Status Flags
r-devel-linux-x86_64-debian-clang 0.58 0.71 18.81 19.52 NOTE
r-devel-linux-x86_64-debian-gcc 0.58 0.70 19.48 20.18 NOTE
r-devel-linux-x86_64-fedora-clang 0.58 36.59 NOTE
r-devel-linux-x86_64-fedora-gcc 0.58 35.39 NOTE
r-devel-osx-x86_64-clang 0.58 40.56 NOTE
r-devel-windows-ix86+x86_64 0.58 3.00 28.00 31.00 NOTE
r-patched-linux-x86_64 0.58 0.75 18.88 19.63 OK
r-patched-solaris-sparc 0.58 201.90 OK
r-patched-solaris-x86 0.58 50.90 OK
r-release-linux-ix86 0.58 1.05 24.57 25.62 OK
r-release-linux-x86_64 0.58 0.75 18.98 19.73 OK
r-release-osx-x86_64-mavericks 0.58 OK
r-release-osx-x86_64-snowleopard 0.58 OK
r-release-windows-ix86+x86_64 0.58 3.00 32.00 35.00 OK
r-oldrel-windows-ix86+x86_64 0.58 3.00 26.00 29.00 OK

Check Details

Version: 0.58
Check: dependencies in R code
Result: NOTE
    'library' or 'require' call to ‘rgl’ in package code.
     Please use :: or requireNamespace() instead.
     See section 'Suggested packages' in the 'Writing R Extensions' manual.
Flavors: r-devel-linux-x86_64-debian-clang, r-devel-linux-x86_64-debian-gcc, r-devel-linux-x86_64-fedora-clang, r-devel-linux-x86_64-fedora-gcc, r-devel-osx-x86_64-clang, r-devel-windows-ix86+x86_64