CRAN Package Check Results for Package ca

Last updated on 2016-07-29 17:47:08.

Flavor Version Tinstall Tcheck Ttotal Status Flags
r-devel-linux-x86_64-debian-clang 0.64 0.68 19.23 19.91 OK
r-devel-linux-x86_64-debian-gcc 0.64 0.87 24.73 25.60 OK
r-devel-linux-x86_64-fedora-clang 0.64 34.06 OK
r-devel-linux-x86_64-fedora-gcc 0.64 30.87 OK
r-devel-osx-x86_64-clang 0.64 30.01 OK
r-devel-windows-ix86+x86_64 0.64 5.00 38.00 43.00 OK
r-patched-linux-x86_64 0.64 1.20 22.66 23.86 OK
r-patched-solaris-sparc 0.64 219.60 OK
r-patched-solaris-x86 0.64 41.30 OK
r-release-linux-x86_64 0.64 0.94 23.72 24.67 OK
r-release-osx-x86_64-mavericks 0.64 NOTE
r-release-windows-ix86+x86_64 0.64 4.00 40.00 44.00 OK
r-oldrel-windows-ix86+x86_64 0.64 4.00 53.00 57.00 OK

Check Details

Version: 0.64
Check: dependencies in R code
Result: NOTE
    Invalid MIT-MAGIC-COOKIE-1 key
Flavor: r-release-osx-x86_64-mavericks