CRAN Package Check Results for Package ca

Last updated on 2016-09-28 04:48:35.

Flavor Version Tinstall Tcheck Ttotal Status Flags
r-devel-linux-x86_64-debian-clang 0.64 0.67 19.80 20.47 OK
r-devel-linux-x86_64-debian-gcc 0.64 0.82 20.95 21.77 OK
r-devel-linux-x86_64-fedora-clang 0.64 34.92 OK
r-devel-linux-x86_64-fedora-gcc 0.64 33.48 OK
r-devel-macos-x86_64-clang 0.64 29.82 OK
r-devel-windows-ix86+x86_64 0.64 5.00 49.00 54.00 OK
r-patched-linux-x86_64 0.64 0.72 19.49 20.21 OK
r-patched-solaris-sparc 0.64 219.60 OK
r-patched-solaris-x86 0.64 42.10 OK
r-release-linux-x86_64 0.64 0.76 19.84 20.61 OK
r-release-osx-x86_64-mavericks 0.64 NOTE
r-release-windows-ix86+x86_64 0.64 5.00 52.00 57.00 OK
r-oldrel-windows-ix86+x86_64 0.64 6.00 39.00 45.00 OK

Check Details

Version: 0.64
Check: dependencies in R code
Result: NOTE
    Invalid MIT-MAGIC-COOKIE-1 key
Flavor: r-release-osx-x86_64-mavericks