CRAN Package Check Results for Package ca

Last updated on 2014-04-24 15:50:34.

Flavor Version Tinstall Tcheck Ttotal Status Flags
r-devel-linux-x86_64-debian-clang 0.53 0.80 18.27 19.07 OK
r-devel-linux-x86_64-debian-gcc 0.53 0.82 17.42 18.24 OK
r-devel-linux-x86_64-fedora-clang 0.53 35.28 OK
r-devel-linux-x86_64-fedora-gcc 0.53 33.57 OK
r-devel-osx-x86_64-clang 0.53 32.46 OK
r-devel-osx-x86_64-gcc 0.53 OK
r-devel-windows-ix86+x86_64 0.53 2.00 26.00 28.00 OK
r-patched-linux-x86_64 0.53 0.76 17.74 18.50 OK
r-patched-solaris-sparc 0.53 196.00 OK
r-patched-solaris-x86 0.53 44.10 OK
r-release-linux-ix86 0.53 2.00 33.00 35.00 OK
r-release-linux-x86_64 0.53 0.75 18.63 19.38 OK
r-release-osx-x86_64-mavericks 0.53 WARN
r-release-windows-ix86+x86_64 0.53 2.00 28.00 30.00 OK
r-oldrel-windows-ix86+x86_64 0.53 3.00 27.00 30.00 OK

Check Details

Version: 0.53
Check: PDF version of manual
Result: WARNING
    LaTeX errors when creating PDF version.
    This typically indicates Rd problems.
    LaTeX errors found:
    ! LaTeX Error: File `upquote.sty' not found.
    
    Type X to quit or <RETURN> to proceed,
    or enter new name. (Default extension: sty)
    
    75fdbdf/Rd2.tex:8: ==> Fatal error occurred, no output PDF file produced!
Flavor: r-release-osx-x86_64-mavericks