CRAN Package Check Results for Package ca

Last updated on 2016-02-07 12:46:55.

Flavor Version Tinstall Tcheck Ttotal Status Flags
r-devel-linux-x86_64-debian-gcc 0.64 0.88 18.08 18.96 OK
r-devel-linux-x86_64-fedora-clang 0.64 34.01 OK
r-devel-linux-x86_64-fedora-gcc 0.64 32.29 OK
r-devel-osx-x86_64-clang 0.64 40.21 OK
r-devel-windows-ix86+x86_64 0.64 5.00 42.00 47.00 OK
r-patched-linux-x86_64 0.58 0.87 18.05 18.93 NOTE
r-patched-solaris-sparc 0.64 214.20 OK
r-patched-solaris-x86 0.64 41.20 OK
r-release-linux-x86_64 0.58 0.72 17.24 17.96 NOTE
r-release-osx-x86_64-mavericks 0.64 OK
r-release-windows-ix86+x86_64 0.64 4.00 33.00 37.00 OK
r-oldrel-windows-ix86+x86_64 0.64 4.00 48.00 52.00 OK

Check Details

Version: 0.58
Check: dependencies in R code
Result: NOTE
    'library' or 'require' call to ‘rgl’ in package code.
     Please use :: or requireNamespace() instead.
     See section 'Suggested packages' in the 'Writing R Extensions' manual.
Flavors: r-patched-linux-x86_64, r-release-linux-x86_64