CRAN Package Check Results for Package ca

Last updated on 2014-10-21 19:47:34.

Flavor Version Tinstall Tcheck Ttotal Status Flags
r-devel-linux-x86_64-debian-clang 0.55 0.74 17.56 18.30 NOTE
r-devel-linux-x86_64-debian-gcc 0.55 0.73 17.77 18.50 NOTE
r-devel-linux-x86_64-fedora-clang 0.55 36.02 NOTE
r-devel-linux-x86_64-fedora-gcc 0.55 35.47 NOTE
r-devel-osx-x86_64-clang 0.55 37.83 NOTE
r-devel-windows-ix86+x86_64 0.55 3.00 25.00 28.00 NOTE
r-patched-linux-x86_64 0.55 0.74 18.07 18.82 NOTE
r-patched-solaris-sparc 0.55 203.30 NOTE
r-patched-solaris-x86 0.55 47.00 NOTE
r-release-linux-ix86 0.55 1.03 24.66 25.69 OK
r-release-linux-x86_64 0.55 0.74 18.05 18.79 OK
r-release-osx-x86_64-mavericks 0.55 OK
r-release-osx-x86_64-snowleopard 0.55 OK
r-release-windows-ix86+x86_64 0.55 2.00 27.00 29.00 OK
r-oldrel-windows-ix86+x86_64 0.55 3.00 28.00 31.00 OK

Check Details

Version: 0.55
Check: R code for possible problems
Result: NOTE
    plot3d.ca : rglarrows0: no visible global function definition for
     ‘rgl.lines’
    plot3d.ca: no visible global function definition for ‘rgl.clear’
    plot3d.ca: no visible global function definition for ‘rgl.bg’
    plot3d.ca: no visible global function definition for ‘rgl.lines’
    plot3d.ca: no visible global function definition for ‘rgl.texts’
Flavors: r-devel-linux-x86_64-debian-clang, r-devel-linux-x86_64-debian-gcc, r-devel-linux-x86_64-fedora-clang, r-devel-linux-x86_64-fedora-gcc, r-devel-osx-x86_64-clang, r-devel-windows-ix86+x86_64, r-patched-linux-x86_64, r-patched-solaris-sparc, r-patched-solaris-x86