CRAN Package Check Results for Package ca

Last updated on 2014-12-20 03:49:27.

Flavor Version Tinstall Tcheck Ttotal Status Flags
r-devel-linux-x86_64-debian-clang 0.55 0.72 17.94 18.66 NOTE
r-devel-linux-x86_64-debian-gcc 0.55 0.71 17.56 18.27 NOTE
r-devel-linux-x86_64-fedora-clang 0.55 36.53 NOTE
r-devel-linux-x86_64-fedora-gcc 0.55 33.72 NOTE
r-devel-osx-x86_64-clang 0.55 37.35 NOTE
r-devel-windows-ix86+x86_64 0.55 3.00 28.00 31.00 NOTE
r-patched-linux-x86_64 0.55 0.78 18.47 19.25 NOTE
r-patched-solaris-sparc 0.55 203.30 NOTE
r-patched-solaris-x86 0.55 46.80 NOTE
r-release-linux-ix86 0.55 1.01 24.10 25.11 NOTE
r-release-linux-x86_64 0.55 0.76 18.69 19.45 NOTE
r-release-osx-x86_64-mavericks 0.55 OK
r-release-osx-x86_64-snowleopard 0.55 OK
r-release-windows-ix86+x86_64 0.55 3.00 29.00 32.00 NOTE
r-oldrel-windows-ix86+x86_64 0.55 3.00 29.00 32.00 OK

Check Details

Version: 0.55
Check: R code for possible problems
Result: NOTE
    plot3d.ca : rglarrows0: no visible global function definition for
     ‘rgl.lines’
    plot3d.ca: no visible global function definition for ‘rgl.clear’
    plot3d.ca: no visible global function definition for ‘rgl.bg’
    plot3d.ca: no visible global function definition for ‘rgl.lines’
    plot3d.ca: no visible global function definition for ‘rgl.texts’
Flavors: r-devel-linux-x86_64-debian-clang, r-devel-linux-x86_64-debian-gcc, r-devel-linux-x86_64-fedora-clang, r-devel-linux-x86_64-fedora-gcc, r-devel-osx-x86_64-clang, r-devel-windows-ix86+x86_64, r-patched-linux-x86_64, r-patched-solaris-sparc, r-patched-solaris-x86, r-release-linux-ix86, r-release-linux-x86_64, r-release-windows-ix86+x86_64