CRAN Package Check Results for Package ca

Last updated on 2016-05-26 05:47:32.

Flavor Version Tinstall Tcheck Ttotal Status Flags
r-devel-linux-x86_64-debian-gcc 0.64 0.82 19.19 20.01 OK
r-devel-linux-x86_64-fedora-clang 0.64 37.83 OK
r-devel-linux-x86_64-fedora-gcc 0.64 35.23 OK
r-devel-osx-x86_64-clang 0.64 39.92 OK
r-devel-windows-ix86+x86_64 0.64 3.00 40.00 43.00 OK
r-patched-linux-x86_64 0.64 0.70 18.62 19.32 OK
r-patched-solaris-sparc 0.64 217.30 OK
r-patched-solaris-x86 0.64 43.20 OK
r-release-linux-x86_64 0.64 0.70 19.01 19.70 OK
r-release-osx-x86_64-mavericks 0.64 NOTE
r-release-windows-ix86+x86_64 0.64 5.00 36.00 41.00 OK
r-oldrel-windows-ix86+x86_64 0.64 4.00 37.00 41.00 OK

Check Details

Version: 0.64
Check: dependencies in R code
Result: NOTE
    Invalid MIT-MAGIC-COOKIE-1 key
Flavor: r-release-osx-x86_64-mavericks