CRAN Package Check Results for Package ca

Last updated on 2015-07-02 11:48:05.

Flavor Version Tinstall Tcheck Ttotal Status Flags
r-devel-linux-x86_64-debian-clang 0.58 0.66 17.21 17.87 NOTE
r-devel-linux-x86_64-debian-gcc 0.58 0.80 16.98 17.78 NOTE
r-devel-linux-x86_64-fedora-clang 0.58 33.06 NOTE
r-devel-linux-x86_64-fedora-gcc 0.58 31.19 NOTE
r-devel-osx-x86_64-clang 0.58 34.87 NOTE
r-devel-windows-ix86+x86_64 0.58 3.00 27.00 30.00 NOTE
r-patched-linux-x86_64 0.58 0.70 17.66 18.36 NOTE
r-patched-solaris-sparc 0.58 207.40 NOTE
r-patched-solaris-x86 0.58 47.00 NOTE
r-release-linux-x86_64 0.58 0.67 17.35 18.02 NOTE
r-release-osx-x86_64-mavericks 0.58 NOTE
r-release-windows-ix86+x86_64 0.58 3.00 28.00 31.00 NOTE
r-oldrel-windows-ix86+x86_64 0.58 5.00 47.00 52.00 NOTE

Check Details

Version: 0.58
Check: dependencies in R code
Result: NOTE
    'library' or 'require' call to ‘rgl’ in package code.
     Please use :: or requireNamespace() instead.
     See section 'Suggested packages' in the 'Writing R Extensions' manual.
Flavors: r-devel-linux-x86_64-debian-clang, r-devel-linux-x86_64-debian-gcc, r-devel-linux-x86_64-fedora-clang, r-devel-linux-x86_64-fedora-gcc, r-devel-osx-x86_64-clang, r-devel-windows-ix86+x86_64, r-patched-linux-x86_64, r-patched-solaris-sparc, r-patched-solaris-x86, r-release-linux-x86_64, r-release-osx-x86_64-mavericks, r-release-windows-ix86+x86_64, r-oldrel-windows-ix86+x86_64

Version: 0.58
Check: R code for possible problems
Result: NOTE
    expand.dft: no visible global function definition for ‘type.convert’
    expand.table: no visible global function definition for ‘type.convert’
    pchlist: no visible global function definition for ‘plot’
    pchlist: no visible global function definition for ‘box’
    plot.ca: no visible global function definition for ‘col2rgb’
    plot.ca: no visible global function definition for ‘rgb’
    plot.ca: no visible global function definition for ‘par’
    plot.ca: no visible global function definition for ‘plot’
    plot.ca: no visible global function definition for ‘box’
    plot.ca: no visible global function definition for ‘abline’
    plot.ca: no visible global function definition for ‘axis’
    plot.ca: no visible global function definition for ‘points’
    plot.ca: no visible global function definition for ‘strwidth’
    plot.ca: no visible global function definition for ‘strheight’
    plot.ca: no visible global function definition for ‘text’
    plot.mjca: no visible global function definition for ‘col2rgb’
    plot.mjca: no visible global function definition for ‘rgb’
    plot.mjca: no visible global function definition for ‘par’
    plot.mjca: no visible global function definition for ‘plot’
    plot.mjca: no visible global function definition for ‘box’
    plot.mjca: no visible global function definition for ‘abline’
    plot.mjca: no visible global function definition for ‘axis’
    plot.mjca: no visible global function definition for ‘points’
    plot.mjca: no visible global function definition for ‘strwidth’
    plot.mjca: no visible global function definition for ‘strheight’
    plot.mjca: no visible global function definition for ‘text’
Flavors: r-devel-linux-x86_64-debian-clang, r-devel-linux-x86_64-debian-gcc, r-devel-linux-x86_64-fedora-gcc, r-devel-windows-ix86+x86_64

Version: 0.58
Check: R code for possible problems
Result: NOTE
    expand.dft: no visible global function definition for ‘type.convert’
    expand.table: no visible global function definition for ‘type.convert’
    pchlist: no visible global function definition for ‘plot’
    pchlist: no visible global function definition for ‘box’
    plot.ca: no visible global function definition for ‘col2rgb’
    plot.ca: no visible global function definition for ‘rgb’
    plot.ca: no visible global function definition for ‘par’
    plot.ca: no visible global function definition for ‘plot’
    plot.ca: no visible global function definition for ‘box’
    plot.ca: no visible global function definition for ‘abline’
    plot.ca: no visible global function definition for ‘axis’
    plot.ca: no visible global function definition for ‘points’
    plot.ca: no visible global function definition for ‘strwidth’
    plot.ca: no visible global function definition for ‘strheight’
    plot.ca: no visible global function definition for ‘text’
    plot.mjca: no visible global function definition for ‘col2rgb’
    plot.mjca: no visible global function definition for ‘rgb’
    plot.mjca: no visible global function definition for ‘par’
    plot.mjca: no visible global function definition for ‘plot’
    plot.mjca: no visible global function definition for ‘box’
    plot.mjca: no visible global function definition for ‘abline’
    plot.mjca: no visible global function definition for ‘axis’
    plot.mjca: no visible global function definition for ‘points’
    plot.mjca: no visible global function definition for ‘strwidth’
    plot.mjca: no visible global function definition for ‘strheight’
    plot.mjca: no visible global function definition for ‘text’
    Undefined global functions or variables:
     abline axis box col2rgb par plot points rgb strheight strwidth text
     type.convert
Flavor: r-devel-linux-x86_64-fedora-clang