Last updated on 2021-04-15 03:49:18 CEST.
Flavor | Version | Tinstall | Tcheck | Ttotal | Status | Flags |
---|---|---|---|---|---|---|
r-devel-linux-x86_64-debian-clang | 0.1.0 | 2.39 | 26.11 | 28.50 | NOTE | |
r-devel-linux-x86_64-debian-gcc | 0.1.0 | 1.65 | 20.94 | 22.59 | NOTE | |
r-devel-linux-x86_64-fedora-clang | 0.1.0 | 43.68 | NOTE | |||
r-devel-linux-x86_64-fedora-gcc | 0.1.0 | 34.49 | NOTE | |||
r-devel-windows-ix86+x86_64 | 0.1.0 | 6.00 | 44.00 | 50.00 | NOTE | |
r-devel-windows-x86_64-gcc10-UCRT | 0.1.0 | NOTE | ||||
r-patched-linux-x86_64 | 0.1.0 | 2.17 | 25.78 | 27.95 | OK | |
r-patched-solaris-x86 | 0.1.0 | 53.90 | OK | |||
r-release-linux-x86_64 | 0.1.0 | 2.00 | 25.79 | 27.79 | OK | |
r-release-macos-x86_64 | 0.1.0 | OK | ||||
r-release-windows-ix86+x86_64 | 0.1.0 | 27.00 | 52.00 | 79.00 | OK | |
r-oldrel-macos-x86_64 | 0.1.0 | OK | ||||
r-oldrel-windows-ix86+x86_64 | 0.1.0 | 5.00 | 32.00 | 37.00 | OK |
Version: 0.1.0
Check: LazyData
Result: NOTE
'LazyData' is specified without a 'data' directory
Flavors: r-devel-linux-x86_64-debian-clang, r-devel-linux-x86_64-debian-gcc, r-devel-linux-x86_64-fedora-clang, r-devel-linux-x86_64-fedora-gcc, r-devel-windows-ix86+x86_64, r-devel-windows-x86_64-gcc10-UCRT