CRAN Package Check Results for Package caTools

Last updated on 2020-08-10 04:47:23 CEST.

Flavor Version Tinstall Tcheck Ttotal Status Flags
r-devel-linux-x86_64-debian-clang 1.18.0 7.06 33.74 40.80 OK
r-devel-linux-x86_64-debian-gcc 1.18.0 4.57 25.89 30.46 OK
r-devel-linux-x86_64-fedora-clang 1.18.0 56.19 NOTE
r-devel-linux-x86_64-fedora-gcc 1.18.0 45.78 OK
r-devel-windows-ix86+x86_64 1.18.0 20.00 88.00 108.00 OK
r-patched-linux-x86_64 1.18.0 4.90 32.59 37.49 OK
r-patched-solaris-x86 1.18.0 69.50 OK
r-release-linux-x86_64 1.18.0 5.54 32.42 37.96 OK
r-release-macos-x86_64 1.18.0 OK
r-release-windows-ix86+x86_64 1.18.0 15.00 66.00 81.00 OK
r-oldrel-macos-x86_64 1.18.0 OK
r-oldrel-windows-ix86+x86_64 1.18.0 17.00 86.00 103.00 OK

Check Details

Version: 1.18.0
Check: Rd cross-references
Result: NOTE
    Undeclared packages ‘fields’, ‘spatstat’, ‘R2HTML’, ‘pixmap’, ‘gplots’, ‘RColorBrewer’, ‘epitools’, ‘XML’, ‘exactRankTests’, ‘coin’, ‘ROCR’, ‘Epi’, ‘verification’, ‘Hmisc’, ‘gtools’, ‘magic’, ‘zoo’ in Rd xrefs
Flavor: r-devel-linux-x86_64-fedora-clang