CRAN Package Check Results for Package caTools

Last updated on 2018-09-26 08:48:02 CEST.

Flavor Version Tinstall Tcheck Ttotal Status Flags
r-devel-linux-x86_64-debian-clang 1.17.1.1 4.65 30.98 35.63 NOTE
r-devel-linux-x86_64-debian-gcc 1.17.1.1 3.98 25.96 29.94 NOTE
r-devel-linux-x86_64-fedora-clang 1.17.1.1 43.69 NOTE
r-devel-linux-x86_64-fedora-gcc 1.17.1.1 40.99 NOTE
r-devel-windows-ix86+x86_64 1.17.1.1 16.00 83.00 99.00 NOTE
r-patched-linux-x86_64 1.17.1.1 4.12 29.47 33.59 NOTE
r-patched-solaris-x86 1.17.1.1 58.30 NOTE
r-release-linux-x86_64 1.17.1.1 4.02 29.52 33.54 NOTE
r-release-windows-ix86+x86_64 1.17.1.1 13.00 76.00 89.00 NOTE
r-release-osx-x86_64 1.17.1.1 NOTE
r-oldrel-windows-ix86+x86_64 1.17.1.1 12.00 84.00 96.00 NOTE
r-oldrel-osx-x86_64 1.17.1.1 NOTE

Additional issues

rchk

Check Details

Version: 1.17.1.1
Check: DESCRIPTION meta-information
Result: NOTE
    Malformed Title field: should not end in a period.
Flavors: r-devel-linux-x86_64-debian-clang, r-devel-linux-x86_64-debian-gcc, r-devel-linux-x86_64-fedora-clang, r-devel-linux-x86_64-fedora-gcc, r-devel-windows-ix86+x86_64, r-patched-linux-x86_64, r-patched-solaris-x86, r-release-linux-x86_64, r-release-windows-ix86+x86_64, r-release-osx-x86_64, r-oldrel-windows-ix86+x86_64, r-oldrel-osx-x86_64

Version: 1.17.1.1
Check: compiled code
Result: NOTE
    File ‘caTools/libs/caTools.so’:
     Found no calls to: ‘R_registerRoutines’, ‘R_useDynamicSymbols’
    
    It is good practice to register native routines and to disable symbol
    search.
    
    See ‘Writing portable packages’ in the ‘Writing R Extensions’ manual.
Flavors: r-devel-linux-x86_64-fedora-clang, r-devel-linux-x86_64-fedora-gcc