CRAN Package Check Results for Package caTools

Last updated on 2015-07-04 19:47:30.

Flavor Version Tinstall Tcheck Ttotal Status Flags
r-devel-linux-x86_64-debian-clang 1.17.1 1.68 16.37 18.06 NOTE
r-devel-linux-x86_64-debian-gcc 1.17.1 1.94 16.01 17.95 NOTE
r-devel-linux-x86_64-fedora-clang 1.17.1 33.72 NOTE
r-devel-linux-x86_64-fedora-gcc 1.17.1 33.12 NOTE
r-devel-osx-x86_64-clang 1.17.1 32.44 NOTE
r-devel-windows-ix86+x86_64 1.17.1 17.00 41.00 58.00 NOTE
r-patched-linux-x86_64 1.17.1 1.94 16.34 18.28 NOTE
r-patched-solaris-sparc 1.17.1 222.80 NOTE
r-patched-solaris-x86 1.17.1 51.30 NOTE
r-release-linux-x86_64 1.17.1 1.99 16.37 18.36 NOTE
r-release-osx-x86_64-mavericks 1.17.1 NOTE
r-release-windows-ix86+x86_64 1.17.1 15.00 42.00 57.00 NOTE
r-oldrel-windows-ix86+x86_64 1.17.1 16.00 46.00 62.00 OK

Check Details

Version: 1.17.1
Check: DESCRIPTION meta-information
Result: NOTE
    Malformed Title field: should not end in a period.
Flavors: r-devel-linux-x86_64-debian-clang, r-devel-linux-x86_64-debian-gcc, r-devel-linux-x86_64-fedora-clang, r-devel-linux-x86_64-fedora-gcc, r-devel-osx-x86_64-clang, r-devel-windows-ix86+x86_64, r-patched-linux-x86_64, r-patched-solaris-sparc, r-patched-solaris-x86, r-release-linux-x86_64, r-release-osx-x86_64-mavericks, r-release-windows-ix86+x86_64

Version: 1.17.1
Check: S3 generic/method consistency
Result: NOTE
    Found the following apparent S3 methods exported but not registered:
     predict.LogitBoost
    See section ‘Registering S3 methods’ in the ‘Writing R Extensions’
    manual.
Flavors: r-devel-linux-x86_64-debian-clang, r-devel-linux-x86_64-debian-gcc, r-devel-linux-x86_64-fedora-clang, r-devel-linux-x86_64-fedora-gcc, r-devel-osx-x86_64-clang, r-patched-linux-x86_64, r-patched-solaris-sparc, r-patched-solaris-x86, r-release-linux-x86_64

Version: 1.17.1
Check: R code for possible problems
Result: NOTE
    colAUC: no visible global function definition for ‘plot’
    colAUC: no visible global function definition for ‘title’
    colAUC: no visible global function definition for ‘abline’
    colAUC: no visible global function definition for ‘legend’
    colAUC: no visible global function definition for ‘lines’
    read.ENVI: no visible global function definition for ‘read.table’
    read.gif: no visible global function definition for ‘download.file’
    read.gif: no visible global function definition for ‘rgb’
    runmad: no visible global function definition for ‘runmed’
    runmad: no visible binding for global variable ‘mad’
    runquantile: no visible binding for global variable ‘quantile’
    runsd: no visible binding for global variable ‘sd’
    sample.split: no visible global function definition for ‘runif’
    write.gif: no visible global function definition for ‘gray’
    write.gif: no visible global function definition for ‘colorRampPalette’
    write.gif: no visible global function definition for ‘col2rgb’
    Undefined global functions or variables:
     abline col2rgb colorRampPalette download.file gray legend lines mad
     plot quantile read.table rgb runif runmed sd title
Flavors: r-devel-linux-x86_64-debian-clang, r-devel-linux-x86_64-debian-gcc, r-devel-linux-x86_64-fedora-clang, r-devel-linux-x86_64-fedora-gcc, r-devel-windows-ix86+x86_64