CRAN Package Check Results for Package caTools

Last updated on 2015-02-28 12:51:07.

Flavor Version Tinstall Tcheck Ttotal Status Flags
r-devel-linux-x86_64-debian-clang 1.17.1 1.81 16.42 18.23 NOTE
r-devel-linux-x86_64-debian-gcc 1.17.1 2.01 16.46 18.47 NOTE
r-devel-linux-x86_64-fedora-clang 1.17.1 35.52 NOTE
r-devel-linux-x86_64-fedora-gcc 1.17.1 34.38 NOTE
r-devel-osx-x86_64-clang 1.17.1 36.42 NOTE
r-devel-windows-ix86+x86_64 1.17.1 12.00 43.00 55.00 NOTE
r-patched-linux-x86_64 1.17.1 2.18 18.81 20.99 OK
r-patched-solaris-sparc 1.17.1 250.90 OK
r-patched-solaris-x86 1.17.1 56.30 OK
r-release-linux-ix86 1.17.1 2.72 29.11 31.83 OK
r-release-linux-x86_64 1.17.1 2.16 18.50 20.66 OK
r-release-osx-x86_64-mavericks 1.17.1 OK
r-release-osx-x86_64-snowleopard 1.17.1 OK
r-release-windows-ix86+x86_64 1.17.1 11.00 47.00 58.00 OK
r-oldrel-windows-ix86+x86_64 1.17.1 9.00 45.00 54.00 OK

Check Details

Version: 1.17.1
Check: DESCRIPTION meta-information
Result: NOTE
    Malformed Title field: should not end in a period.
Flavors: r-devel-linux-x86_64-debian-clang, r-devel-linux-x86_64-debian-gcc, r-devel-linux-x86_64-fedora-clang, r-devel-linux-x86_64-fedora-gcc, r-devel-osx-x86_64-clang, r-devel-windows-ix86+x86_64

Version: 1.17.1
Check: S3 generic/method consistency
Result: NOTE
    Found the following apparent S3 methods exported but not registered:
     predict.LogitBoost
    See section ‘Registering S3 methods’ in the ‘Writing R Extensions’
    manual.
Flavors: r-devel-linux-x86_64-debian-clang, r-devel-linux-x86_64-debian-gcc, r-devel-linux-x86_64-fedora-clang, r-devel-linux-x86_64-fedora-gcc, r-devel-osx-x86_64-clang