CRAN Package Check Results for Package caTools

Last updated on 2015-08-29 15:47:40.

Flavor Version Tinstall Tcheck Ttotal Status Flags
r-devel-linux-x86_64-debian-clang 1.17.1 1.92 16.56 18.48 NOTE
r-devel-linux-x86_64-debian-gcc 1.17.1 1.92 15.70 17.62 NOTE
r-devel-linux-x86_64-fedora-clang 1.17.1 34.07 NOTE
r-devel-linux-x86_64-fedora-gcc 1.17.1 32.96 NOTE
r-devel-osx-x86_64-clang 1.17.1 32.43 NOTE
r-devel-windows-ix86+x86_64 1.17.1 13.00 49.00 62.00 NOTE
r-patched-linux-x86_64 1.17.1 2.02 16.78 18.79 NOTE
r-patched-solaris-sparc 1.17.1 230.60 NOTE
r-patched-solaris-x86 1.17.1 50.70 NOTE
r-release-linux-x86_64 1.17.1 2.06 16.44 18.50 NOTE
r-release-osx-x86_64-mavericks 1.17.1 NOTE
r-release-windows-ix86+x86_64 1.17.1 11.00 56.00 67.00 NOTE
r-oldrel-windows-ix86+x86_64 1.17.1 17.00 64.00 81.00 OK

Check Details

Version: 1.17.1
Check: DESCRIPTION meta-information
Result: NOTE
    Malformed Title field: should not end in a period.
Flavors: r-devel-linux-x86_64-debian-clang, r-devel-linux-x86_64-debian-gcc, r-devel-linux-x86_64-fedora-clang, r-devel-linux-x86_64-fedora-gcc, r-devel-osx-x86_64-clang, r-devel-windows-ix86+x86_64, r-patched-linux-x86_64, r-patched-solaris-sparc, r-patched-solaris-x86, r-release-linux-x86_64, r-release-osx-x86_64-mavericks, r-release-windows-ix86+x86_64

Version: 1.17.1
Check: S3 generic/method consistency
Result: NOTE
    Found the following apparent S3 methods exported but not registered:
     predict.LogitBoost
    See section ‘Registering S3 methods’ in the ‘Writing R Extensions’
    manual.
Flavors: r-devel-linux-x86_64-debian-clang, r-devel-linux-x86_64-debian-gcc, r-devel-linux-x86_64-fedora-clang, r-devel-linux-x86_64-fedora-gcc, r-devel-osx-x86_64-clang, r-patched-linux-x86_64, r-patched-solaris-sparc, r-patched-solaris-x86, r-release-linux-x86_64

Version: 1.17.1
Check: R code for possible problems
Result: NOTE
    colAUC: no visible global function definition for ‘plot’
    colAUC: no visible global function definition for ‘title’
    colAUC: no visible global function definition for ‘abline’
    colAUC: no visible global function definition for ‘legend’
    colAUC: no visible global function definition for ‘lines’
    read.ENVI: no visible global function definition for ‘read.table’
    read.gif: no visible global function definition for ‘download.file’
    read.gif: no visible global function definition for ‘rgb’
    runmad: no visible global function definition for ‘runmed’
    runmad: no visible binding for global variable ‘mad’
    runquantile: no visible binding for global variable ‘quantile’
    runsd: no visible binding for global variable ‘sd’
    sample.split: no visible global function definition for ‘runif’
    write.gif: no visible global function definition for ‘gray’
    write.gif: no visible global function definition for ‘colorRampPalette’
    write.gif: no visible global function definition for ‘col2rgb’
    Undefined global functions or variables:
     abline col2rgb colorRampPalette download.file gray legend lines mad
     plot quantile read.table rgb runif runmed sd title
    Consider adding
     importFrom("grDevices", "col2rgb", "colorRampPalette", "gray", "rgb")
     importFrom("graphics", "abline", "legend", "lines", "plot", "title")
     importFrom("stats", "mad", "quantile", "runif", "runmed", "sd")
     importFrom("utils", "download.file", "read.table")
    to your NAMESPACE.
Flavors: r-devel-linux-x86_64-debian-clang, r-devel-linux-x86_64-debian-gcc, r-devel-linux-x86_64-fedora-clang, r-devel-linux-x86_64-fedora-gcc, r-devel-windows-ix86+x86_64