CRAN Package Check Results for Package caTools

Last updated on 2014-04-23 20:47:09.

Flavor Version Tinstall Tcheck Ttotal Status Flags
r-devel-linux-x86_64-debian-clang 1.17 1.64 18.48 20.13 NOTE
r-devel-linux-x86_64-debian-gcc 1.17 2.08 18.49 20.56 NOTE
r-devel-linux-x86_64-fedora-clang 1.17 39.05 NOTE
r-devel-linux-x86_64-fedora-gcc 1.17 38.66 NOTE
r-devel-osx-x86_64-clang 1.17 34.19 NOTE
r-devel-osx-x86_64-gcc 1.16 NOTE
r-devel-windows-ix86+x86_64 1.17 9.00 40.00 49.00 NOTE
r-patched-linux-x86_64 1.17 2.06 18.39 20.44 NOTE
r-patched-solaris-sparc 1.17 216.00 NOTE
r-patched-solaris-x86 1.17 51.70 NOTE
r-release-linux-ix86 1.16 3.00 39.00 42.00 NOTE
r-release-linux-x86_64 1.17 1.99 18.55 20.54 NOTE
r-release-osx-x86_64-mavericks 1.17 NOTE
r-release-osx-x86_64-snowleopard 1.16 NOTE
r-release-windows-ix86+x86_64 1.17 9.00 42.00 51.00 NOTE
r-oldrel-windows-ix86+x86_64 1.17 9.00 44.00 53.00 OK

Check Details

Version: 1.17
Check: foreign function calls
Result: NOTE
    Calls with DUP = FALSE:
     .C("cumsum_exact", as.double(x), y <- double(n), as.integer(n),
     NAOK = TRUE, DUP = FALSE, PACKAGE = "caTools")
     .C("runmad", as.double(x), as.double(center), y, as.integer(n),
     as.integer(k), NAOK = TRUE, DUP = FALSE, PACKAGE = "caTools")
     .C("runmax", as.double(x), y, as.integer(n), as.integer(k), NAOK = TRUE,
     DUP = FALSE, PACKAGE = "caTools")
     .C("runmean_exact", x, y, as.integer(n), as.integer(k), NAOK = TRUE,
     DUP = FALSE, PACKAGE = "caTools")
     .C("runmean", as.double(x), y, as.integer(n), as.integer(k),
     NAOK = TRUE, DUP = FALSE, PACKAGE = "caTools")
     .C("runmean_lite", as.double(x), y, as.integer(n), as.integer(k),
     NAOK = TRUE, DUP = FALSE, PACKAGE = "caTools")
     .C("runmin", as.double(x), y, as.integer(n), as.integer(k), NAOK = TRUE,
     DUP = FALSE, PACKAGE = "caTools")
     .C("runquantile", as.double(x), y, as.integer(n), as.integer(k),
     as.double(probs), as.integer(np), as.integer(type), NAOK = TRUE,
     DUP = FALSE, PACKAGE = "caTools")
     .C("runsd", as.double(x), as.double(center), y, as.integer(n),
     as.integer(k), NAOK = TRUE, DUP = FALSE, PACKAGE = "caTools")
     .C("sum_exact", as.double(x), y <- as.double(0), as.integer(n),
     NAOK = TRUE, DUP = FALSE, PACKAGE = "caTools")
    DUP = FALSE is deprecated and may be disabled in future versions of R.
Flavors: r-devel-linux-x86_64-debian-clang, r-devel-linux-x86_64-debian-gcc, r-devel-linux-x86_64-fedora-clang, r-devel-linux-x86_64-fedora-gcc, r-devel-osx-x86_64-clang, r-devel-windows-ix86+x86_64, r-patched-linux-x86_64, r-patched-solaris-sparc, r-patched-solaris-x86, r-release-linux-x86_64, r-release-osx-x86_64-mavericks, r-release-windows-ix86+x86_64

Version: 1.16
Check: foreign function calls
Result: NOTE
    Calls with DUP = FALSE:
     .C("cumsum_exact", as.double(x), y <- double(n), as.integer(n),
     NAOK = TRUE, DUP = FALSE, PACKAGE = "caTools")
     .C("runmad", as.double(x), as.double(center), y, as.integer(n),
     as.integer(k), NAOK = TRUE, DUP = FALSE, PACKAGE = "caTools")
     .C("runmax", as.double(x), y, as.integer(n), as.integer(k), NAOK = TRUE,
     DUP = FALSE, PACKAGE = "caTools")
     .C("runmean_exact", x, y, as.integer(n), as.integer(k), NAOK = TRUE,
     DUP = FALSE, PACKAGE = "caTools")
     .C("runmean", as.double(x), y, as.integer(n), as.integer(k),
     NAOK = TRUE, DUP = FALSE, PACKAGE = "caTools")
     .C("runmean_lite", as.double(x), y, as.integer(n), as.integer(k),
     NAOK = TRUE, DUP = FALSE, PACKAGE = "caTools")
     .C("runmin", as.double(x), y, as.integer(n), as.integer(k), NAOK = TRUE,
     DUP = FALSE, PACKAGE = "caTools")
     .C("runquantile", as.double(x), y, as.integer(n), as.integer(k),
     as.double(probs), as.integer(np), as.integer(type), NAOK = TRUE,
     DUP = FALSE, PACKAGE = "caTools")
     .C("runsd", as.double(x), as.double(center), y, as.integer(n),
     as.integer(k), NAOK = TRUE, DUP = FALSE, PACKAGE = "caTools")
     .C("sum_exact", as.double(x), y <- as.double(0), as.integer(n),
     NAOK = TRUE, DUP = FALSE, PACKAGE = "caTools")
    DUP = FALSE is deprecated and may be disabled in future versions of R.
Flavors: r-devel-osx-x86_64-gcc, r-release-linux-ix86

Version: 1.16
Check: Rd cross-references
Result: NOTE
    Packages unavailable to check Rd xrefs: ‘fields’, ‘spatstat’, ‘gplots’, ‘XML’, ‘exactRankTests’, ‘ROCR’, ‘verification’, ‘Hmisc’, ‘zoo’
Flavor: r-devel-osx-x86_64-gcc

Version: 1.16
Check: Rd cross-references
Result: NOTE
    Package unavailable to check Rd xrefs: 'verification'
Flavor: r-release-osx-x86_64-snowleopard