CRAN Package Check Results for Package caTools

Last updated on 2015-03-30 10:54:16.

Flavor Version Tinstall Tcheck Ttotal Status Flags
r-devel-linux-x86_64-debian-clang 1.17.1 1.82 16.97 18.79 NOTE
r-devel-linux-x86_64-debian-gcc 1.17.1 1.98 17.10 19.09 NOTE
r-devel-linux-x86_64-fedora-clang 1.17.1 37.19 NOTE
r-devel-linux-x86_64-fedora-gcc 1.17.1 34.57 NOTE
r-devel-osx-x86_64-clang 1.17.1 39.59 NOTE
r-prerel-windows-ix86+x86_64 1.17.1 11.00 39.00 50.00 NOTE
r-prerel-linux-x86_64 1.17.1 1.98 16.46 18.44 NOTE
r-prerel-solaris-sparc 1.17.1 238.40 NOTE
r-prerel-solaris-x86 1.17.1 50.80 NOTE
r-release-linux-x86_64 1.17.1 2.17 18.40 20.57 OK
r-release-osx-x86_64-mavericks 1.17.1 OK
r-release-osx-x86_64-snowleopard 1.17.1 OK
r-release-windows-ix86+x86_64 1.17.1 10.00 43.00 53.00 OK
r-oldrel-windows-ix86+x86_64 1.17.1 11.00 67.00 78.00 OK

Check Details

Version: 1.17.1
Check: DESCRIPTION meta-information
Result: NOTE
    Malformed Title field: should not end in a period.
Flavors: r-devel-linux-x86_64-debian-clang, r-devel-linux-x86_64-debian-gcc, r-devel-linux-x86_64-fedora-clang, r-devel-linux-x86_64-fedora-gcc, r-devel-osx-x86_64-clang, r-prerel-windows-ix86+x86_64, r-prerel-linux-x86_64, r-prerel-solaris-sparc, r-prerel-solaris-x86

Version: 1.17.1
Check: S3 generic/method consistency
Result: NOTE
    Found the following apparent S3 methods exported but not registered:
     predict.LogitBoost
    See section ‘Registering S3 methods’ in the ‘Writing R Extensions’
    manual.
Flavors: r-devel-linux-x86_64-debian-clang, r-devel-linux-x86_64-debian-gcc, r-devel-linux-x86_64-fedora-clang, r-devel-linux-x86_64-fedora-gcc, r-devel-osx-x86_64-clang, r-prerel-linux-x86_64