CRAN Package Check Results for Package caTools

Last updated on 2014-08-01 13:46:55.

Flavor Version Tinstall Tcheck Ttotal Status Flags
r-devel-linux-x86_64-debian-clang 1.17 1.58 18.60 20.17 NOTE
r-devel-linux-x86_64-debian-gcc 1.17 1.97 18.22 20.18 NOTE
r-devel-linux-x86_64-fedora-clang 1.17 39.97 NOTE
r-devel-linux-x86_64-fedora-gcc 1.17 37.52 NOTE
r-devel-osx-x86_64-clang 1.17 40.04 NOTE
r-devel-windows-ix86+x86_64 1.17 10.00 45.00 55.00 NOTE
r-patched-linux-x86_64 1.17 2.00 17.66 19.65 NOTE
r-patched-solaris-sparc 1.17 238.10 NOTE
r-patched-solaris-x86 1.17 55.40 NOTE
r-release-linux-ix86 1.17 2.70 29.35 32.05 NOTE
r-release-linux-x86_64 1.17 2.06 18.01 20.08 NOTE
r-release-osx-x86_64-mavericks 1.17 NOTE
r-release-osx-x86_64-snowleopard 1.17 NOTE
r-release-windows-ix86+x86_64 1.17 9.00 57.00 66.00 NOTE
r-oldrel-windows-ix86+x86_64 1.17 17.00 59.00 76.00 OK

Check Details

Version: 1.17
Check: foreign function calls
Result: NOTE
    Calls with DUP = FALSE:
     .C("cumsum_exact", as.double(x), y <- double(n), as.integer(n),
     NAOK = TRUE, DUP = FALSE, PACKAGE = "caTools")
     .C("runmad", as.double(x), as.double(center), y, as.integer(n),
     as.integer(k), NAOK = TRUE, DUP = FALSE, PACKAGE = "caTools")
     .C("runmax", as.double(x), y, as.integer(n), as.integer(k), NAOK = TRUE,
     DUP = FALSE, PACKAGE = "caTools")
     .C("runmean_exact", x, y, as.integer(n), as.integer(k), NAOK = TRUE,
     DUP = FALSE, PACKAGE = "caTools")
     .C("runmean", as.double(x), y, as.integer(n), as.integer(k),
     NAOK = TRUE, DUP = FALSE, PACKAGE = "caTools")
     .C("runmean_lite", as.double(x), y, as.integer(n), as.integer(k),
     NAOK = TRUE, DUP = FALSE, PACKAGE = "caTools")
     .C("runmin", as.double(x), y, as.integer(n), as.integer(k), NAOK = TRUE,
     DUP = FALSE, PACKAGE = "caTools")
     .C("runquantile", as.double(x), y, as.integer(n), as.integer(k),
     as.double(probs), as.integer(np), as.integer(type), NAOK = TRUE,
     DUP = FALSE, PACKAGE = "caTools")
     .C("runsd", as.double(x), as.double(center), y, as.integer(n),
     as.integer(k), NAOK = TRUE, DUP = FALSE, PACKAGE = "caTools")
     .C("sum_exact", as.double(x), y <- as.double(0), as.integer(n),
     NAOK = TRUE, DUP = FALSE, PACKAGE = "caTools")
    DUP = FALSE is deprecated and may be disabled in future versions of R.
Flavors: r-devel-linux-x86_64-debian-clang, r-devel-linux-x86_64-debian-gcc, r-devel-linux-x86_64-fedora-clang, r-devel-linux-x86_64-fedora-gcc, r-devel-osx-x86_64-clang, r-devel-windows-ix86+x86_64, r-patched-linux-x86_64, r-patched-solaris-sparc, r-patched-solaris-x86, r-release-linux-ix86, r-release-linux-x86_64, r-release-osx-x86_64-mavericks, r-release-osx-x86_64-snowleopard, r-release-windows-ix86+x86_64