CRAN Package Check Results for Package caTools

Last updated on 2015-01-25 04:46:59.

Flavor Version Tinstall Tcheck Ttotal Status Flags
r-devel-linux-x86_64-debian-clang 1.17.1 1.78 17.80 19.58 OK
r-devel-linux-x86_64-debian-gcc 1.17.1 2.22 19.31 21.54 OK
r-devel-linux-x86_64-fedora-clang 1.17.1 41.07 NOTE
r-devel-linux-x86_64-fedora-gcc 1.17.1 38.63 NOTE
r-devel-osx-x86_64-clang 1.17.1 39.13 OK
r-devel-windows-ix86+x86_64 1.17.1 10.00 43.00 53.00 OK
r-patched-linux-x86_64 1.17.1 2.36 17.90 20.26 OK
r-patched-solaris-sparc 1.17.1 250.90 OK
r-patched-solaris-x86 1.17.1 57.20 OK
r-release-linux-ix86 1.17.1 2.65 28.14 30.79 OK
r-release-linux-x86_64 1.17.1 2.13 17.92 20.05 OK
r-release-osx-x86_64-mavericks 1.17.1 OK
r-release-osx-x86_64-snowleopard 1.17.1 OK
r-release-windows-ix86+x86_64 1.17.1 12.00 48.00 60.00 OK
r-oldrel-windows-ix86+x86_64 1.17.1 11.00 45.00 56.00 OK

Check Details

Version: 1.17.1
Check: S3 generic/method consistency
Result: NOTE
    Found the following apparent S3 methods exported but not registered:
     predict.LogitBoost
    See section ‘Registering S3 methods’ in the ‘Writing R Extensions’
    manual.
Flavors: r-devel-linux-x86_64-fedora-clang, r-devel-linux-x86_64-fedora-gcc