CRAN Package Check Results for Package caTools

Last updated on 2024-02-26 21:52:47 CET.

Flavor Version Tinstall Tcheck Ttotal Status Flags
r-devel-linux-x86_64-debian-clang 1.18.2 7.61 40.76 48.37 NOTE
r-devel-linux-x86_64-debian-gcc 1.18.2 5.49 31.50 36.99 NOTE
r-devel-linux-x86_64-fedora-clang 1.18.2 59.06 NOTE
r-devel-linux-x86_64-fedora-gcc 1.18.2 59.02 OK
r-devel-windows-x86_64 1.18.2 9.00 57.00 66.00 OK
r-patched-linux-x86_64 1.18.2 7.35 40.41 47.76 OK
r-release-linux-x86_64 1.18.2 6.79 39.62 46.41 OK
r-release-macos-arm64 1.18.2 26.00 OK
r-release-macos-x86_64 1.18.2 41.00 OK
r-release-windows-x86_64 1.18.2 12.00 63.00 75.00 OK
r-oldrel-macos-arm64 1.18.2 27.00 OK
r-oldrel-windows-x86_64 1.18.2 10.00 64.00 74.00 OK

Check Details

Version: 1.18.2
Check: Rd files
Result: NOTE checkRd: (-1) colAUC.Rd:79: Lost braces 79 | Meteorol. Soc. textbf{30} 291-303. | ^ Flavors: r-devel-linux-x86_64-debian-clang, r-devel-linux-x86_64-debian-gcc, r-devel-linux-x86_64-fedora-clang

Version: 1.18.2
Check: Rd cross-references
Result: NOTE Undeclared packages ‘pixmap’, ‘XML’, ‘exactRankTests’, ‘coin’, ‘ROCR’, ‘Epi’, ‘verification’, ‘Hmisc’, ‘gtools’, ‘magic’, ‘zoo’ in Rd xrefs Flavor: r-devel-linux-x86_64-fedora-clang