CRAN Package Check Results for Package caTools

Last updated on 2015-04-21 02:48:26.

Flavor Version Tinstall Tcheck Ttotal Status Flags
r-devel-linux-x86_64-debian-clang 1.17.1 1.88 17.02 18.90 NOTE
r-devel-linux-x86_64-debian-gcc 1.17.1 2.02 16.86 18.88 NOTE
r-devel-linux-x86_64-fedora-clang 1.17.1 36.08 NOTE
r-devel-linux-x86_64-fedora-gcc 1.17.1 37.00 NOTE
r-devel-osx-x86_64-clang 1.17.1 38.33 NOTE
r-devel-windows-ix86+x86_64 1.17.1 14.00 43.00 57.00 NOTE
r-patched-linux-x86_64 1.17.1 1.96 17.00 18.95 NOTE
r-patched-solaris-sparc 1.17.1 238.40 NOTE
r-patched-solaris-x86 1.17.1 53.30 NOTE
r-release-linux-x86_64 1.17.1 1.96 17.26 19.21 NOTE
r-release-osx-x86_64-mavericks 1.17.1 NOTE
r-release-osx-x86_64-snowleopard 1.17.1 NOTE
r-release-windows-ix86+x86_64 1.17.1 8.00 38.00 46.00 NOTE
r-oldrel-windows-ix86+x86_64 1.17.1 8.00 42.00 50.00 OK

Check Details

Version: 1.17.1
Check: DESCRIPTION meta-information
Result: NOTE
    Malformed Title field: should not end in a period.
Flavors: r-devel-linux-x86_64-debian-clang, r-devel-linux-x86_64-debian-gcc, r-devel-linux-x86_64-fedora-clang, r-devel-linux-x86_64-fedora-gcc, r-devel-osx-x86_64-clang, r-devel-windows-ix86+x86_64, r-patched-linux-x86_64, r-patched-solaris-sparc, r-patched-solaris-x86, r-release-linux-x86_64, r-release-osx-x86_64-mavericks, r-release-osx-x86_64-snowleopard, r-release-windows-ix86+x86_64

Version: 1.17.1
Check: S3 generic/method consistency
Result: NOTE
    Found the following apparent S3 methods exported but not registered:
     predict.LogitBoost
    See section ‘Registering S3 methods’ in the ‘Writing R Extensions’
    manual.
Flavors: r-devel-linux-x86_64-debian-clang, r-devel-linux-x86_64-debian-gcc, r-devel-linux-x86_64-fedora-clang, r-devel-linux-x86_64-fedora-gcc, r-devel-osx-x86_64-clang, r-patched-linux-x86_64, r-release-linux-x86_64

Version: 1.17.1
Check: Rd cross-references
Result: NOTE
    Packages unavailable to check Rd xrefs: ‘fields’, ‘spatstat’, ‘verification’, ‘Hmisc’
Flavor: r-release-osx-x86_64-mavericks

Version: 1.17.1
Check: Rd cross-references
Result: NOTE
    Packages unavailable to check Rd xrefs: ‘fields’, ‘XML’, ‘verification’, ‘Hmisc’, ‘zoo’
Flavor: r-release-osx-x86_64-snowleopard