CRAN Package Check Results for Package cacIRT

Last updated on 2015-07-04 14:50:08.

Flavor Version Tinstall Tcheck Ttotal Status Flags
r-devel-linux-x86_64-debian-clang 1.3 0.52 9.66 10.18 NOTE
r-devel-linux-x86_64-debian-gcc 1.3 0.56 9.77 10.33 NOTE
r-devel-linux-x86_64-fedora-clang 1.3 18.94 NOTE
r-devel-linux-x86_64-fedora-gcc 1.3 18.18 NOTE
r-devel-osx-x86_64-clang 1.3 20.64 OK
r-devel-windows-ix86+x86_64 1.3 4.00 16.00 20.00 OK
r-patched-linux-x86_64 1.3 0.54 10.14 10.68 OK
r-patched-solaris-sparc 1.3 124.20 OK
r-patched-solaris-x86 1.3 29.50 OK
r-release-linux-x86_64 1.3 0.54 10.33 10.87 OK
r-release-osx-x86_64-mavericks 1.3 OK
r-release-windows-ix86+x86_64 1.3 2.00 18.00 20.00 OK
r-oldrel-windows-ix86+x86_64 1.3 4.00 19.00 23.00 OK

Check Details

Version: 1.3
Check: R code for possible problems
Result: NOTE
    Lee.D: no visible binding for global variable ‘weighted.mean’
    MLE : esti: no visible global function definition for ‘optimize’
    Rud.D: no visible global function definition for ‘pnorm’
    Rud.D: no visible binding for global variable ‘weighted.mean’
    Rud.P: no visible global function definition for ‘pnorm’
    normal.qu: no visible global function definition for ‘dnorm’
    sim: no visible global function definition for ‘runif’
    Undefined global functions or variables:
     dnorm optimize pnorm runif weighted.mean
Flavors: r-devel-linux-x86_64-debian-clang, r-devel-linux-x86_64-debian-gcc, r-devel-linux-x86_64-fedora-clang, r-devel-linux-x86_64-fedora-gcc