CRAN Package Check Results for Package cacheSweave

Last updated on 2014-04-25 09:52:11.

Flavor Version Tinstall Tcheck Ttotal Status Flags
r-devel-linux-x86_64-debian-clang 0.6-1 1.01 14.72 15.72 NOTE
r-devel-linux-x86_64-debian-gcc 0.6-1 1.08 14.67 15.75 NOTE
r-devel-linux-x86_64-fedora-clang 0.6-1 32.87 NOTE
r-devel-linux-x86_64-fedora-gcc 0.6-1 31.71 NOTE
r-devel-osx-x86_64-clang 0.6-1 30.37 NOTE
r-devel-osx-x86_64-gcc 0.6-1 NOTE
r-devel-windows-ix86+x86_64 0.6-1 4.00 26.00 30.00 NOTE
r-patched-linux-x86_64 0.6-1 1.01 14.72 15.73 NOTE
r-patched-solaris-sparc 0.6-1 171.50 NOTE
r-patched-solaris-x86 0.6-1 44.50 NOTE
r-release-linux-ix86 0.6-1 2.00 30.00 32.00 NOTE
r-release-linux-x86_64 0.6-1 1.00 14.46 15.45 NOTE
r-release-osx-x86_64-mavericks 0.6-1 WARN
r-release-windows-ix86+x86_64 0.6-1 6.00 35.00 41.00 NOTE
r-oldrel-windows-ix86+x86_64 0.6-1 3.00 27.00 30.00 NOTE

Check Details

Version: 0.6-1
Check: for hidden files and directories
Result: NOTE
    Found the following hidden files and directories:
     .gitignore
    These were most likely included in error. See section ‘Package
    structure’ in the ‘Writing R Extensions’ manual.
Flavors: r-devel-linux-x86_64-debian-clang, r-devel-linux-x86_64-debian-gcc, r-devel-linux-x86_64-fedora-clang, r-devel-linux-x86_64-fedora-gcc, r-devel-osx-x86_64-clang, r-devel-osx-x86_64-gcc, r-devel-windows-ix86+x86_64, r-patched-linux-x86_64, r-patched-solaris-sparc, r-patched-solaris-x86, r-release-linux-ix86, r-release-linux-x86_64, r-release-osx-x86_64-mavericks, r-release-windows-ix86+x86_64, r-oldrel-windows-ix86+x86_64

Version: 0.6-1
Check: dependencies in R code
Result: NOTE
    Packages in Depends field not imported from:
     ‘filehash’ ‘stashR’
     These packages need to be imported from (in the NAMESPACE file)
     for when this namespace is loaded but not attached.
    Unexported objects imported by ':::' calls:
     ‘utils:::RtangleFinish’ ‘utils:::RtangleRuncode’
     See the note in ?`:::` about the use of this operator.
    See the information on DESCRIPTION files in the chapter ‘Creating R
    packages’ of the ‘Writing R Extensions’ manual.
Flavors: r-devel-linux-x86_64-debian-clang, r-devel-linux-x86_64-debian-gcc, r-devel-linux-x86_64-fedora-clang, r-devel-linux-x86_64-fedora-gcc, r-devel-osx-x86_64-clang, r-devel-osx-x86_64-gcc, r-devel-windows-ix86+x86_64, r-patched-linux-x86_64, r-patched-solaris-sparc, r-patched-solaris-x86, r-release-linux-ix86, r-release-linux-x86_64, r-release-osx-x86_64-mavericks, r-release-windows-ix86+x86_64, r-oldrel-windows-ix86+x86_64

Version: 0.6-1
Check: for old-style vignette sources
Result: NOTE
    Vignette sources only in ‘inst/doc’:
     ‘cacheSweave.Rnw’
    A ‘vignettes’ directory is required as from R 3.1.0
    and these will not be indexed nor checked
Flavors: r-devel-linux-x86_64-debian-clang, r-devel-linux-x86_64-debian-gcc, r-devel-linux-x86_64-fedora-clang, r-devel-linux-x86_64-fedora-gcc, r-devel-osx-x86_64-clang, r-devel-osx-x86_64-gcc, r-devel-windows-ix86+x86_64, r-patched-linux-x86_64, r-patched-solaris-sparc, r-patched-solaris-x86, r-release-linux-ix86, r-release-linux-x86_64, r-release-osx-x86_64-mavericks, r-release-windows-ix86+x86_64

Version: 0.6-1
Check: PDF version of manual
Result: WARNING
    LaTeX errors when creating PDF version.
    This typically indicates Rd problems.
    LaTeX errors found:
    ! LaTeX Error: File `upquote.sty' not found.
    
    Type X to quit or <RETURN> to proceed,
    or enter new name. (Default extension: sty)
    
    2e9d733/Rd2.tex:8: ==> Fatal error occurred, no output PDF file produced!
Flavor: r-release-osx-x86_64-mavericks

Version: 0.6-1
Check: for old-style vignette sources
Result: NOTE
    Vignette sources only in 'inst/doc':
     'cacheSweave.Rnw'
    A 'vignettes' directory will be required as from R 3.1.0
Flavor: r-oldrel-windows-ix86+x86_64