CRAN Package Check Results for Package cacher

Last updated on 2014-04-23 12:48:15.

Flavor Version Tinstall Tcheck Ttotal Status Flags
r-devel-linux-x86_64-debian-clang 1.1-2 1.22 13.08 14.30 NOTE
r-devel-linux-x86_64-debian-gcc 1.1-2 1.25 12.82 14.06 NOTE
r-devel-linux-x86_64-fedora-clang 1.1-2 32.10 NOTE
r-devel-linux-x86_64-fedora-gcc 1.1-2 30.92 NOTE
r-devel-osx-x86_64-clang 1.1-2 26.12 NOTE
r-devel-osx-x86_64-gcc 1.1-2 NOTE
r-devel-windows-ix86+x86_64 1.1-2 6.00 26.00 32.00 NOTE
r-patched-linux-x86_64 1.1-2 1.27 12.74 14.01 NOTE
r-patched-solaris-sparc 1.1-2 149.40 NOTE
r-patched-solaris-x86 1.1-2 37.40 NOTE
r-release-linux-ix86 1.1-2 2.00 28.00 30.00 NOTE
r-release-linux-x86_64 1.1-2 1.21 13.05 14.26 NOTE
r-release-osx-x86_64-mavericks 1.1-2 WARN
r-release-windows-ix86+x86_64 1.1-2 13.00 35.00 48.00 NOTE
r-oldrel-windows-ix86+x86_64 1.1-2 6.00 28.00 34.00 NOTE

Check Details

Version: 1.1-2
Check: for old-style vignette sources
Result: NOTE
    Vignette sources only in ‘inst/doc’:
     ‘cacher.Rnw’
    A ‘vignettes’ directory is required as from R 3.1.0
    and these will not be indexed nor checked
Flavors: r-devel-linux-x86_64-debian-clang, r-devel-linux-x86_64-debian-gcc, r-devel-linux-x86_64-fedora-clang, r-devel-linux-x86_64-fedora-gcc, r-devel-osx-x86_64-clang, r-devel-osx-x86_64-gcc, r-patched-linux-x86_64, r-patched-solaris-sparc, r-patched-solaris-x86, r-release-linux-ix86, r-release-linux-x86_64, r-release-osx-x86_64-mavericks

Version: 1.1-2
Check: package dependencies
Result: NOTE
    Package suggested but not available for checking: ‘CodeDepends’
Flavors: r-devel-osx-x86_64-clang, r-devel-windows-ix86+x86_64, r-patched-solaris-sparc, r-patched-solaris-x86, r-release-windows-ix86+x86_64, r-oldrel-windows-ix86+x86_64

Version: 1.1-2
Check: R code for possible problems
Result: NOTE
    graphcode: no visible global function definition for
     ‘makeVariableGraph’
    objectcode : <anonymous>: no visible global function definition for
     ‘getDependsThread’
    readDoc: no visible global function definition for ‘readScript’
Flavors: r-devel-osx-x86_64-clang, r-devel-osx-x86_64-gcc, r-devel-windows-ix86+x86_64, r-patched-solaris-sparc, r-patched-solaris-x86, r-release-osx-x86_64-mavericks, r-release-windows-ix86+x86_64, r-oldrel-windows-ix86+x86_64

Version: 1.1-2
Check: package dependencies
Result: NOTE
    Packages suggested but not available for checking:
     ‘CodeDepends’ ‘Rgraphviz’
Flavors: r-devel-osx-x86_64-gcc, r-release-osx-x86_64-mavericks

Version: 1.1-2
Check: for old-style vignette sources
Result: NOTE
    Vignette sources only in 'inst/doc':
     'cacher.Rnw'
    A 'vignettes' directory is required as from R 3.1.0
    and these will not be indexed nor checked
    * checking examples ...
Flavors: r-devel-windows-ix86+x86_64, r-release-windows-ix86+x86_64

Version: 1.1-2
Check: PDF version of manual
Result: WARNING
    LaTeX errors when creating PDF version.
    This typically indicates Rd problems.
    LaTeX errors found:
    ! LaTeX Error: File `upquote.sty' not found.
    
    Type X to quit or <RETURN> to proceed,
    or enter new name. (Default extension: sty)
    
    3e5f37ea/Rd2.tex:8: ==> Fatal error occurred, no output PDF file produced!
Flavor: r-release-osx-x86_64-mavericks

Version: 1.1-2
Check: for old-style vignette sources
Result: NOTE
    Vignette sources only in 'inst/doc':
     'cacher.Rnw'
    A 'vignettes' directory will be required as from R 3.1.0
    * checking examples ...
Flavor: r-oldrel-windows-ix86+x86_64