CRAN Package Check Results for Package cacher

Last updated on 2014-09-02 17:46:44.

Flavor Version Tinstall Tcheck Ttotal Status Flags
r-devel-linux-x86_64-debian-clang 1.1-2 1.12 11.01 12.13 NOTE
r-devel-linux-x86_64-debian-gcc 1.1-2 1.17 10.92 12.09 NOTE
r-devel-linux-x86_64-fedora-clang 1.1-2 30.48 NOTE
r-devel-linux-x86_64-fedora-gcc 1.1-2 28.26 NOTE
r-devel-osx-x86_64-clang 1.1-2 26.13 NOTE
r-devel-windows-ix86+x86_64 1.1-2 6.00 23.00 29.00 NOTE
r-patched-linux-x86_64 1.1-2 1.20 12.27 13.46 NOTE
r-patched-solaris-sparc 1.1-2 159.50 NOTE
r-patched-solaris-x86 1.1-2 41.90 NOTE
r-release-linux-ix86 1.1-2 1.75 19.12 20.87 NOTE
r-release-linux-x86_64 1.1-2 1.28 12.49 13.77 NOTE
r-release-osx-x86_64-mavericks 1.1-2 NOTE
r-release-windows-ix86+x86_64 1.1-2 10.00 25.00 35.00 NOTE
r-oldrel-windows-ix86+x86_64 1.1-2 6.00 28.00 34.00 NOTE

Check Details

Version: 1.1-2
Check: R code for possible problems
Result: NOTE
    graphcode: no visible global function definition for
     ‘makeVariableGraph’
    objectcode : <anonymous>: no visible global function definition for
     ‘getDependsThread’
    readDoc: no visible global function definition for ‘readScript’
Flavors: r-devel-linux-x86_64-debian-clang, r-devel-linux-x86_64-debian-gcc, r-devel-linux-x86_64-fedora-clang, r-devel-linux-x86_64-fedora-gcc, r-devel-osx-x86_64-clang, r-devel-windows-ix86+x86_64, r-patched-solaris-sparc, r-patched-solaris-x86, r-release-osx-x86_64-mavericks, r-release-windows-ix86+x86_64, r-oldrel-windows-ix86+x86_64

Version: 1.1-2
Check: for old-style vignette sources
Result: NOTE
    Vignette sources only in ‘inst/doc’:
     ‘cacher.Rnw’
    A ‘vignettes’ directory is required as from R 3.1.0
    and these will not be indexed nor checked
Flavors: r-devel-linux-x86_64-debian-clang, r-devel-linux-x86_64-debian-gcc, r-devel-linux-x86_64-fedora-clang, r-devel-linux-x86_64-fedora-gcc, r-devel-osx-x86_64-clang, r-devel-windows-ix86+x86_64, r-patched-linux-x86_64, r-patched-solaris-sparc, r-patched-solaris-x86, r-release-linux-ix86, r-release-linux-x86_64, r-release-osx-x86_64-mavericks, r-release-windows-ix86+x86_64

Version: 1.1-2
Check: package dependencies
Result: NOTE
    Package suggested but not available for checking: ‘CodeDepends’
Flavors: r-devel-osx-x86_64-clang, r-devel-windows-ix86+x86_64, r-patched-solaris-sparc, r-patched-solaris-x86, r-release-windows-ix86+x86_64, r-oldrel-windows-ix86+x86_64

Version: 1.1-2
Check: package dependencies
Result: NOTE
    Packages suggested but not available for checking:
     ‘CodeDepends’ ‘Rgraphviz’
Flavor: r-release-osx-x86_64-mavericks

Version: 1.1-2
Check: for old-style vignette sources
Result: NOTE
    Vignette sources only in 'inst/doc':
     'cacher.Rnw'
    A 'vignettes' directory will be required as from R 3.1.0
Flavor: r-oldrel-windows-ix86+x86_64