CRAN Package Check Results for Package cacher

Last updated on 2014-07-24 11:53:20.

Flavor Version Tinstall Tcheck Ttotal Status Flags
r-devel-linux-x86_64-debian-clang 1.1-2 1.08 12.49 13.57 NOTE
r-devel-linux-x86_64-debian-gcc 1.1-2 1.28 12.34 13.62 NOTE
r-devel-linux-x86_64-fedora-clang 1.1-2 32.56 NOTE
r-devel-linux-x86_64-fedora-gcc 1.1-2 31.15 NOTE
r-devel-osx-x86_64-clang 1.1-2 28.78 NOTE
r-devel-windows-ix86+x86_64 1.1-2 6.00 25.00 31.00 NOTE
r-patched-linux-x86_64 1.1-2 1.29 12.52 13.81 NOTE
r-patched-solaris-sparc 1.1-2 149.40 NOTE
r-patched-solaris-x86 1.1-2 42.30 NOTE
r-release-linux-ix86 1.1-2 1.74 19.38 21.13 NOTE
r-release-linux-x86_64 1.1-2 1.32 12.54 13.87 NOTE
r-release-osx-x86_64-mavericks 1.1-2 NOTE
r-release-windows-ix86+x86_64 1.1-2 10.00 25.00 35.00 NOTE
r-oldrel-windows-ix86+x86_64 1.1-2 6.00 28.00 34.00 NOTE

Check Details

Version: 1.1-2
Check: for old-style vignette sources
Result: NOTE
    Vignette sources only in ‘inst/doc’:
     ‘cacher.Rnw’
    A ‘vignettes’ directory is required as from R 3.1.0
    and these will not be indexed nor checked
Flavors: r-devel-linux-x86_64-debian-clang, r-devel-linux-x86_64-debian-gcc, r-devel-linux-x86_64-fedora-clang, r-devel-linux-x86_64-fedora-gcc, r-devel-osx-x86_64-clang, r-patched-linux-x86_64, r-patched-solaris-sparc, r-patched-solaris-x86, r-release-linux-ix86, r-release-linux-x86_64, r-release-osx-x86_64-mavericks

Version: 1.1-2
Check: package dependencies
Result: NOTE
    Package suggested but not available for checking: ‘CodeDepends’
Flavors: r-devel-osx-x86_64-clang, r-devel-windows-ix86+x86_64, r-patched-solaris-sparc, r-patched-solaris-x86, r-release-windows-ix86+x86_64, r-oldrel-windows-ix86+x86_64

Version: 1.1-2
Check: R code for possible problems
Result: NOTE
    graphcode: no visible global function definition for
     ‘makeVariableGraph’
    objectcode : <anonymous>: no visible global function definition for
     ‘getDependsThread’
    readDoc: no visible global function definition for ‘readScript’
Flavors: r-devel-osx-x86_64-clang, r-devel-windows-ix86+x86_64, r-patched-solaris-sparc, r-patched-solaris-x86, r-release-osx-x86_64-mavericks, r-release-windows-ix86+x86_64, r-oldrel-windows-ix86+x86_64

Version: 1.1-2
Check: for old-style vignette sources
Result: NOTE
    Vignette sources only in 'inst/doc':
     'cacher.Rnw'
    A 'vignettes' directory is required as from R 3.1.0
    and these will not be indexed nor checked
    * checking examples ...
Flavors: r-devel-windows-ix86+x86_64, r-release-windows-ix86+x86_64

Version: 1.1-2
Check: package dependencies
Result: NOTE
    Packages suggested but not available for checking:
     ‘CodeDepends’ ‘Rgraphviz’
Flavor: r-release-osx-x86_64-mavericks

Version: 1.1-2
Check: for old-style vignette sources
Result: NOTE
    Vignette sources only in 'inst/doc':
     'cacher.Rnw'
    A 'vignettes' directory will be required as from R 3.1.0
    * checking examples ...
Flavor: r-oldrel-windows-ix86+x86_64