CRAN Package Check Results for Package cacher

Last updated on 2014-08-23 20:46:49.

Flavor Version Tinstall Tcheck Ttotal Status Flags
r-devel-linux-x86_64-debian-clang 1.1-2 1.14 11.16 12.30 NOTE
r-devel-linux-x86_64-debian-gcc 1.1-2 1.20 11.50 12.70 NOTE
r-devel-linux-x86_64-fedora-clang 1.1-2 29.54 NOTE
r-devel-linux-x86_64-fedora-gcc 1.1-2 28.62 NOTE
r-devel-osx-x86_64-clang 1.1-2 27.39 NOTE
r-devel-windows-ix86+x86_64 1.1-2 6.00 25.00 31.00 NOTE
r-patched-linux-x86_64 1.1-2 1.20 12.27 13.47 NOTE
r-patched-solaris-sparc 1.1-2 159.50 NOTE
r-patched-solaris-x86 1.1-2 42.80 NOTE
r-release-linux-ix86 1.1-2 1.76 19.48 21.24 NOTE
r-release-linux-x86_64 1.1-2 1.29 12.60 13.89 NOTE
r-release-osx-x86_64-mavericks 1.1-2 NOTE
r-release-windows-ix86+x86_64 1.1-2 10.00 25.00 35.00 NOTE
r-oldrel-windows-ix86+x86_64 1.1-2 6.00 28.00 34.00 NOTE

Check Details

Version: 1.1-2
Check: R code for possible problems
Result: NOTE
    graphcode: no visible global function definition for
     ‘makeVariableGraph’
    objectcode : <anonymous>: no visible global function definition for
     ‘getDependsThread’
    readDoc: no visible global function definition for ‘readScript’
Flavors: r-devel-linux-x86_64-debian-clang, r-devel-linux-x86_64-debian-gcc, r-devel-linux-x86_64-fedora-clang, r-devel-linux-x86_64-fedora-gcc, r-devel-osx-x86_64-clang, r-devel-windows-ix86+x86_64, r-patched-solaris-sparc, r-patched-solaris-x86, r-release-osx-x86_64-mavericks, r-release-windows-ix86+x86_64, r-oldrel-windows-ix86+x86_64

Version: 1.1-2
Check: for old-style vignette sources
Result: NOTE
    Vignette sources only in ‘inst/doc’:
     ‘cacher.Rnw’
    A ‘vignettes’ directory is required as from R 3.1.0
    and these will not be indexed nor checked
Flavors: r-devel-linux-x86_64-debian-clang, r-devel-linux-x86_64-debian-gcc, r-devel-linux-x86_64-fedora-clang, r-devel-linux-x86_64-fedora-gcc, r-devel-osx-x86_64-clang, r-devel-windows-ix86+x86_64, r-patched-linux-x86_64, r-patched-solaris-sparc, r-patched-solaris-x86, r-release-linux-ix86, r-release-linux-x86_64, r-release-osx-x86_64-mavericks, r-release-windows-ix86+x86_64

Version: 1.1-2
Check: package dependencies
Result: NOTE
    Package suggested but not available for checking: ‘CodeDepends’
Flavors: r-devel-osx-x86_64-clang, r-devel-windows-ix86+x86_64, r-patched-solaris-sparc, r-patched-solaris-x86, r-release-windows-ix86+x86_64, r-oldrel-windows-ix86+x86_64

Version: 1.1-2
Check: package dependencies
Result: NOTE
    Packages suggested but not available for checking:
     ‘CodeDepends’ ‘Rgraphviz’
Flavor: r-release-osx-x86_64-mavericks

Version: 1.1-2
Check: for old-style vignette sources
Result: NOTE
    Vignette sources only in 'inst/doc':
     'cacher.Rnw'
    A 'vignettes' directory will be required as from R 3.1.0
Flavor: r-oldrel-windows-ix86+x86_64