CRAN Package Check Results for Package caesar

Last updated on 2024-07-18 14:48:29 CEST.

Flavor Version Tinstall Tcheck Ttotal Status Flags
r-devel-linux-x86_64-debian-clang 1.1.0 2.21 28.86 31.07 NOTE
r-devel-linux-x86_64-debian-gcc 1.1.0 1.56 22.20 23.76 NOTE
r-devel-linux-x86_64-fedora-clang 1.1.0 40.32 NOTE
r-devel-linux-x86_64-fedora-gcc 1.1.0 50.55 NOTE
r-devel-windows-x86_64 1.1.0 3.00 44.00 47.00 NOTE
r-patched-linux-x86_64 1.1.0 1.32 27.52 28.84 NOTE
r-release-linux-x86_64 1.1.0 1.29 27.50 28.79 NOTE
r-release-macos-arm64 1.1.0 24.00 NOTE
r-release-macos-x86_64 1.1.0 51.00 NOTE
r-release-windows-x86_64 1.1.0 3.00 44.00 47.00 NOTE
r-oldrel-macos-arm64 1.1.0 24.00 NOTE
r-oldrel-macos-x86_64 1.1.0 33.00 NOTE
r-oldrel-windows-x86_64 1.1.0 3.00 47.00 50.00 NOTE

Check Details

Version: 1.1.0
Check: LazyData
Result: NOTE 'LazyData' is specified without a 'data' directory Flavors: r-devel-linux-x86_64-debian-clang, r-devel-linux-x86_64-debian-gcc, r-devel-linux-x86_64-fedora-clang, r-devel-linux-x86_64-fedora-gcc, r-devel-windows-x86_64, r-patched-linux-x86_64, r-release-linux-x86_64, r-release-macos-arm64, r-release-macos-x86_64, r-release-windows-x86_64, r-oldrel-macos-arm64, r-oldrel-macos-x86_64, r-oldrel-windows-x86_64