CRAN Package Check Results for Package caffsim

Last updated on 2022-07-03 22:50:29 CEST.

Flavor Version Tinstall Tcheck Ttotal Status Flags
r-devel-linux-x86_64-debian-clang 0.2.2 11.79 111.71 123.50 OK
r-devel-linux-x86_64-debian-gcc 0.2.2 10.45 84.10 94.55 OK
r-devel-linux-x86_64-fedora-clang 0.2.2 153.22 NOTE
r-devel-linux-x86_64-fedora-gcc 0.2.2 152.10 NOTE
r-devel-windows-x86_64 0.2.2 23.00 130.00 153.00 OK
r-patched-linux-x86_64 0.2.2 10.45 104.62 115.07 OK
r-release-linux-x86_64 0.2.2 10.35 104.40 114.75 OK
r-release-macos-arm64 0.2.2 45.00 NOTE
r-release-macos-x86_64 0.2.2 89.00 NOTE
r-release-windows-x86_64 0.2.2 26.00 130.00 156.00 OK
r-oldrel-macos-arm64 0.2.2 48.00 NOTE
r-oldrel-macos-x86_64 0.2.2 66.00 NOTE
r-oldrel-windows-ix86+x86_64 0.2.2 29.00 122.00 151.00 OK

Check Details

Version: 0.2.2
Check: dependencies in R code
Result: NOTE
    Namespace in Imports field not imported from: ‘markdown’
     All declared Imports should be used.
Flavors: r-devel-linux-x86_64-fedora-clang, r-devel-linux-x86_64-fedora-gcc, r-release-macos-arm64, r-release-macos-x86_64, r-oldrel-macos-arm64, r-oldrel-macos-x86_64